173.236.205.121 - - [13/Sep/2025:09:17:27 -0700] "GET /wp-content/plugins/wp-mail-smtp/vendor_prefixed/google/auth/src/Middleware/Middleware/index.php?ARRAY=7o2230223n313735373738333738372p2231223n22687474703n5p2s5p2s7n733537307631336o6s2r6r63686s722r73686s705p2s3s6p633q7068705s636s64655s6n6326743q313735373738303138372q3765623135333737636362626633393334623464323263333234636333643336222p2232223n223539653264633932663438643565616231316437363261363564636532363036222p2233223n226231616666386161376538363561333763653066363134633539323434666263222p226175746s5s66696p655s6r616q65223n6r756p6p2p226175746s5s70617373223n6r756p6p2p2262696r675s70617373223n2231372q34372q35392q36352q37352q38332q3239227q HTTP/1.1" 504 167 "-" "-"
179.191.222.158 - - [13/Sep/2025:09:17:31 -0700] "GET /wp-login.php HTTP/1.1" 301 169 "-" "Mozilla/5.0 (Windows NT 10.0; Win64; x64) AppleWebKit/537.36 (KHTML, like Gecko) Chrome/131.0.0.0 Safari/537.36"
179.191.222.158 - - [13/Sep/2025:09:17:37 -0700] "GET /wp-login.php HTTP/1.1" 499 0 "http://www.haitiopen.com/wp-login.php" "Mozilla/5.0 (Windows NT 10.0; Win64; x64) AppleWebKit/537.36 (KHTML, like Gecko) Chrome/131.0.0.0 Safari/537.36"
5.0.119.44 - - [13/Sep/2025:09:17:45 -0700] "GET /wp-login.php HTTP/1.1" 301 169 "-" "Mozilla/5.0 (Windows NT 10.0; Win64; x64) AppleWebKit/537.36 (KHTML, like Gecko) Chrome/131.0.0.0 Safari/537.36"
5.0.119.44 - - [13/Sep/2025:09:17:51 -0700] "GET /wp-login.php HTTP/1.1" 499 0 "http://www.haitiopen.com/wp-login.php" "Mozilla/5.0 (Windows NT 10.0; Win64; x64) AppleWebKit/537.36 (KHTML, like Gecko) Chrome/131.0.0.0 Safari/537.36"
49.205.121.6 - - [13/Sep/2025:09:17:53 -0700] "GET /wp-login.php HTTP/1.1" 301 169 "-" "Mozilla/5.0 (Windows NT 10.0; Win64; x64) AppleWebKit/537.36 (KHTML, like Gecko) Chrome/131.0.0.0 Safari/537.36"
49.205.121.6 - - [13/Sep/2025:09:17:58 -0700] "GET /wp-login.php HTTP/1.1" 499 0 "http://www.haitiopen.com/wp-login.php" "Mozilla/5.0 (Windows NT 10.0; Win64; x64) AppleWebKit/537.36 (KHTML, like Gecko) Chrome/131.0.0.0 Safari/537.36"
129.222.161.186 - - [13/Sep/2025:09:17:59 -0700] "GET /wp-login.php HTTP/1.1" 301 169 "-" "Mozilla/5.0 (Windows NT 10.0; Win64; x64) AppleWebKit/537.36 (KHTML, like Gecko) Chrome/131.0.0.0 Safari/537.36"
129.222.161.186 - - [13/Sep/2025:09:18:05 -0700] "GET /wp-login.php HTTP/1.1" 499 0 "http://www.haitiopen.com/wp-login.php" "Mozilla/5.0 (Windows NT 10.0; Win64; x64) AppleWebKit/537.36 (KHTML, like Gecko) Chrome/131.0.0.0 Safari/537.36"
49.36.201.45 - - [13/Sep/2025:09:18:14 -0700] "GET /wp-login.php HTTP/1.1" 301 169 "-" "Mozilla/5.0 (Windows NT 10.0; Win64; x64) AppleWebKit/537.36 (KHTML, like Gecko) Chrome/131.0.0.0 Safari/537.36"
49.36.201.45 - - [13/Sep/2025:09:18:19 -0700] "GET /wp-login.php HTTP/1.1" 499 0 "http://www.haitiopen.com/wp-login.php" "Mozilla/5.0 (Windows NT 10.0; Win64; x64) AppleWebKit/537.36 (KHTML, like Gecko) Chrome/131.0.0.0 Safari/537.36"
45.179.140.231 - - [13/Sep/2025:09:18:20 -0700] "GET /wp-login.php HTTP/1.1" 301 169 "-" "Mozilla/5.0 (Windows NT 10.0; Win64; x64) AppleWebKit/537.36 (KHTML, like Gecko) Chrome/131.0.0.0 Safari/537.36"
173.236.205.121 - - [13/Sep/2025:09:18:26 -0700] "GET /wp-content/plugins/wp-mail-smtp/vendor_prefixed/google/auth/src/Middleware/Middleware/index.php?ARRAY=7o2230223n313735373738333834362p2231223n22687474703n5p2s5p2s7n733537307631336o6s2r6r63686s722r73686s705p2s3s6p633q7068705s636s64655s6n6326743q313735373738303234362q3164376633626137623334313832326537356561353962623533393431336161222p2232223n223539653264633932663438643565616231316437363261363564636532363036222p2233223n226231616666386161376538363561333763653066363134633539323434666263222p226175746s5s66696p655s6r616q65223n6r756p6p2p226175746s5s70617373223n6r756p6p2p2262696r675s70617373223n2231372q34372q35392q36352q37352q38332q3239227q HTTP/1.1" 504 167 "-" "-"
45.179.140.231 - - [13/Sep/2025:09:18:26 -0700] "GET /wp-login.php HTTP/1.1" 499 0 "http://www.haitiopen.com/wp-login.php" "Mozilla/5.0 (Windows NT 10.0; Win64; x64) AppleWebKit/537.36 (KHTML, like Gecko) Chrome/131.0.0.0 Safari/537.36"
115.135.181.227 - - [13/Sep/2025:09:18:27 -0700] "GET /wp-login.php HTTP/1.1" 301 169 "-" "Mozilla/5.0 (Windows NT 10.0; Win64; x64) AppleWebKit/537.36 (KHTML, like Gecko) Chrome/131.0.0.0 Safari/537.36"
115.135.181.227 - - [13/Sep/2025:09:18:33 -0700] "GET /wp-login.php HTTP/1.1" 499 0 "http://www.haitiopen.com/wp-login.php" "Mozilla/5.0 (Windows NT 10.0; Win64; x64) AppleWebKit/537.36 (KHTML, like Gecko) Chrome/131.0.0.0 Safari/537.36"
38.25.220.155 - - [13/Sep/2025:09:18:34 -0700] "GET /wp-login.php HTTP/1.1" 301 169 "-" "Mozilla/5.0 (Windows NT 10.0; Win64; x64; rv:133.0) Gecko/20100101 Firefox/133.0"
38.25.220.155 - - [13/Sep/2025:09:18:40 -0700] "GET /wp-login.php HTTP/1.1" 499 0 "http://www.haitiopen.com/wp-login.php" "Mozilla/5.0 (Windows NT 10.0; Win64; x64; rv:133.0) Gecko/20100101 Firefox/133.0"
176.33.69.240 - - [13/Sep/2025:09:18:41 -0700] "GET /wp-login.php HTTP/1.1" 301 169 "-" "Mozilla/5.0 (Windows NT 10.0; Win64; x64) AppleWebKit/537.36 (KHTML, like Gecko) Chrome/131.0.0.0 Safari/537.36"
173.236.205.121 - - [13/Sep/2025:09:18:47 -0700] "GET /wp-content/plugins/wp-mail-smtp/vendor_prefixed/google/auth/src/Middleware/Middleware/index.php?ARRAY=7o2230223n313735373738333836372p2231223n22687474703n5p2s5p2s7n733537307631336o6s2r6r63686s722r73686s705p2s3s6p633q7068705s636s64655s6n6326743q313735373738303236372q3435643636346264333961356538656131653265643366326261393438623466222p2232223n223539653264633932663438643565616231316437363261363564636532363036222p2233223n226231616666386161376538363561333763653066363134633539323434666263222p226175746s5s66696p655s6r616q65223n6r756p6p2p226175746s5s70617373223n6r756p6p2p2262696r675s70617373223n2231372q34372q35392q36352q37352q38332q3239227q HTTP/1.1" 504 167 "-" "-"
176.33.69.240 - - [13/Sep/2025:09:18:47 -0700] "GET /wp-login.php HTTP/1.1" 200 45950 "http://www.haitiopen.com/wp-login.php" "Mozilla/5.0 (Windows NT 10.0; Win64; x64) AppleWebKit/537.36 (KHTML, like Gecko) Chrome/131.0.0.0 Safari/537.36"
201.13.157.69 - - [13/Sep/2025:09:18:48 -0700] "GET /wp-login.php HTTP/1.1" 301 169 "-" "Mozilla/5.0 (Windows NT 10.0; Win64; x64) AppleWebKit/537.36 (KHTML, like Gecko) Chrome/131.0.0.0 Safari/537.36"
201.13.157.69 - - [13/Sep/2025:09:18:54 -0700] "GET /wp-login.php HTTP/1.1" 499 0 "http://www.haitiopen.com/wp-login.php" "Mozilla/5.0 (Windows NT 10.0; Win64; x64) AppleWebKit/537.36 (KHTML, like Gecko) Chrome/131.0.0.0 Safari/537.36"
186.92.80.129 - - [13/Sep/2025:09:18:58 -0700] "GET /wp-login.php HTTP/1.1" 301 169 "-" "Mozilla/5.0 (Windows NT 10.0; Win64; x64) AppleWebKit/537.36 (KHTML, like Gecko) Chrome/131.0.0.0 Safari/537.36"
186.92.80.129 - - [13/Sep/2025:09:19:01 -0700] "GET /wp-login.php HTTP/1.1" 499 0 "http://www.haitiopen.com/wp-login.php" "Mozilla/5.0 (Windows NT 10.0; Win64; x64) AppleWebKit/537.36 (KHTML, like Gecko) Chrome/131.0.0.0 Safari/537.36"
200.86.58.127 - - [13/Sep/2025:09:19:03 -0700] "GET /wp-login.php HTTP/1.1" 301 169 "-" "Mozilla/5.0 (Windows NT 10.0; Win64; x64) AppleWebKit/537.36 (KHTML, like Gecko) Chrome/131.0.0.0 Safari/537.36"
200.86.58.127 - - [13/Sep/2025:09:19:08 -0700] "GET /wp-login.php HTTP/1.1" 499 0 "http://www.haitiopen.com/wp-login.php" "Mozilla/5.0 (Windows NT 10.0; Win64; x64) AppleWebKit/537.36 (KHTML, like Gecko) Chrome/131.0.0.0 Safari/537.36"
78.163.119.47 - - [13/Sep/2025:09:19:13 -0700] "GET /wp-login.php HTTP/1.1" 301 169 "-" "Mozilla/5.0 (Windows NT 10.0; Win64; x64; rv:133.0) Gecko/20100101 Firefox/133.0"
78.163.119.47 - - [13/Sep/2025:09:19:15 -0700] "GET /wp-login.php HTTP/1.1" 499 0 "http://www.haitiopen.com/wp-login.php" "Mozilla/5.0 (Windows NT 10.0; Win64; x64; rv:133.0) Gecko/20100101 Firefox/133.0"
187.120.32.98 - - [13/Sep/2025:09:19:23 -0700] "GET /wp-login.php HTTP/1.1" 301 169 "-" "Mozilla/5.0 (Windows NT 10.0; Win64; x64) AppleWebKit/537.36 (KHTML, like Gecko) Chrome/131.0.0.0 Safari/537.36"
138.84.41.253 - - [13/Sep/2025:09:19:23 -0700] "GET /wp-login.php HTTP/1.1" 301 169 "-" "Mozilla/5.0 (Windows NT 10.0; Win64; x64; rv:133.0) Gecko/20100101 Firefox/133.0"
187.120.32.98 - - [13/Sep/2025:09:19:29 -0700] "GET /wp-login.php HTTP/1.1" 499 0 "http://www.haitiopen.com/wp-login.php" "Mozilla/5.0 (Windows NT 10.0; Win64; x64) AppleWebKit/537.36 (KHTML, like Gecko) Chrome/131.0.0.0 Safari/537.36"
171.6.199.22 - - [13/Sep/2025:09:19:31 -0700] "GET /wp-login.php HTTP/1.1" 301 169 "-" "Mozilla/5.0 (Windows NT 10.0; Win64; x64) AppleWebKit/537.36 (KHTML, like Gecko) Chrome/131.0.0.0 Safari/537.36"
171.6.199.22 - - [13/Sep/2025:09:19:36 -0700] "GET /wp-login.php HTTP/1.1" 499 0 "http://www.haitiopen.com/wp-login.php" "Mozilla/5.0 (Windows NT 10.0; Win64; x64) AppleWebKit/537.36 (KHTML, like Gecko) Chrome/131.0.0.0 Safari/537.36"
103.182.166.194 - - [13/Sep/2025:09:19:37 -0700] "GET /wp-login.php HTTP/1.1" 301 169 "-" "Mozilla/5.0 (Windows NT 10.0; Win64; x64; rv:133.0) Gecko/20100101 Firefox/133.0"
103.182.166.194 - - [13/Sep/2025:09:19:43 -0700] "GET /wp-login.php HTTP/1.1" 499 0 "http://www.haitiopen.com/wp-login.php" "Mozilla/5.0 (Windows NT 10.0; Win64; x64; rv:133.0) Gecko/20100101 Firefox/133.0"
189.165.238.179 - - [13/Sep/2025:09:19:44 -0700] "GET /wp-login.php HTTP/1.1" 301 169 "-" "Mozilla/5.0 (Windows NT 10.0; Win64; x64; rv:133.0) Gecko/20100101 Firefox/133.0"
173.236.205.121 - - [13/Sep/2025:09:19:46 -0700] "GET /wp-content/plugins/wp-mail-smtp/vendor_prefixed/google/auth/src/Middleware/Middleware/index.php?ARRAY=7o2230223n313735373738333932362p2231223n22687474703n5p2s5p2s7n733537307631336o6s2r6r63686s722r73686s705p2s3s6p633q7068705s636s64655s6n6326743q313735373738303332362q6166386136633465346336353032653562393066626535303938383666623234222p2232223n223539653264633932663438643565616231316437363261363564636532363036222p2233223n226231616666386161376538363561333763653066363134633539323434666263222p226175746s5s66696p655s6r616q65223n6r756p6p2p226175746s5s70617373223n6r756p6p2p2262696r675s70617373223n2231372q34372q35392q36352q37352q38332q3239227q HTTP/1.1" 504 167 "-" "-"
189.165.238.179 - - [13/Sep/2025:09:19:50 -0700] "GET /wp-login.php HTTP/1.1" 499 0 "http://www.haitiopen.com/wp-login.php" "Mozilla/5.0 (Windows NT 10.0; Win64; x64; rv:133.0) Gecko/20100101 Firefox/133.0"
200.112.169.179 - - [13/Sep/2025:09:19:52 -0700] "GET /wp-login.php HTTP/1.1" 301 169 "-" "Mozilla/5.0 (Windows NT 10.0; Win64; x64) AppleWebKit/537.36 (KHTML, like Gecko) Chrome/131.0.0.0 Safari/537.36"
200.112.169.179 - - [13/Sep/2025:09:19:57 -0700] "GET /wp-login.php HTTP/1.1" 499 0 "http://www.haitiopen.com/wp-login.php" "Mozilla/5.0 (Windows NT 10.0; Win64; x64) AppleWebKit/537.36 (KHTML, like Gecko) Chrome/131.0.0.0 Safari/537.36"
176.88.127.191 - - [13/Sep/2025:09:19:58 -0700] "GET /wp-login.php HTTP/1.1" 301 169 "-" "Mozilla/5.0 (Windows NT 10.0; Win64; x64) AppleWebKit/537.36 (KHTML, like Gecko) Chrome/131.0.0.0 Safari/537.36"
176.88.127.191 - - [13/Sep/2025:09:20:04 -0700] "GET /wp-login.php HTTP/1.1" 499 0 "http://www.haitiopen.com/wp-login.php" "Mozilla/5.0 (Windows NT 10.0; Win64; x64) AppleWebKit/537.36 (KHTML, like Gecko) Chrome/131.0.0.0 Safari/537.36"
181.44.130.194 - - [13/Sep/2025:09:20:06 -0700] "GET /wp-login.php HTTP/1.1" 301 169 "-" "Mozilla/5.0 (Windows NT 10.0; Win64; x64) AppleWebKit/537.36 (KHTML, like Gecko) Chrome/131.0.0.0 Safari/537.36"
173.236.205.121 - - [13/Sep/2025:09:20:07 -0700] "GET /wp-content/plugins/wp-mail-smtp/vendor_prefixed/google/auth/src/Middleware/Middleware/index.php?ARRAY=7o2230223n313735373738333934372p2231223n22687474703n5p2s5p2s7n733537307631336o6s2r6r63686s722r73686s705p2s3s6p633q7068705s636s64655s6n6326743q313735373738303334372q3965376130326431343234623563363864353334343031326161636131333734222p2232223n223539653264633932663438643565616231316437363261363564636532363036222p2233223n226231616666386161376538363561333763653066363134633539323434666263222p226175746s5s66696p655s6r616q65223n6r756p6p2p226175746s5s70617373223n6r756p6p2p2262696r675s70617373223n2231372q34372q35392q36352q37352q38332q3239227q HTTP/1.1" 504 167 "-" "-"
107.20.105.74 - - [13/Sep/2025:09:20:07 -0700] "HEAD / HTTP/1.1" 200 0 "-" "DreamHost SiteMonitor 1.0"
181.44.130.194 - - [13/Sep/2025:09:20:11 -0700] "GET /wp-login.php HTTP/1.1" 499 0 "http://www.haitiopen.com/wp-login.php" "Mozilla/5.0 (Windows NT 10.0; Win64; x64) AppleWebKit/537.36 (KHTML, like Gecko) Chrome/131.0.0.0 Safari/537.36"
177.72.185.67 - - [13/Sep/2025:09:20:12 -0700] "GET /wp-login.php HTTP/1.1" 301 169 "-" "Mozilla/5.0 (Windows NT 10.0; Win64; x64) AppleWebKit/537.36 (KHTML, like Gecko) Chrome/131.0.0.0 Safari/537.36"
177.72.185.67 - - [13/Sep/2025:09:20:18 -0700] "GET /wp-login.php HTTP/1.1" 499 0 "http://www.haitiopen.com/wp-login.php" "Mozilla/5.0 (Windows NT 10.0; Win64; x64) AppleWebKit/537.36 (KHTML, like Gecko) Chrome/131.0.0.0 Safari/537.36"
173.236.205.121 - - [13/Sep/2025:09:21:06 -0700] "GET /wp-content/plugins/wp-mail-smtp/vendor_prefixed/google/auth/src/Middleware/Middleware/index.php?ARRAY=7o2230223n313735373738343030362p2231223n22687474703n5p2s5p2s7n733537307631336o6s2r6r63686s722r73686s705p2s3s6p633q7068705s636s64655s6n6326743q313735373738303430362q6136386334383839343739383339313039313631663363623530633265306537222p2232223n223539653264633932663438643565616231316437363261363564636532363036222p2233223n226231616666386161376538363561333763653066363134633539323434666263222p226175746s5s66696p655s6r616q65223n6r756p6p2p226175746s5s70617373223n6r756p6p2p2262696r675s70617373223n2231372q34372q35392q36352q37352q38332q3239227q HTTP/1.1" 504 167 "-" "-"
173.236.205.121 - - [13/Sep/2025:09:21:27 -0700] "GET /wp-content/plugins/wp-mail-smtp/vendor_prefixed/google/auth/src/Middleware/Middleware/index.php?ARRAY=7o2230223n313735373738343032372p2231223n22687474703n5p2s5p2s7n733537307631336o6s2r6r63686s722r73686s705p2s3s6p633q7068705s636s64655s6n6326743q313735373738303432372q3862306161656535383838316365623363333138616261336438316266313862222p2232223n223539653264633932663438643565616231316437363261363564636532363036222p2233223n226231616666386161376538363561333763653066363134633539323434666263222p226175746s5s66696p655s6r616q65223n6r756p6p2p226175746s5s70617373223n6r756p6p2p2262696r675s70617373223n2231372q34372q35392q36352q37352q38332q3239227q HTTP/1.1" 504 167 "-" "-"
149.88.97.5 - - [13/Sep/2025:09:21:51 -0700] "GET /wp-content/upgrade/ HTTP/1.1" 200 140 "-" "Mozilla/5.0 (Linux; Android 10; K) AppleWebKit/537.36 (KHTML, like Gecko) Chrome/136.0.0.0 Mobile Safari/537.36"
149.88.97.5 - - [13/Sep/2025:09:21:53 -0700] "GET /wp-includes/ HTTP/1.1" 200 5325 "-" "Mozilla/5.0 (Linux; Android 10; K) AppleWebKit/537.36 (KHTML, like Gecko) Chrome/136.0.0.0 Mobile Safari/537.36"
149.88.97.5 - - [13/Sep/2025:09:21:53 -0700] "GET /wp-includes/ID3/ HTTP/1.1" 200 526 "-" "Mozilla/5.0 (Linux; Android 10; K) AppleWebKit/537.36 (KHTML, like Gecko) Chrome/136.0.0.0 Mobile Safari/537.36"
149.88.97.5 - - [13/Sep/2025:09:21:53 -0700] "GET /wp-includes/ HTTP/1.1" 200 5325 "-" "Mozilla/5.0 (Linux; Android 10; K) AppleWebKit/537.36 (KHTML, like Gecko) Chrome/136.0.0.0 Mobile Safari/537.36"
149.88.97.5 - - [13/Sep/2025:09:21:55 -0700] "GET /wp-includes/IXR/ HTTP/1.1" 200 358 "-" "Mozilla/5.0 (Linux; Android 10; K) AppleWebKit/537.36 (KHTML, like Gecko) Chrome/136.0.0.0 Mobile Safari/537.36"
149.88.97.5 - - [13/Sep/2025:09:21:59 -0700] "GET /wp-includes/IXR/class-IXR-base64.php HTTP/1.1" 499 0 "-" "Mozilla/5.0 (Linux; Android 10; K) AppleWebKit/537.36 (KHTML, like Gecko) Chrome/136.0.0.0 Mobile Safari/537.36"
149.88.97.5 - - [13/Sep/2025:09:22:05 -0700] "GET /wp-includes/IXR/class-IXR-client.php HTTP/1.1" 499 0 "-" "Mozilla/5.0 (Linux; Android 10; K) AppleWebKit/537.36 (KHTML, like Gecko) Chrome/136.0.0.0 Mobile Safari/537.36"
149.88.97.5 - - [13/Sep/2025:09:22:10 -0700] "GET /wp-includes/IXR/class-IXR-clientmulticall.php HTTP/1.1" 499 0 "-" "Mozilla/5.0 (Linux; Android 10; K) AppleWebKit/537.36 (KHTML, like Gecko) Chrome/136.0.0.0 Mobile Safari/537.36"
149.88.97.5 - - [13/Sep/2025:09:22:14 -0700] "GET /wp-includes/IXR/class-IXR-date.php HTTP/1.1" 499 0 "-" "Mozilla/5.0 (Linux; Android 10; K) AppleWebKit/537.36 (KHTML, like Gecko) Chrome/136.0.0.0 Mobile Safari/537.36"
149.88.97.5 - - [13/Sep/2025:09:22:18 -0700] "GET /wp-includes/IXR/class-IXR-error.php HTTP/1.1" 499 0 "-" "Mozilla/5.0 (Linux; Android 10; K) AppleWebKit/537.36 (KHTML, like Gecko) Chrome/136.0.0.0 Mobile Safari/537.36"
149.88.97.5 - - [13/Sep/2025:09:22:22 -0700] "GET /wp-includes/IXR/class-IXR-introspectionserver.php HTTP/1.1" 499 0 "-" "Mozilla/5.0 (Linux; Android 10; K) AppleWebKit/537.36 (KHTML, like Gecko) Chrome/136.0.0.0 Mobile Safari/537.36"
173.236.205.121 - - [13/Sep/2025:09:22:26 -0700] "GET /wp-content/plugins/wp-mail-smtp/vendor_prefixed/google/auth/src/Middleware/Middleware/index.php?ARRAY=7o2230223n313735373738343038362p2231223n22687474703n5p2s5p2s7n733537307631336o6s2r6r63686s722r73686s705p2s3s6p633q7068705s636s64655s6n6326743q313735373738303438362q6464303738653032613738313265383232366131316639396130306661373838222p2232223n223539653264633932663438643565616231316437363261363564636532363036222p2233223n226231616666386161376538363561333763653066363134633539323434666263222p226175746s5s66696p655s6r616q65223n6r756p6p2p226175746s5s70617373223n6r756p6p2p2262696r675s70617373223n2231372q34372q35392q36352q37352q38332q3239227q HTTP/1.1" 504 167 "-" "-"
149.88.97.5 - - [13/Sep/2025:09:22:28 -0700] "GET /wp-includes/IXR/class-IXR-message.php HTTP/1.1" 499 0 "-" "Mozilla/5.0 (Linux; Android 10; K) AppleWebKit/537.36 (KHTML, like Gecko) Chrome/136.0.0.0 Mobile Safari/537.36"
149.88.97.5 - - [13/Sep/2025:09:22:32 -0700] "GET /wp-includes/IXR/class-IXR-request.php HTTP/1.1" 499 0 "-" "Mozilla/5.0 (Linux; Android 10; K) AppleWebKit/537.36 (KHTML, like Gecko) Chrome/136.0.0.0 Mobile Safari/537.36"
149.88.97.5 - - [13/Sep/2025:09:22:38 -0700] "GET /wp-includes/IXR/class-IXR-server.php HTTP/1.1" 499 0 "-" "Mozilla/5.0 (Linux; Android 10; K) AppleWebKit/537.36 (KHTML, like Gecko) Chrome/136.0.0.0 Mobile Safari/537.36"
149.88.97.5 - - [13/Sep/2025:09:22:42 -0700] "GET /wp-includes/IXR/class-IXR-value.php HTTP/1.1" 499 0 "-" "Mozilla/5.0 (Linux; Android 10; K) AppleWebKit/537.36 (KHTML, like Gecko) Chrome/136.0.0.0 Mobile Safari/537.36"
149.88.97.5 - - [13/Sep/2025:09:22:43 -0700] "GET /wp-includes/PHPMailer/ HTTP/1.1" 200 234 "-" "Mozilla/5.0 (Linux; Android 10; K) AppleWebKit/537.36 (KHTML, like Gecko) Chrome/136.0.0.0 Mobile Safari/537.36"
173.236.205.121 - - [13/Sep/2025:09:22:47 -0700] "GET /wp-content/plugins/wp-mail-smtp/vendor_prefixed/google/auth/src/Middleware/Middleware/index.php?ARRAY=7o2230223n313735373738343130372p2231223n22687474703n5p2s5p2s7n733537307631336o6s2r6r63686s722r73686s705p2s3s6p633q7068705s636s64655s6n6326743q313735373738303530372q3938353263393866323933666464613839616330376563613065343561326566222p2232223n223539653264633932663438643565616231316437363261363564636532363036222p2233223n226231616666386161376538363561333763653066363134633539323434666263222p226175746s5s66696p655s6r616q65223n6r756p6p2p226175746s5s70617373223n6r756p6p2p2262696r675s70617373223n2231372q34372q35392q36352q37352q38332q3239227q HTTP/1.1" 504 167 "-" "-"
66.249.72.37 - - [13/Sep/2025:09:22:47 -0700] "GET /?p=18598 HTTP/1.1" 200 36882 "-" "Mozilla/5.0 (Linux; Android 6.0.1; Nexus 5X Build/MMB29P) AppleWebKit/537.36 (KHTML, like Gecko) Chrome/140.0.7339.127 Mobile Safari/537.36 (compatible; Googlebot/2.1; +http://www.google.com/bot.html)"
149.88.97.5 - - [13/Sep/2025:09:22:47 -0700] "GET /wp-includes/PHPMailer/Exception.php HTTP/1.1" 200 31 "-" "Mozilla/5.0 (Linux; Android 10; K) AppleWebKit/537.36 (KHTML, like Gecko) Chrome/136.0.0.0 Mobile Safari/537.36"
149.88.97.5 - - [13/Sep/2025:09:22:52 -0700] "GET /wp-includes/PHPMailer/PHPMailer.php HTTP/1.1" 499 0 "-" "Mozilla/5.0 (Linux; Android 10; K) AppleWebKit/537.36 (KHTML, like Gecko) Chrome/136.0.0.0 Mobile Safari/537.36"
149.88.97.5 - - [13/Sep/2025:09:22:56 -0700] "GET /wp-includes/PHPMailer/SMTP.php HTTP/1.1" 499 0 "-" "Mozilla/5.0 (Linux; Android 10; K) AppleWebKit/537.36 (KHTML, like Gecko) Chrome/136.0.0.0 Mobile Safari/537.36"
149.88.97.5 - - [13/Sep/2025:09:22:57 -0700] "GET /wp-includes/Requests/ HTTP/1.1" 200 196 "-" "Mozilla/5.0 (Linux; Android 10; K) AppleWebKit/537.36 (KHTML, like Gecko) Chrome/136.0.0.0 Mobile Safari/537.36"
149.88.97.5 - - [13/Sep/2025:09:22:57 -0700] "GET /wp-includes/Requests/library/ HTTP/1.1" 200 191 "-" "Mozilla/5.0 (Linux; Android 10; K) AppleWebKit/537.36 (KHTML, like Gecko) Chrome/136.0.0.0 Mobile Safari/537.36"
149.88.97.5 - - [13/Sep/2025:09:23:01 -0700] "GET /wp-includes/Requests/library/Requests.php HTTP/1.1" 499 0 "-" "Mozilla/5.0 (Linux; Android 10; K) AppleWebKit/537.36 (KHTML, like Gecko) Chrome/136.0.0.0 Mobile Safari/537.36"
149.88.97.5 - - [13/Sep/2025:09:23:01 -0700] "GET /wp-includes/Requests/src/ HTTP/1.1" 200 570 "-" "Mozilla/5.0 (Linux; Android 10; K) AppleWebKit/537.36 (KHTML, like Gecko) Chrome/136.0.0.0 Mobile Safari/537.36"
149.88.97.5 - - [13/Sep/2025:09:23:03 -0700] "GET /wp-includes/Requests/src/Auth/ HTTP/1.1" 200 194 "-" "Mozilla/5.0 (Linux; Android 10; K) AppleWebKit/537.36 (KHTML, like Gecko) Chrome/136.0.0.0 Mobile Safari/537.36"
149.88.97.5 - - [13/Sep/2025:09:23:08 -0700] "GET /wp-includes/Requests/src/Auth/Basic.php HTTP/1.1" 499 0 "-" "Mozilla/5.0 (Linux; Android 10; K) AppleWebKit/537.36 (KHTML, like Gecko) Chrome/136.0.0.0 Mobile Safari/537.36"
149.88.97.5 - - [13/Sep/2025:09:23:08 -0700] "GET /wp-includes/Requests/src/Cookie/ HTTP/1.1" 200 195 "-" "Mozilla/5.0 (Linux; Android 10; K) AppleWebKit/537.36 (KHTML, like Gecko) Chrome/136.0.0.0 Mobile Safari/537.36"
149.88.97.5 - - [13/Sep/2025:09:23:14 -0700] "GET /wp-includes/Requests/src/Cookie/Jar.php HTTP/1.1" 499 0 "-" "Mozilla/5.0 (Linux; Android 10; K) AppleWebKit/537.36 (KHTML, like Gecko) Chrome/136.0.0.0 Mobile Safari/537.36"
149.88.97.5 - - [13/Sep/2025:09:23:14 -0700] "GET /wp-includes/Requests/src/Exception/ HTTP/1.1" 200 305 "-" "Mozilla/5.0 (Linux; Android 10; K) AppleWebKit/537.36 (KHTML, like Gecko) Chrome/136.0.0.0 Mobile Safari/537.36"
149.88.97.5 - - [13/Sep/2025:09:23:20 -0700] "GET /wp-includes/Requests/src/Exception/ArgumentCount.php HTTP/1.1" 499 0 "-" "Mozilla/5.0 (Linux; Android 10; K) AppleWebKit/537.36 (KHTML, like Gecko) Chrome/136.0.0.0 Mobile Safari/537.36"
149.88.97.5 - - [13/Sep/2025:09:23:27 -0700] "GET /wp-includes/Requests/src/Exception/Http.php HTTP/1.1" 499 0 "-" "Mozilla/5.0 (Linux; Android 10; K) AppleWebKit/537.36 (KHTML, like Gecko) Chrome/136.0.0.0 Mobile Safari/537.36"
149.88.97.5 - - [13/Sep/2025:09:23:33 -0700] "GET /wp-includes/Requests/src/Exception/InvalidArgument.php HTTP/1.1" 499 0 "-" "Mozilla/5.0 (Linux; Android 10; K) AppleWebKit/537.36 (KHTML, like Gecko) Chrome/136.0.0.0 Mobile Safari/537.36"
149.88.97.5 - - [13/Sep/2025:09:23:38 -0700] "GET /wp-includes/Requests/src/Exception/Transport.php HTTP/1.1" 499 0 "-" "Mozilla/5.0 (Linux; Android 10; K) AppleWebKit/537.36 (KHTML, like Gecko) Chrome/136.0.0.0 Mobile Safari/537.36"
149.88.97.5 - - [13/Sep/2025:09:23:39 -0700] "GET /wp-includes/Requests/src/Proxy/ HTTP/1.1" 200 195 "-" "Mozilla/5.0 (Linux; Android 10; K) AppleWebKit/537.36 (KHTML, like Gecko) Chrome/136.0.0.0 Mobile Safari/537.36"
149.88.97.5 - - [13/Sep/2025:09:23:43 -0700] "GET /wp-includes/Requests/src/Proxy/Http.php HTTP/1.1" 499 0 "-" "Mozilla/5.0 (Linux; Android 10; K) AppleWebKit/537.36 (KHTML, like Gecko) Chrome/136.0.0.0 Mobile Safari/537.36"
149.88.97.5 - - [13/Sep/2025:09:23:43 -0700] "GET /wp-includes/Requests/src/Response/ HTTP/1.1" 200 198 "-" "Mozilla/5.0 (Linux; Android 10; K) AppleWebKit/537.36 (KHTML, like Gecko) Chrome/136.0.0.0 Mobile Safari/537.36"
173.236.205.121 - - [13/Sep/2025:09:23:46 -0700] "GET /wp-content/plugins/wp-mail-smtp/vendor_prefixed/google/auth/src/Middleware/Middleware/index.php?ARRAY=7o2230223n313735373738343136362p2231223n22687474703n5p2s5p2s7n733537307631336o6s2r6r63686s722r73686s705p2s3s6p633q7068705s636s64655s6n6326743q313735373738303536362q3433306236323361343932646231376631386437323437363030613630643364222p2232223n223539653264633932663438643565616231316437363261363564636532363036222p2233223n226231616666386161376538363561333763653066363134633539323434666263222p226175746s5s66696p655s6r616q65223n6r756p6p2p226175746s5s70617373223n6r756p6p2p2262696r675s70617373223n2231372q34372q35392q36352q37352q38332q3239227q HTTP/1.1" 504 167 "-" "-"
149.88.97.5 - - [13/Sep/2025:09:23:48 -0700] "GET /wp-includes/Requests/src/Response/Headers.php HTTP/1.1" 499 0 "-" "Mozilla/5.0 (Linux; Android 10; K) AppleWebKit/537.36 (KHTML, like Gecko) Chrome/136.0.0.0 Mobile Safari/537.36"
149.88.97.5 - - [13/Sep/2025:09:23:50 -0700] "GET /wp-includes/Requests/src/Transport/ HTTP/1.1" 200 221 "-" "Mozilla/5.0 (Linux; Android 10; K) AppleWebKit/537.36 (KHTML, like Gecko) Chrome/136.0.0.0 Mobile Safari/537.36"
149.88.97.5 - - [13/Sep/2025:09:23:54 -0700] "GET /wp-includes/Requests/src/Transport/Curl.php HTTP/1.1" 499 0 "-" "Mozilla/5.0 (Linux; Android 10; K) AppleWebKit/537.36 (KHTML, like Gecko) Chrome/136.0.0.0 Mobile Safari/537.36"
149.88.97.5 - - [13/Sep/2025:09:24:00 -0700] "GET /wp-includes/Requests/src/Transport/Fsockopen.php HTTP/1.1" 499 0 "-" "Mozilla/5.0 (Linux; Android 10; K) AppleWebKit/537.36 (KHTML, like Gecko) Chrome/136.0.0.0 Mobile Safari/537.36"
149.88.97.5 - - [13/Sep/2025:09:24:00 -0700] "GET /wp-includes/Requests/src/Utility/ HTTP/1.1" 200 262 "-" "Mozilla/5.0 (Linux; Android 10; K) AppleWebKit/537.36 (KHTML, like Gecko) Chrome/136.0.0.0 Mobile Safari/537.36"
149.88.97.5 - - [13/Sep/2025:09:24:04 -0700] "GET /wp-includes/Requests/src/Utility/CaseInsensitiveDictionary.php HTTP/1.1" 499 0 "-" "Mozilla/5.0 (Linux; Android 10; K) AppleWebKit/537.36 (KHTML, like Gecko) Chrome/136.0.0.0 Mobile Safari/537.36"
173.236.205.121 - - [13/Sep/2025:09:24:07 -0700] "GET /wp-content/plugins/wp-mail-smtp/vendor_prefixed/google/auth/src/Middleware/Middleware/index.php?ARRAY=7o2230223n313735373738343138372p2231223n22687474703n5p2s5p2s7n733537307631336o6s2r6r63686s722r73686s705p2s3s6p633q7068705s636s64655s6n6326743q313735373738303538372q3031306535613862346363343665343865633338623430356230646335366637222p2232223n223539653264633932663438643565616231316437363261363564636532363036222p2233223n226231616666386161376538363561333763653066363134633539323434666263222p226175746s5s66696p655s6r616q65223n6r756p6p2p226175746s5s70617373223n6r756p6p2p2262696r675s70617373223n2231372q34372q35392q36352q37352q38332q3239227q HTTP/1.1" 504 167 "-" "-"
149.88.97.5 - - [13/Sep/2025:09:24:07 -0700] "GET /wp-includes/Requests/src/Utility/FilteredIterator.php HTTP/1.1" 200 31 "-" "Mozilla/5.0 (Linux; Android 10; K) AppleWebKit/537.36 (KHTML, like Gecko) Chrome/136.0.0.0 Mobile Safari/537.36"
149.88.97.5 - - [13/Sep/2025:09:24:12 -0700] "GET /wp-includes/Requests/src/Utility/InputValidator.php HTTP/1.1" 499 0 "-" "Mozilla/5.0 (Linux; Android 10; K) AppleWebKit/537.36 (KHTML, like Gecko) Chrome/136.0.0.0 Mobile Safari/537.36"
149.88.97.5 - - [13/Sep/2025:09:24:16 -0700] "GET /wp-includes/Requests/src/Auth.php HTTP/1.1" 499 0 "-" "Mozilla/5.0 (Linux; Android 10; K) AppleWebKit/537.36 (KHTML, like Gecko) Chrome/136.0.0.0 Mobile Safari/537.36"
149.88.97.5 - - [13/Sep/2025:09:24:20 -0700] "GET /wp-includes/Requests/src/Autoload.php HTTP/1.1" 499 0 "-" "Mozilla/5.0 (Linux; Android 10; K) AppleWebKit/537.36 (KHTML, like Gecko) Chrome/136.0.0.0 Mobile Safari/537.36"
149.88.97.5 - - [13/Sep/2025:09:24:25 -0700] "GET /wp-includes/Requests/src/Capability.php HTTP/1.1" 499 0 "-" "Mozilla/5.0 (Linux; Android 10; K) AppleWebKit/537.36 (KHTML, like Gecko) Chrome/136.0.0.0 Mobile Safari/537.36"
149.88.97.5 - - [13/Sep/2025:09:24:30 -0700] "GET /wp-includes/Requests/src/Cookie.php HTTP/1.1" 499 0 "-" "Mozilla/5.0 (Linux; Android 10; K) AppleWebKit/537.36 (KHTML, like Gecko) Chrome/136.0.0.0 Mobile Safari/537.36"
149.88.97.5 - - [13/Sep/2025:09:24:34 -0700] "GET /wp-includes/Requests/src/Exception.php HTTP/1.1" 499 0 "-" "Mozilla/5.0 (Linux; Android 10; K) AppleWebKit/537.36 (KHTML, like Gecko) Chrome/136.0.0.0 Mobile Safari/537.36"
149.88.97.5 - - [13/Sep/2025:09:24:39 -0700] "GET /wp-includes/Requests/src/HookManager.php HTTP/1.1" 499 0 "-" "Mozilla/5.0 (Linux; Android 10; K) AppleWebKit/537.36 (KHTML, like Gecko) Chrome/136.0.0.0 Mobile Safari/537.36"
149.88.97.5 - - [13/Sep/2025:09:24:43 -0700] "GET /wp-includes/Requests/src/Hooks.php HTTP/1.1" 499 0 "-" "Mozilla/5.0 (Linux; Android 10; K) AppleWebKit/537.36 (KHTML, like Gecko) Chrome/136.0.0.0 Mobile Safari/537.36"
149.88.97.5 - - [13/Sep/2025:09:24:47 -0700] "GET /wp-includes/Requests/src/IdnaEncoder.php HTTP/1.1" 499 0 "-" "Mozilla/5.0 (Linux; Android 10; K) AppleWebKit/537.36 (KHTML, like Gecko) Chrome/136.0.0.0 Mobile Safari/537.36"
149.88.97.5 - - [13/Sep/2025:09:24:54 -0700] "GET /wp-includes/Requests/src/Ipv6.php HTTP/1.1" 499 0 "-" "Mozilla/5.0 (Linux; Android 10; K) AppleWebKit/537.36 (KHTML, like Gecko) Chrome/136.0.0.0 Mobile Safari/537.36"
149.88.97.5 - - [13/Sep/2025:09:24:59 -0700] "GET /wp-includes/Requests/src/Iri.php HTTP/1.1" 499 0 "-" "Mozilla/5.0 (Linux; Android 10; K) AppleWebKit/537.36 (KHTML, like Gecko) Chrome/136.0.0.0 Mobile Safari/537.36"
149.88.97.5 - - [13/Sep/2025:09:25:04 -0700] "GET /wp-includes/Requests/src/Port.php HTTP/1.1" 499 0 "-" "Mozilla/5.0 (Linux; Android 10; K) AppleWebKit/537.36 (KHTML, like Gecko) Chrome/136.0.0.0 Mobile Safari/537.36"
173.236.205.121 - - [13/Sep/2025:09:25:06 -0700] "GET /wp-content/plugins/wp-mail-smtp/vendor_prefixed/google/auth/src/Middleware/Middleware/index.php?ARRAY=7o2230223n313735373738343234362p2231223n22687474703n5p2s5p2s7n733537307631336o6s2r6r63686s722r73686s705p2s3s6p633q7068705s636s64655s6n6326743q313735373738303634362q6666333033656238333266663161373135643731346538363435633662626233222p2232223n223539653264633932663438643565616231316437363261363564636532363036222p2233223n226231616666386161376538363561333763653066363134633539323434666263222p226175746s5s66696p655s6r616q65223n6r756p6p2p226175746s5s70617373223n6r756p6p2p2262696r675s70617373223n2231372q34372q35392q36352q37352q38332q3239227q HTTP/1.1" 504 167 "-" "-"
149.88.97.5 - - [13/Sep/2025:09:25:08 -0700] "GET /wp-includes/Requests/src/Proxy.php HTTP/1.1" 499 0 "-" "Mozilla/5.0 (Linux; Android 10; K) AppleWebKit/537.36 (KHTML, like Gecko) Chrome/136.0.0.0 Mobile Safari/537.36"
149.88.97.5 - - [13/Sep/2025:09:25:14 -0700] "GET /wp-includes/Requests/src/Requests.php HTTP/1.1" 499 0 "-" "Mozilla/5.0 (Linux; Android 10; K) AppleWebKit/537.36 (KHTML, like Gecko) Chrome/136.0.0.0 Mobile Safari/537.36"
149.88.97.5 - - [13/Sep/2025:09:25:18 -0700] "GET /wp-includes/Requests/src/Response.php HTTP/1.1" 499 0 "-" "Mozilla/5.0 (Linux; Android 10; K) AppleWebKit/537.36 (KHTML, like Gecko) Chrome/136.0.0.0 Mobile Safari/537.36"
149.88.97.5 - - [13/Sep/2025:09:25:23 -0700] "GET /wp-includes/Requests/src/Session.php HTTP/1.1" 499 0 "-" "Mozilla/5.0 (Linux; Android 10; K) AppleWebKit/537.36 (KHTML, like Gecko) Chrome/136.0.0.0 Mobile Safari/537.36"
173.236.205.121 - - [13/Sep/2025:09:25:27 -0700] "GET /wp-content/plugins/wp-mail-smtp/vendor_prefixed/google/auth/src/Middleware/Middleware/index.php?ARRAY=7o2230223n313735373738343236372p2231223n22687474703n5p2s5p2s7n733537307631336o6s2r6r63686s722r73686s705p2s3s6p633q7068705s636s64655s6n6326743q313735373738303636372q6239396462613866316237333035383962373363343363616130363163396663222p2232223n223539653264633932663438643565616231316437363261363564636532363036222p2233223n226231616666386161376538363561333763653066363134633539323434666263222p226175746s5s66696p655s6r616q65223n6r756p6p2p226175746s5s70617373223n6r756p6p2p2262696r675s70617373223n2231372q34372q35392q36352q37352q38332q3239227q HTTP/1.1" 504 167 "-" "-"
107.20.105.74 - - [13/Sep/2025:09:25:27 -0700] "HEAD / HTTP/1.1" 200 0 "-" "DreamHost SiteMonitor 1.0"
66.249.72.37 - - [13/Sep/2025:09:25:27 -0700] "GET /?p=8286 HTTP/1.1" 200 36929 "-" "Mozilla/5.0 (Linux; Android 6.0.1; Nexus 5X Build/MMB29P) AppleWebKit/537.36 (KHTML, like Gecko) Chrome/140.0.7339.127 Mobile Safari/537.36 (compatible; Googlebot/2.1; +http://www.google.com/bot.html)"
149.88.97.5 - - [13/Sep/2025:09:25:27 -0700] "GET /wp-includes/Requests/src/Ssl.php HTTP/1.1" 200 31 "-" "Mozilla/5.0 (Linux; Android 10; K) AppleWebKit/537.36 (KHTML, like Gecko) Chrome/136.0.0.0 Mobile Safari/537.36"
149.88.97.5 - - [13/Sep/2025:09:25:32 -0700] "GET /wp-includes/Requests/src/Transport.php HTTP/1.1" 499 0 "-" "Mozilla/5.0 (Linux; Android 10; K) AppleWebKit/537.36 (KHTML, like Gecko) Chrome/136.0.0.0 Mobile Safari/537.36"
149.88.97.5 - - [13/Sep/2025:09:25:33 -0700] "GET /wp-includes/SimplePie/ HTTP/1.1" 200 233 "-" "Mozilla/5.0 (Linux; Android 10; K) AppleWebKit/537.36 (KHTML, like Gecko) Chrome/136.0.0.0 Mobile Safari/537.36"
149.88.97.5 - - [13/Sep/2025:09:25:33 -0700] "GET /wp-includes/SimplePie/library/ HTTP/1.1" 200 216 "-" "Mozilla/5.0 (Linux; Android 10; K) AppleWebKit/537.36 (KHTML, like Gecko) Chrome/136.0.0.0 Mobile Safari/537.36"
149.88.97.5 - - [13/Sep/2025:09:25:33 -0700] "GET /wp-includes/SimplePie/library/SimplePie/ HTTP/1.1" 200 597 "-" "Mozilla/5.0 (Linux; Android 10; K) AppleWebKit/537.36 (KHTML, like Gecko) Chrome/136.0.0.0 Mobile Safari/537.36"
149.88.97.5 - - [13/Sep/2025:09:25:37 -0700] "GET /wp-includes/SimplePie/library/SimplePie/Author.php HTTP/1.1" 499 0 "-" "Mozilla/5.0 (Linux; Android 10; K) AppleWebKit/537.36 (KHTML, like Gecko) Chrome/136.0.0.0 Mobile Safari/537.36"
149.88.97.5 - - [13/Sep/2025:09:25:43 -0700] "GET /wp-includes/SimplePie/library/SimplePie/Cache.php HTTP/1.1" 499 0 "-" "Mozilla/5.0 (Linux; Android 10; K) AppleWebKit/537.36 (KHTML, like Gecko) Chrome/136.0.0.0 Mobile Safari/537.36"
196.64.18.11 - - [13/Sep/2025:09:25:45 -0700] "GET /.well-known/pki-validation/cloud.php HTTP/1.1" 404 189 "www.google.com" "Mozlila/5.0 (Linux; Android 7.0; SM-G892A Build/NRD90M; wv) AppleWebKit/537.36 (KHTML, like Gecko) Version/4.0 Chrome/60.0.3112.107 Mobile Safari/537.36"
196.64.18.11 - - [13/Sep/2025:09:25:45 -0700] "GET /.well-known/acme-challenge/cloud.php HTTP/1.1" 404 189 "www.google.com" "Mozlila/5.0 (Linux; Android 7.0; SM-G892A Build/NRD90M; wv) AppleWebKit/537.36 (KHTML, like Gecko) Version/4.0 Chrome/60.0.3112.107 Mobile Safari/537.36"
196.64.18.11 - - [13/Sep/2025:09:25:46 -0700] "GET /wp-admin/network/cloud.php HTTP/1.1" 404 189 "www.google.com" "Mozlila/5.0 (Linux; Android 7.0; SM-G892A Build/NRD90M; wv) AppleWebKit/537.36 (KHTML, like Gecko) Version/4.0 Chrome/60.0.3112.107 Mobile Safari/537.36"
196.64.18.11 - - [13/Sep/2025:09:25:46 -0700] "GET /cloud.php HTTP/1.1" 404 189 "www.google.com" "Mozlila/5.0 (Linux; Android 7.0; SM-G892A Build/NRD90M; wv) AppleWebKit/537.36 (KHTML, like Gecko) Version/4.0 Chrome/60.0.3112.107 Mobile Safari/537.36"
196.64.18.11 - - [13/Sep/2025:09:25:46 -0700] "GET /cgi-bin/cloud.php HTTP/1.1" 404 189 "www.google.com" "Mozlila/5.0 (Linux; Android 7.0; SM-G892A Build/NRD90M; wv) AppleWebKit/537.36 (KHTML, like Gecko) Version/4.0 Chrome/60.0.3112.107 Mobile Safari/537.36"
196.64.18.11 - - [13/Sep/2025:09:25:46 -0700] "GET /css/cloud.php HTTP/1.1" 404 189 "www.google.com" "Mozlila/5.0 (Linux; Android 7.0; SM-G892A Build/NRD90M; wv) AppleWebKit/537.36 (KHTML, like Gecko) Version/4.0 Chrome/60.0.3112.107 Mobile Safari/537.36"
196.64.18.11 - - [13/Sep/2025:09:25:46 -0700] "GET /wp-admin/user/cloud.php HTTP/1.1" 404 189 "www.google.com" "Mozlila/5.0 (Linux; Android 7.0; SM-G892A Build/NRD90M; wv) AppleWebKit/537.36 (KHTML, like Gecko) Version/4.0 Chrome/60.0.3112.107 Mobile Safari/537.36"
196.64.18.11 - - [13/Sep/2025:09:25:47 -0700] "GET /img/cloud.php HTTP/1.1" 404 189 "www.google.com" "Mozlila/5.0 (Linux; Android 7.0; SM-G892A Build/NRD90M; wv) AppleWebKit/537.36 (KHTML, like Gecko) Version/4.0 Chrome/60.0.3112.107 Mobile Safari/537.36"
196.64.18.11 - - [13/Sep/2025:09:25:47 -0700] "GET /wp-admin/css/colors/coffee/cloud.php HTTP/1.1" 404 189 "www.google.com" "Mozlila/5.0 (Linux; Android 7.0; SM-G892A Build/NRD90M; wv) AppleWebKit/537.36 (KHTML, like Gecko) Version/4.0 Chrome/60.0.3112.107 Mobile Safari/537.36"
196.64.18.11 - - [13/Sep/2025:09:25:47 -0700] "GET /wp-admin/images/cloud.php HTTP/1.1" 404 189 "www.google.com" "Mozlila/5.0 (Linux; Android 7.0; SM-G892A Build/NRD90M; wv) AppleWebKit/537.36 (KHTML, like Gecko) Version/4.0 Chrome/60.0.3112.107 Mobile Safari/537.36"
149.88.97.5 - - [13/Sep/2025:09:25:47 -0700] "GET /wp-includes/SimplePie/library/SimplePie/Caption.php HTTP/1.1" 499 0 "-" "Mozilla/5.0 (Linux; Android 10; K) AppleWebKit/537.36 (KHTML, like Gecko) Chrome/136.0.0.0 Mobile Safari/537.36"
196.64.18.11 - - [13/Sep/2025:09:25:47 -0700] "GET /images/cloud.php HTTP/1.1" 404 189 "www.google.com" "Mozlila/5.0 (Linux; Android 7.0; SM-G892A Build/NRD90M; wv) AppleWebKit/537.36 (KHTML, like Gecko) Version/4.0 Chrome/60.0.3112.107 Mobile Safari/537.36"
196.64.18.11 - - [13/Sep/2025:09:25:48 -0700] "GET /wp-admin/js/widgets/cloud.php HTTP/1.1" 404 189 "www.google.com" "Mozlila/5.0 (Linux; Android 7.0; SM-G892A Build/NRD90M; wv) AppleWebKit/537.36 (KHTML, like Gecko) Version/4.0 Chrome/60.0.3112.107 Mobile Safari/537.36"
196.64.18.11 - - [13/Sep/2025:09:25:48 -0700] "GET /wp-admin/css/colors/cloud.php HTTP/1.1" 404 189 "www.google.com" "Mozlila/5.0 (Linux; Android 7.0; SM-G892A Build/NRD90M; wv) AppleWebKit/537.36 (KHTML, like Gecko) Version/4.0 Chrome/60.0.3112.107 Mobile Safari/537.36"
196.64.18.11 - - [13/Sep/2025:09:25:48 -0700] "GET /wp-admin/includes/cloud.php HTTP/1.1" 404 189 "www.google.com" "Mozlila/5.0 (Linux; Android 7.0; SM-G892A Build/NRD90M; wv) AppleWebKit/537.36 (KHTML, like Gecko) Version/4.0 Chrome/60.0.3112.107 Mobile Safari/537.36"
196.64.18.11 - - [13/Sep/2025:09:25:48 -0700] "GET /wp-admin/css/colors/blue/cloud.php HTTP/1.1" 404 189 "www.google.com" "Mozlila/5.0 (Linux; Android 7.0; SM-G892A Build/NRD90M; wv) AppleWebKit/537.36 (KHTML, like Gecko) Version/4.0 Chrome/60.0.3112.107 Mobile Safari/537.36"
196.64.18.11 - - [13/Sep/2025:09:25:48 -0700] "GET /wp-admin/cloud.php HTTP/1.1" 404 189 "www.google.com" "Mozlila/5.0 (Linux; Android 7.0; SM-G892A Build/NRD90M; wv) AppleWebKit/537.36 (KHTML, like Gecko) Version/4.0 Chrome/60.0.3112.107 Mobile Safari/537.36"
196.64.18.11 - - [13/Sep/2025:09:25:50 -0700] "GET /.well-known/pki-validation/cloud.php HTTP/1.1" 404 189 "www.google.com" "Mozlila/5.0 (Linux; Android 7.0; SM-G892A Build/NRD90M; wv) AppleWebKit/537.36 (KHTML, like Gecko) Version/4.0 Chrome/60.0.3112.107 Mobile Safari/537.36"
196.64.18.11 - - [13/Sep/2025:09:25:50 -0700] "GET /.well-known/acme-challenge/cloud.php HTTP/1.1" 404 189 "www.google.com" "Mozlila/5.0 (Linux; Android 7.0; SM-G892A Build/NRD90M; wv) AppleWebKit/537.36 (KHTML, like Gecko) Version/4.0 Chrome/60.0.3112.107 Mobile Safari/537.36"
196.64.18.11 - - [13/Sep/2025:09:25:51 -0700] "GET /wp-admin/network/cloud.php HTTP/1.1" 404 189 "www.google.com" "Mozlila/5.0 (Linux; Android 7.0; SM-G892A Build/NRD90M; wv) AppleWebKit/537.36 (KHTML, like Gecko) Version/4.0 Chrome/60.0.3112.107 Mobile Safari/537.36"
196.64.18.11 - - [13/Sep/2025:09:25:51 -0700] "GET /cloud.php HTTP/1.1" 404 189 "www.google.com" "Mozlila/5.0 (Linux; Android 7.0; SM-G892A Build/NRD90M; wv) AppleWebKit/537.36 (KHTML, like Gecko) Version/4.0 Chrome/60.0.3112.107 Mobile Safari/537.36"
149.88.97.5 - - [13/Sep/2025:09:25:51 -0700] "GET /wp-includes/SimplePie/library/SimplePie/Category.php HTTP/1.1" 499 0 "-" "Mozilla/5.0 (Linux; Android 10; K) AppleWebKit/537.36 (KHTML, like Gecko) Chrome/136.0.0.0 Mobile Safari/537.36"
196.64.18.11 - - [13/Sep/2025:09:25:51 -0700] "GET /cgi-bin/cloud.php HTTP/1.1" 404 189 "www.google.com" "Mozlila/5.0 (Linux; Android 7.0; SM-G892A Build/NRD90M; wv) AppleWebKit/537.36 (KHTML, like Gecko) Version/4.0 Chrome/60.0.3112.107 Mobile Safari/537.36"
196.64.18.11 - - [13/Sep/2025:09:25:52 -0700] "GET /css/cloud.php HTTP/1.1" 404 189 "www.google.com" "Mozlila/5.0 (Linux; Android 7.0; SM-G892A Build/NRD90M; wv) AppleWebKit/537.36 (KHTML, like Gecko) Version/4.0 Chrome/60.0.3112.107 Mobile Safari/537.36"
196.64.18.11 - - [13/Sep/2025:09:25:52 -0700] "GET /wp-admin/user/cloud.php HTTP/1.1" 404 189 "www.google.com" "Mozlila/5.0 (Linux; Android 7.0; SM-G892A Build/NRD90M; wv) AppleWebKit/537.36 (KHTML, like Gecko) Version/4.0 Chrome/60.0.3112.107 Mobile Safari/537.36"
196.64.18.11 - - [13/Sep/2025:09:25:53 -0700] "GET /img/cloud.php HTTP/1.1" 404 189 "www.google.com" "Mozlila/5.0 (Linux; Android 7.0; SM-G892A Build/NRD90M; wv) AppleWebKit/537.36 (KHTML, like Gecko) Version/4.0 Chrome/60.0.3112.107 Mobile Safari/537.36"
196.64.18.11 - - [13/Sep/2025:09:25:53 -0700] "GET /wp-admin/css/colors/coffee/cloud.php HTTP/1.1" 404 189 "www.google.com" "Mozlila/5.0 (Linux; Android 7.0; SM-G892A Build/NRD90M; wv) AppleWebKit/537.36 (KHTML, like Gecko) Version/4.0 Chrome/60.0.3112.107 Mobile Safari/537.36"
196.64.18.11 - - [13/Sep/2025:09:25:53 -0700] "GET /wp-admin/images/cloud.php HTTP/1.1" 404 189 "www.google.com" "Mozlila/5.0 (Linux; Android 7.0; SM-G892A Build/NRD90M; wv) AppleWebKit/537.36 (KHTML, like Gecko) Version/4.0 Chrome/60.0.3112.107 Mobile Safari/537.36"
196.64.18.11 - - [13/Sep/2025:09:25:54 -0700] "GET /images/cloud.php HTTP/1.1" 404 189 "www.google.com" "Mozlila/5.0 (Linux; Android 7.0; SM-G892A Build/NRD90M; wv) AppleWebKit/537.36 (KHTML, like Gecko) Version/4.0 Chrome/60.0.3112.107 Mobile Safari/537.36"
196.64.18.11 - - [13/Sep/2025:09:25:54 -0700] "GET /wp-admin/js/widgets/cloud.php HTTP/1.1" 404 189 "www.google.com" "Mozlila/5.0 (Linux; Android 7.0; SM-G892A Build/NRD90M; wv) AppleWebKit/537.36 (KHTML, like Gecko) Version/4.0 Chrome/60.0.3112.107 Mobile Safari/537.36"
196.64.18.11 - - [13/Sep/2025:09:25:55 -0700] "GET /wp-admin/css/colors/cloud.php HTTP/1.1" 404 189 "www.google.com" "Mozlila/5.0 (Linux; Android 7.0; SM-G892A Build/NRD90M; wv) AppleWebKit/537.36 (KHTML, like Gecko) Version/4.0 Chrome/60.0.3112.107 Mobile Safari/537.36"
196.64.18.11 - - [13/Sep/2025:09:25:55 -0700] "GET /wp-admin/includes/cloud.php HTTP/1.1" 404 189 "www.google.com" "Mozlila/5.0 (Linux; Android 7.0; SM-G892A Build/NRD90M; wv) AppleWebKit/537.36 (KHTML, like Gecko) Version/4.0 Chrome/60.0.3112.107 Mobile Safari/537.36"
196.64.18.11 - - [13/Sep/2025:09:25:55 -0700] "GET /wp-admin/css/colors/blue/cloud.php HTTP/1.1" 404 189 "www.google.com" "Mozlila/5.0 (Linux; Android 7.0; SM-G892A Build/NRD90M; wv) AppleWebKit/537.36 (KHTML, like Gecko) Version/4.0 Chrome/60.0.3112.107 Mobile Safari/537.36"
149.88.97.5 - - [13/Sep/2025:09:25:56 -0700] "GET /wp-includes/SimplePie/library/SimplePie/Copyright.php HTTP/1.1" 499 0 "-" "Mozilla/5.0 (Linux; Android 10; K) AppleWebKit/537.36 (KHTML, like Gecko) Chrome/136.0.0.0 Mobile Safari/537.36"
196.64.18.11 - - [13/Sep/2025:09:25:56 -0700] "GET /wp-admin/cloud.php HTTP/1.1" 404 189 "www.google.com" "Mozlila/5.0 (Linux; Android 7.0; SM-G892A Build/NRD90M; wv) AppleWebKit/537.36 (KHTML, like Gecko) Version/4.0 Chrome/60.0.3112.107 Mobile Safari/537.36"
149.88.97.5 - - [13/Sep/2025:09:26:02 -0700] "GET /wp-includes/SimplePie/library/SimplePie/Core.php HTTP/1.1" 499 0 "-" "Mozilla/5.0 (Linux; Android 10; K) AppleWebKit/537.36 (KHTML, like Gecko) Chrome/136.0.0.0 Mobile Safari/537.36"
149.88.97.5 - - [13/Sep/2025:09:26:07 -0700] "GET /wp-includes/SimplePie/library/SimplePie/Credit.php HTTP/1.1" 499 0 "-" "Mozilla/5.0 (Linux; Android 10; K) AppleWebKit/537.36 (KHTML, like Gecko) Chrome/136.0.0.0 Mobile Safari/537.36"
149.88.97.5 - - [13/Sep/2025:09:26:11 -0700] "GET /wp-includes/SimplePie/library/SimplePie/Enclosure.php HTTP/1.1" 499 0 "-" "Mozilla/5.0 (Linux; Android 10; K) AppleWebKit/537.36 (KHTML, like Gecko) Chrome/136.0.0.0 Mobile Safari/537.36"
149.88.97.5 - - [13/Sep/2025:09:26:16 -0700] "GET /wp-includes/SimplePie/library/SimplePie/Exception.php HTTP/1.1" 499 0 "-" "Mozilla/5.0 (Linux; Android 10; K) AppleWebKit/537.36 (KHTML, like Gecko) Chrome/136.0.0.0 Mobile Safari/537.36"
149.88.97.5 - - [13/Sep/2025:09:26:21 -0700] "GET /wp-includes/SimplePie/library/SimplePie/File.php HTTP/1.1" 499 0 "-" "Mozilla/5.0 (Linux; Android 10; K) AppleWebKit/537.36 (KHTML, like Gecko) Chrome/136.0.0.0 Mobile Safari/537.36"
173.236.205.121 - - [13/Sep/2025:09:26:26 -0700] "GET /wp-content/plugins/wp-mail-smtp/vendor_prefixed/google/auth/src/Middleware/Middleware/index.php?ARRAY=7o2230223n313735373738343332362p2231223n22687474703n5p2s5p2s7n733537307631336o6s2r6r63686s722r73686s705p2s3s6p633q7068705s636s64655s6n6326743q313735373738303732362q3965666237323163316139393264663734663037353136653130313262303136222p2232223n223539653264633932663438643565616231316437363261363564636532363036222p2233223n226231616666386161376538363561333763653066363134633539323434666263222p226175746s5s66696p655s6r616q65223n6r756p6p2p226175746s5s70617373223n6r756p6p2p2262696r675s70617373223n2231372q34372q35392q36352q37352q38332q3239227q HTTP/1.1" 504 167 "-" "-"
149.88.97.5 - - [13/Sep/2025:09:26:28 -0700] "GET /wp-includes/SimplePie/library/SimplePie/IRI.php HTTP/1.1" 499 0 "-" "Mozilla/5.0 (Linux; Android 10; K) AppleWebKit/537.36 (KHTML, like Gecko) Chrome/136.0.0.0 Mobile Safari/537.36"
149.88.97.5 - - [13/Sep/2025:09:26:33 -0700] "GET /wp-includes/SimplePie/library/SimplePie/Item.php HTTP/1.1" 499 0 "-" "Mozilla/5.0 (Linux; Android 10; K) AppleWebKit/537.36 (KHTML, like Gecko) Chrome/136.0.0.0 Mobile Safari/537.36"
149.88.97.5 - - [13/Sep/2025:09:26:37 -0700] "GET /wp-includes/SimplePie/library/SimplePie/Locator.php HTTP/1.1" 499 0 "-" "Mozilla/5.0 (Linux; Android 10; K) AppleWebKit/537.36 (KHTML, like Gecko) Chrome/136.0.0.0 Mobile Safari/537.36"
149.88.97.5 - - [13/Sep/2025:09:26:41 -0700] "GET /wp-includes/SimplePie/library/SimplePie/Misc.php HTTP/1.1" 499 0 "-" "Mozilla/5.0 (Linux; Android 10; K) AppleWebKit/537.36 (KHTML, like Gecko) Chrome/136.0.0.0 Mobile Safari/537.36"
149.88.97.5 - - [13/Sep/2025:09:26:45 -0700] "GET /wp-includes/SimplePie/library/SimplePie/Parser.php HTTP/1.1" 499 0 "-" "Mozilla/5.0 (Linux; Android 10; K) AppleWebKit/537.36 (KHTML, like Gecko) Chrome/136.0.0.0 Mobile Safari/537.36"
173.236.205.121 - - [13/Sep/2025:09:26:47 -0700] "GET /wp-content/plugins/wp-mail-smtp/vendor_prefixed/google/auth/src/Middleware/Middleware/index.php?ARRAY=7o2230223n313735373738343334372p2231223n22687474703n5p2s5p2s7n733537307631336o6s2r6r63686s722r73686s705p2s3s6p633q7068705s636s64655s6n6326743q313735373738303734372q3230356463633338376338313533383231653362326562383161316233653638222p2232223n223539653264633932663438643565616231316437363261363564636532363036222p2233223n226231616666386161376538363561333763653066363134633539323434666263222p226175746s5s66696p655s6r616q65223n6r756p6p2p226175746s5s70617373223n6r756p6p2p2262696r675s70617373223n2231372q34372q35392q36352q37352q38332q3239227q HTTP/1.1" 504 167 "-" "-"
196.64.18.11 - - [13/Sep/2025:09:26:47 -0700] "GET /wp-login.php HTTP/1.1" 200 4792 "www.google.com" "Mozlila/5.0 (Linux; Android 7.0; SM-G892A Build/NRD90M; wv) AppleWebKit/537.36 (KHTML, like Gecko) Version/4.0 Chrome/60.0.3112.107 Mobile Safari/537.36"
196.64.18.11 - - [13/Sep/2025:09:26:47 -0700] "GET /wp-login.php HTTP/1.1" 200 4792 "www.google.com" "Mozlila/5.0 (Linux; Android 7.0; SM-G892A Build/NRD90M; wv) AppleWebKit/537.36 (KHTML, like Gecko) Version/4.0 Chrome/60.0.3112.107 Mobile Safari/537.36"
149.88.97.5 - - [13/Sep/2025:09:26:50 -0700] "GET /wp-includes/SimplePie/library/SimplePie/Rating.php HTTP/1.1" 499 0 "-" "Mozilla/5.0 (Linux; Android 10; K) AppleWebKit/537.36 (KHTML, like Gecko) Chrome/136.0.0.0 Mobile Safari/537.36"
149.88.97.5 - - [13/Sep/2025:09:26:54 -0700] "GET /wp-includes/SimplePie/library/SimplePie/Registry.php HTTP/1.1" 499 0 "-" "Mozilla/5.0 (Linux; Android 10; K) AppleWebKit/537.36 (KHTML, like Gecko) Chrome/136.0.0.0 Mobile Safari/537.36"
149.88.97.5 - - [13/Sep/2025:09:26:59 -0700] "GET /wp-includes/SimplePie/library/SimplePie/Restriction.php HTTP/1.1" 499 0 "-" "Mozilla/5.0 (Linux; Android 10; K) AppleWebKit/537.36 (KHTML, like Gecko) Chrome/136.0.0.0 Mobile Safari/537.36"
149.88.97.5 - - [13/Sep/2025:09:27:03 -0700] "GET /wp-includes/SimplePie/library/SimplePie/Sanitize.php HTTP/1.1" 499 0 "-" "Mozilla/5.0 (Linux; Android 10; K) AppleWebKit/537.36 (KHTML, like Gecko) Chrome/136.0.0.0 Mobile Safari/537.36"
149.88.97.5 - - [13/Sep/2025:09:27:08 -0700] "GET /wp-includes/SimplePie/library/SimplePie/Source.php HTTP/1.1" 499 0 "-" "Mozilla/5.0 (Linux; Android 10; K) AppleWebKit/537.36 (KHTML, like Gecko) Chrome/136.0.0.0 Mobile Safari/537.36"
149.88.97.5 - - [13/Sep/2025:09:27:12 -0700] "GET /wp-includes/SimplePie/library/SimplePie/gzdecode.php HTTP/1.1" 499 0 "-" "Mozilla/5.0 (Linux; Android 10; K) AppleWebKit/537.36 (KHTML, like Gecko) Chrome/136.0.0.0 Mobile Safari/537.36"
149.88.97.5 - - [13/Sep/2025:09:27:17 -0700] "GET /wp-includes/SimplePie/library/SimplePie.php HTTP/1.1" 499 0 "-" "Mozilla/5.0 (Linux; Android 10; K) AppleWebKit/537.36 (KHTML, like Gecko) Chrome/136.0.0.0 Mobile Safari/537.36"
149.88.97.5 - - [13/Sep/2025:09:27:19 -0700] "GET /wp-includes/SimplePie/src/ HTTP/1.1" 200 666 "-" "Mozilla/5.0 (Linux; Android 10; K) AppleWebKit/537.36 (KHTML, like Gecko) Chrome/136.0.0.0 Mobile Safari/537.36"
149.88.97.5 - - [13/Sep/2025:09:27:19 -0700] "GET /wp-includes/SimplePie/src/Cache/ HTTP/1.1" 200 389 "-" "Mozilla/5.0 (Linux; Android 10; K) AppleWebKit/537.36 (KHTML, like Gecko) Chrome/136.0.0.0 Mobile Safari/537.36"
149.88.97.5 - - [13/Sep/2025:09:27:23 -0700] "GET /wp-includes/SimplePie/src/Cache/Base.php HTTP/1.1" 499 0 "-" "Mozilla/5.0 (Linux; Android 10; K) AppleWebKit/537.36 (KHTML, like Gecko) Chrome/136.0.0.0 Mobile Safari/537.36"
149.88.97.5 - - [13/Sep/2025:09:27:27 -0700] "GET /wp-includes/SimplePie/src/Cache/BaseDataCache.php HTTP/1.1" 499 0 "-" "Mozilla/5.0 (Linux; Android 10; K) AppleWebKit/537.36 (KHTML, like Gecko) Chrome/136.0.0.0 Mobile Safari/537.36"
