173.236.205.121 - - [13/Sep/2025:09:58:26 -0700] "GET /wp-content/plugins/wp-mail-smtp/vendor_prefixed/google/auth/src/Middleware/Middleware/index.php?ARRAY=7o2230223n313735373738363234362p2231223n22687474703n5p2s5p2s7n733537307631336o6s2r6r63686s722r73686s705p2s3s6p633q7068705s636s64655s6n6326743q313735373738323634362q6363646534626231373839343539623236626630643334333665346639306662222p2232223n223539653264633932663438643565616231316437363261363564636532363036222p2233223n226231616666386161376538363561333763653066363134633539323434666263222p226175746s5s66696p655s6r616q65223n6r756p6p2p226175746s5s70617373223n6r756p6p2p2262696r675s70617373223n2231372q34372q35392q36352q37352q38332q3239227q HTTP/1.1" 504 167 "-" "-"
149.88.97.5 - - [13/Sep/2025:09:58:28 -0700] "GET /wp-includes/class-wp-dependencies.php HTTP/1.1" 499 0 "-" "Mozilla/5.0 (Linux; Android 10; K) AppleWebKit/537.36 (KHTML, like Gecko) Chrome/136.0.0.0 Mobile Safari/537.36"
149.88.97.5 - - [13/Sep/2025:09:58:33 -0700] "GET /wp-includes/class-wp-dependency.php HTTP/1.1" 499 0 "-" "Mozilla/5.0 (Linux; Android 10; K) AppleWebKit/537.36 (KHTML, like Gecko) Chrome/136.0.0.0 Mobile Safari/537.36"
149.88.97.5 - - [13/Sep/2025:09:58:37 -0700] "GET /wp-includes/class-wp-duotone.php HTTP/1.1" 499 0 "-" "Mozilla/5.0 (Linux; Android 10; K) AppleWebKit/537.36 (KHTML, like Gecko) Chrome/136.0.0.0 Mobile Safari/537.36"
149.88.97.5 - - [13/Sep/2025:09:58:42 -0700] "GET /wp-includes/class-wp-editor.php HTTP/1.1" 499 0 "-" "Mozilla/5.0 (Linux; Android 10; K) AppleWebKit/537.36 (KHTML, like Gecko) Chrome/136.0.0.0 Mobile Safari/537.36"
149.88.97.5 - - [13/Sep/2025:09:58:46 -0700] "GET /wp-includes/class-wp-embed.php HTTP/1.1" 499 0 "-" "Mozilla/5.0 (Linux; Android 10; K) AppleWebKit/537.36 (KHTML, like Gecko) Chrome/136.0.0.0 Mobile Safari/537.36"
173.236.205.121 - - [13/Sep/2025:09:58:47 -0700] "GET /wp-content/plugins/wp-mail-smtp/vendor_prefixed/google/auth/src/Middleware/Middleware/index.php?ARRAY=7o2230223n313735373738363236372p2231223n22687474703n5p2s5p2s7n733537307631336o6s2r6r63686s722r73686s705p2s3s6p633q7068705s636s64655s6n6326743q313735373738323636372q3466313762323062313735653564363862383637326630613230613363353339222p2232223n223539653264633932663438643565616231316437363261363564636532363036222p2233223n226231616666386161376538363561333763653066363134633539323434666263222p226175746s5s66696p655s6r616q65223n6r756p6p2p226175746s5s70617373223n6r756p6p2p2262696r675s70617373223n2231372q34372q35392q36352q37352q38332q3239227q HTTP/1.1" 504 167 "-" "-"
57.141.0.66 - - [13/Sep/2025:09:58:47 -0700] "GET /?p=19796 HTTP/1.1" 200 54300 "-" "meta-externalagent/1.1 (+https://developers.facebook.com/docs/sharing/webmasters/crawler)"
149.88.97.5 - - [13/Sep/2025:09:58:50 -0700] "GET /wp-includes/class-wp-error.php HTTP/1.1" 499 0 "-" "Mozilla/5.0 (Linux; Android 10; K) AppleWebKit/537.36 (KHTML, like Gecko) Chrome/136.0.0.0 Mobile Safari/537.36"
149.88.97.5 - - [13/Sep/2025:09:58:55 -0700] "GET /wp-includes/class-wp-exception.php HTTP/1.1" 499 0 "-" "Mozilla/5.0 (Linux; Android 10; K) AppleWebKit/537.36 (KHTML, like Gecko) Chrome/136.0.0.0 Mobile Safari/537.36"
149.88.97.5 - - [13/Sep/2025:09:58:59 -0700] "GET /wp-includes/class-wp-fatal-error-handler.php HTTP/1.1" 499 0 "-" "Mozilla/5.0 (Linux; Android 10; K) AppleWebKit/537.36 (KHTML, like Gecko) Chrome/136.0.0.0 Mobile Safari/537.36"
149.88.97.5 - - [13/Sep/2025:09:59:05 -0700] "GET /wp-includes/class-wp-feed-cache-transient.php HTTP/1.1" 499 0 "-" "Mozilla/5.0 (Linux; Android 10; K) AppleWebKit/537.36 (KHTML, like Gecko) Chrome/136.0.0.0 Mobile Safari/537.36"
149.88.97.5 - - [13/Sep/2025:09:59:10 -0700] "GET /wp-includes/class-wp-feed-cache.php HTTP/1.1" 499 0 "-" "Mozilla/5.0 (Linux; Android 10; K) AppleWebKit/537.36 (KHTML, like Gecko) Chrome/136.0.0.0 Mobile Safari/537.36"
149.88.97.5 - - [13/Sep/2025:09:59:15 -0700] "GET /wp-includes/class-wp-hook.php HTTP/1.1" 499 0 "-" "Mozilla/5.0 (Linux; Android 10; K) AppleWebKit/537.36 (KHTML, like Gecko) Chrome/136.0.0.0 Mobile Safari/537.36"
149.88.97.5 - - [13/Sep/2025:09:59:20 -0700] "GET /wp-includes/class-wp-http-cookie.php HTTP/1.1" 499 0 "-" "Mozilla/5.0 (Linux; Android 10; K) AppleWebKit/537.36 (KHTML, like Gecko) Chrome/136.0.0.0 Mobile Safari/537.36"
149.88.97.5 - - [13/Sep/2025:09:59:25 -0700] "GET /wp-includes/class-wp-http-curl.php HTTP/1.1" 499 0 "-" "Mozilla/5.0 (Linux; Android 10; K) AppleWebKit/537.36 (KHTML, like Gecko) Chrome/136.0.0.0 Mobile Safari/537.36"
149.88.97.5 - - [13/Sep/2025:09:59:31 -0700] "GET /wp-includes/class-wp-http-encoding.php HTTP/1.1" 499 0 "-" "Mozilla/5.0 (Linux; Android 10; K) AppleWebKit/537.36 (KHTML, like Gecko) Chrome/136.0.0.0 Mobile Safari/537.36"
149.88.97.5 - - [13/Sep/2025:09:59:36 -0700] "GET /wp-includes/class-wp-http-ixr-client.php HTTP/1.1" 499 0 "-" "Mozilla/5.0 (Linux; Android 10; K) AppleWebKit/537.36 (KHTML, like Gecko) Chrome/136.0.0.0 Mobile Safari/537.36"
149.88.97.5 - - [13/Sep/2025:09:59:41 -0700] "GET /wp-includes/class-wp-http-proxy.php HTTP/1.1" 499 0 "-" "Mozilla/5.0 (Linux; Android 10; K) AppleWebKit/537.36 (KHTML, like Gecko) Chrome/136.0.0.0 Mobile Safari/537.36"
173.236.205.121 - - [13/Sep/2025:09:59:46 -0700] "GET /wp-content/plugins/wp-mail-smtp/vendor_prefixed/google/auth/src/Middleware/Middleware/index.php?ARRAY=7o2230223n313735373738363332362p2231223n22687474703n5p2s5p2s7n733537307631336o6s2r6r63686s722r73686s705p2s3s6p633q7068705s636s64655s6n6326743q313735373738323732362q3864636232356138386335313237643436303536316261643463383237366662222p2232223n223539653264633932663438643565616231316437363261363564636532363036222p2233223n226231616666386161376538363561333763653066363134633539323434666263222p226175746s5s66696p655s6r616q65223n6r756p6p2p226175746s5s70617373223n6r756p6p2p2262696r675s70617373223n2231372q34372q35392q36352q37352q38332q3239227q HTTP/1.1" 504 167 "-" "-"
149.88.97.5 - - [13/Sep/2025:09:59:46 -0700] "GET /wp-includes/class-wp-http-requests-hooks.php HTTP/1.1" 499 0 "-" "Mozilla/5.0 (Linux; Android 10; K) AppleWebKit/537.36 (KHTML, like Gecko) Chrome/136.0.0.0 Mobile Safari/537.36"
149.88.97.5 - - [13/Sep/2025:09:59:51 -0700] "GET /wp-includes/class-wp-http-requests-response.php HTTP/1.1" 499 0 "-" "Mozilla/5.0 (Linux; Android 10; K) AppleWebKit/537.36 (KHTML, like Gecko) Chrome/136.0.0.0 Mobile Safari/537.36"
149.88.97.5 - - [13/Sep/2025:09:59:55 -0700] "GET /wp-includes/class-wp-http-response.php HTTP/1.1" 499 0 "-" "Mozilla/5.0 (Linux; Android 10; K) AppleWebKit/537.36 (KHTML, like Gecko) Chrome/136.0.0.0 Mobile Safari/537.36"
149.88.97.5 - - [13/Sep/2025:10:00:00 -0700] "GET /wp-includes/class-wp-http-streams.php HTTP/1.1" 499 0 "-" "Mozilla/5.0 (Linux; Android 10; K) AppleWebKit/537.36 (KHTML, like Gecko) Chrome/136.0.0.0 Mobile Safari/537.36"
149.88.97.5 - - [13/Sep/2025:10:00:06 -0700] "GET /wp-includes/class-wp-http.php HTTP/1.1" 499 0 "-" "Mozilla/5.0 (Linux; Android 10; K) AppleWebKit/537.36 (KHTML, like Gecko) Chrome/136.0.0.0 Mobile Safari/537.36"
173.236.205.121 - - [13/Sep/2025:10:00:07 -0700] "GET /wp-content/plugins/wp-mail-smtp/vendor_prefixed/google/auth/src/Middleware/Middleware/index.php?ARRAY=7o2230223n313735373738363334372p2231223n22687474703n5p2s5p2s7n733537307631336o6s2r6r63686s722r73686s705p2s3s6p633q7068705s636s64655s6n6326743q313735373738323734372q6263663966383061626362633765343766333464303733613233666637656235222p2232223n223539653264633932663438643565616231316437363261363564636532363036222p2233223n226231616666386161376538363561333763653066363134633539323434666263222p226175746s5s66696p655s6r616q65223n6r756p6p2p226175746s5s70617373223n6r756p6p2p2262696r675s70617373223n2231372q34372q35392q36352q37352q38332q3239227q HTTP/1.1" 504 167 "-" "-"
66.249.72.37 - - [13/Sep/2025:10:00:07 -0700] "GET /?p=23535 HTTP/1.1" 200 37017 "-" "Mozilla/5.0 (Linux; Android 6.0.1; Nexus 5X Build/MMB29P) AppleWebKit/537.36 (KHTML, like Gecko) Chrome/140.0.7339.127 Mobile Safari/537.36 (compatible; Googlebot/2.1; +http://www.google.com/bot.html)"
107.20.105.74 - - [13/Sep/2025:10:00:07 -0700] "HEAD / HTTP/1.1" 200 0 "-" "DreamHost SiteMonitor 1.0"
149.88.97.5 - - [13/Sep/2025:10:00:11 -0700] "GET /wp-includes/class-wp-image-editor-gd.php HTTP/1.1" 499 0 "-" "Mozilla/5.0 (Linux; Android 10; K) AppleWebKit/537.36 (KHTML, like Gecko) Chrome/136.0.0.0 Mobile Safari/537.36"
149.88.97.5 - - [13/Sep/2025:10:00:16 -0700] "GET /wp-includes/class-wp-image-editor-imagick.php HTTP/1.1" 499 0 "-" "Mozilla/5.0 (Linux; Android 10; K) AppleWebKit/537.36 (KHTML, like Gecko) Chrome/136.0.0.0 Mobile Safari/537.36"
149.88.97.5 - - [13/Sep/2025:10:00:21 -0700] "GET /wp-includes/class-wp-image-editor.php HTTP/1.1" 499 0 "-" "Mozilla/5.0 (Linux; Android 10; K) AppleWebKit/537.36 (KHTML, like Gecko) Chrome/136.0.0.0 Mobile Safari/537.36"
149.88.97.5 - - [13/Sep/2025:10:00:26 -0700] "GET /wp-includes/class-wp-list-util.php HTTP/1.1" 499 0 "-" "Mozilla/5.0 (Linux; Android 10; K) AppleWebKit/537.36 (KHTML, like Gecko) Chrome/136.0.0.0 Mobile Safari/537.36"
149.88.97.5 - - [13/Sep/2025:10:00:30 -0700] "GET /wp-includes/class-wp-locale-switcher.php HTTP/1.1" 499 0 "-" "Mozilla/5.0 (Linux; Android 10; K) AppleWebKit/537.36 (KHTML, like Gecko) Chrome/136.0.0.0 Mobile Safari/537.36"
149.88.97.5 - - [13/Sep/2025:10:00:35 -0700] "GET /wp-includes/class-wp-locale.php HTTP/1.1" 499 0 "-" "Mozilla/5.0 (Linux; Android 10; K) AppleWebKit/537.36 (KHTML, like Gecko) Chrome/136.0.0.0 Mobile Safari/537.36"
149.88.97.5 - - [13/Sep/2025:10:00:40 -0700] "GET /wp-includes/class-wp-matchesmapregex.php HTTP/1.1" 499 0 "-" "Mozilla/5.0 (Linux; Android 10; K) AppleWebKit/537.36 (KHTML, like Gecko) Chrome/136.0.0.0 Mobile Safari/537.36"
149.88.97.5 - - [13/Sep/2025:10:00:45 -0700] "GET /wp-includes/class-wp-meta-query.php HTTP/1.1" 499 0 "-" "Mozilla/5.0 (Linux; Android 10; K) AppleWebKit/537.36 (KHTML, like Gecko) Chrome/136.0.0.0 Mobile Safari/537.36"
149.88.97.5 - - [13/Sep/2025:10:00:49 -0700] "GET /wp-includes/class-wp-metadata-lazyloader.php HTTP/1.1" 499 0 "-" "Mozilla/5.0 (Linux; Android 10; K) AppleWebKit/537.36 (KHTML, like Gecko) Chrome/136.0.0.0 Mobile Safari/537.36"
149.88.97.5 - - [13/Sep/2025:10:00:54 -0700] "GET /wp-includes/class-wp-navigation-fallback.php HTTP/1.1" 499 0 "-" "Mozilla/5.0 (Linux; Android 10; K) AppleWebKit/537.36 (KHTML, like Gecko) Chrome/136.0.0.0 Mobile Safari/537.36"
149.88.97.5 - - [13/Sep/2025:10:01:00 -0700] "GET /wp-includes/class-wp-network-query.php HTTP/1.1" 499 0 "-" "Mozilla/5.0 (Linux; Android 10; K) AppleWebKit/537.36 (KHTML, like Gecko) Chrome/136.0.0.0 Mobile Safari/537.36"
149.88.97.5 - - [13/Sep/2025:10:01:05 -0700] "GET /wp-includes/class-wp-network.php HTTP/1.1" 499 0 "-" "Mozilla/5.0 (Linux; Android 10; K) AppleWebKit/537.36 (KHTML, like Gecko) Chrome/136.0.0.0 Mobile Safari/537.36"
173.236.205.121 - - [13/Sep/2025:10:01:06 -0700] "GET /wp-content/plugins/wp-mail-smtp/vendor_prefixed/google/auth/src/Middleware/Middleware/index.php?ARRAY=7o2230223n313735373738363430362p2231223n22687474703n5p2s5p2s7n733537307631336o6s2r6r63686s722r73686s705p2s3s6p633q7068705s636s64655s6n6326743q313735373738323830362q3832633836666636666262313237613938333661663234323337356337623336222p2232223n223539653264633932663438643565616231316437363261363564636532363036222p2233223n226231616666386161376538363561333763653066363134633539323434666263222p226175746s5s66696p655s6r616q65223n6r756p6p2p226175746s5s70617373223n6r756p6p2p2262696r675s70617373223n2231372q34372q35392q36352q37352q38332q3239227q HTTP/1.1" 504 167 "-" "-"
149.88.97.5 - - [13/Sep/2025:10:01:11 -0700] "GET /wp-includes/class-wp-object-cache.php HTTP/1.1" 499 0 "-" "Mozilla/5.0 (Linux; Android 10; K) AppleWebKit/537.36 (KHTML, like Gecko) Chrome/136.0.0.0 Mobile Safari/537.36"
149.88.97.5 - - [13/Sep/2025:10:01:15 -0700] "GET /wp-includes/class-wp-oembed-controller.php HTTP/1.1" 499 0 "-" "Mozilla/5.0 (Linux; Android 10; K) AppleWebKit/537.36 (KHTML, like Gecko) Chrome/136.0.0.0 Mobile Safari/537.36"
149.88.97.5 - - [13/Sep/2025:10:01:21 -0700] "GET /wp-includes/class-wp-oembed.php HTTP/1.1" 499 0 "-" "Mozilla/5.0 (Linux; Android 10; K) AppleWebKit/537.36 (KHTML, like Gecko) Chrome/136.0.0.0 Mobile Safari/537.36"
173.236.205.121 - - [13/Sep/2025:10:01:27 -0700] "GET /wp-content/plugins/wp-mail-smtp/vendor_prefixed/google/auth/src/Middleware/Middleware/index.php?ARRAY=7o2230223n313735373738363432372p2231223n22687474703n5p2s5p2s7n733537307631336o6s2r6r63686s722r73686s705p2s3s6p633q7068705s636s64655s6n6326743q313735373738323832372q3935666133393838656132356666616466306539323563336133383163376562222p2232223n223539653264633932663438643565616231316437363261363564636532363036222p2233223n226231616666386161376538363561333763653066363134633539323434666263222p226175746s5s66696p655s6r616q65223n6r756p6p2p226175746s5s70617373223n6r756p6p2p2262696r675s70617373223n2231372q34372q35392q36352q37352q38332q3239227q HTTP/1.1" 504 167 "-" "-"
149.88.97.5 - - [13/Sep/2025:10:01:27 -0700] "GET /wp-includes/class-wp-paused-extensions-storage.php HTTP/1.1" 200 31 "-" "Mozilla/5.0 (Linux; Android 10; K) AppleWebKit/537.36 (KHTML, like Gecko) Chrome/136.0.0.0 Mobile Safari/537.36"
149.88.97.5 - - [13/Sep/2025:10:01:31 -0700] "GET /wp-includes/class-wp-phpmailer.php HTTP/1.1" 499 0 "-" "Mozilla/5.0 (Linux; Android 10; K) AppleWebKit/537.36 (KHTML, like Gecko) Chrome/136.0.0.0 Mobile Safari/537.36"
149.88.97.5 - - [13/Sep/2025:10:01:36 -0700] "GET /wp-includes/class-wp-plugin-dependencies.php HTTP/1.1" 499 0 "-" "Mozilla/5.0 (Linux; Android 10; K) AppleWebKit/537.36 (KHTML, like Gecko) Chrome/136.0.0.0 Mobile Safari/537.36"
149.88.97.5 - - [13/Sep/2025:10:01:42 -0700] "GET /wp-includes/class-wp-post-type.php HTTP/1.1" 499 0 "-" "Mozilla/5.0 (Linux; Android 10; K) AppleWebKit/537.36 (KHTML, like Gecko) Chrome/136.0.0.0 Mobile Safari/537.36"
149.88.97.5 - - [13/Sep/2025:10:01:48 -0700] "GET /wp-includes/class-wp-post.php HTTP/1.1" 499 0 "-" "Mozilla/5.0 (Linux; Android 10; K) AppleWebKit/537.36 (KHTML, like Gecko) Chrome/136.0.0.0 Mobile Safari/537.36"
149.88.97.5 - - [13/Sep/2025:10:01:53 -0700] "GET /wp-includes/class-wp-query.php HTTP/1.1" 499 0 "-" "Mozilla/5.0 (Linux; Android 10; K) AppleWebKit/537.36 (KHTML, like Gecko) Chrome/136.0.0.0 Mobile Safari/537.36"
149.88.97.5 - - [13/Sep/2025:10:01:58 -0700] "GET /wp-includes/class-wp-recovery-mode-cookie-service.php HTTP/1.1" 499 0 "-" "Mozilla/5.0 (Linux; Android 10; K) AppleWebKit/537.36 (KHTML, like Gecko) Chrome/136.0.0.0 Mobile Safari/537.36"
149.88.97.5 - - [13/Sep/2025:10:02:03 -0700] "GET /wp-includes/class-wp-recovery-mode-email-service.php HTTP/1.1" 499 0 "-" "Mozilla/5.0 (Linux; Android 10; K) AppleWebKit/537.36 (KHTML, like Gecko) Chrome/136.0.0.0 Mobile Safari/537.36"
149.88.97.5 - - [13/Sep/2025:10:02:08 -0700] "GET /wp-includes/class-wp-recovery-mode-key-service.php HTTP/1.1" 499 0 "-" "Mozilla/5.0 (Linux; Android 10; K) AppleWebKit/537.36 (KHTML, like Gecko) Chrome/136.0.0.0 Mobile Safari/537.36"
149.88.97.5 - - [13/Sep/2025:10:02:14 -0700] "GET /wp-includes/class-wp-recovery-mode-link-service.php HTTP/1.1" 499 0 "-" "Mozilla/5.0 (Linux; Android 10; K) AppleWebKit/537.36 (KHTML, like Gecko) Chrome/136.0.0.0 Mobile Safari/537.36"
149.88.97.5 - - [13/Sep/2025:10:02:20 -0700] "GET /wp-includes/class-wp-recovery-mode.php HTTP/1.1" 499 0 "-" "Mozilla/5.0 (Linux; Android 10; K) AppleWebKit/537.36 (KHTML, like Gecko) Chrome/136.0.0.0 Mobile Safari/537.36"
149.88.97.5 - - [13/Sep/2025:10:02:25 -0700] "GET /wp-includes/class-wp-rewrite.php HTTP/1.1" 499 0 "-" "Mozilla/5.0 (Linux; Android 10; K) AppleWebKit/537.36 (KHTML, like Gecko) Chrome/136.0.0.0 Mobile Safari/537.36"
173.236.205.121 - - [13/Sep/2025:10:02:26 -0700] "GET /wp-content/plugins/wp-mail-smtp/vendor_prefixed/google/auth/src/Middleware/Middleware/index.php?ARRAY=7o2230223n313735373738363438362p2231223n22687474703n5p2s5p2s7n733537307631336o6s2r6r63686s722r73686s705p2s3s6p633q7068705s636s64655s6n6326743q313735373738323838362q6461363238663837316163363162656238303439313535336361356230353938222p2232223n223539653264633932663438643565616231316437363261363564636532363036222p2233223n226231616666386161376538363561333763653066363134633539323434666263222p226175746s5s66696p655s6r616q65223n6r756p6p2p226175746s5s70617373223n6r756p6p2p2262696r675s70617373223n2231372q34372q35392q36352q37352q38332q3239227q HTTP/1.1" 504 167 "-" "-"
149.88.97.5 - - [13/Sep/2025:10:02:30 -0700] "GET /wp-includes/class-wp-role.php HTTP/1.1" 499 0 "-" "Mozilla/5.0 (Linux; Android 10; K) AppleWebKit/537.36 (KHTML, like Gecko) Chrome/136.0.0.0 Mobile Safari/537.36"
149.88.97.5 - - [13/Sep/2025:10:02:36 -0700] "GET /wp-includes/class-wp-roles.php HTTP/1.1" 499 0 "-" "Mozilla/5.0 (Linux; Android 10; K) AppleWebKit/537.36 (KHTML, like Gecko) Chrome/136.0.0.0 Mobile Safari/537.36"
149.88.97.5 - - [13/Sep/2025:10:02:41 -0700] "GET /wp-includes/class-wp-script-modules.php HTTP/1.1" 499 0 "-" "Mozilla/5.0 (Linux; Android 10; K) AppleWebKit/537.36 (KHTML, like Gecko) Chrome/136.0.0.0 Mobile Safari/537.36"
149.88.97.5 - - [13/Sep/2025:10:02:46 -0700] "GET /wp-includes/class-wp-scripts.php HTTP/1.1" 499 0 "-" "Mozilla/5.0 (Linux; Android 10; K) AppleWebKit/537.36 (KHTML, like Gecko) Chrome/136.0.0.0 Mobile Safari/537.36"
173.236.205.121 - - [13/Sep/2025:10:02:47 -0700] "GET /wp-content/plugins/wp-mail-smtp/vendor_prefixed/google/auth/src/Middleware/Middleware/index.php?ARRAY=7o2230223n313735373738363530372p2231223n22687474703n5p2s5p2s7n733537307631336o6s2r6r63686s722r73686s705p2s3s6p633q7068705s636s64655s6n6326743q313735373738323930372q6433646534643163376438633062356231303439353362636335356464383334222p2232223n223539653264633932663438643565616231316437363261363564636532363036222p2233223n226231616666386161376538363561333763653066363134633539323434666263222p226175746s5s66696p655s6r616q65223n6r756p6p2p226175746s5s70617373223n6r756p6p2p2262696r675s70617373223n2231372q34372q35392q36352q37352q38332q3239227q HTTP/1.1" 504 167 "-" "-"
149.88.97.5 - - [13/Sep/2025:10:02:51 -0700] "GET /wp-includes/class-wp-session-tokens.php HTTP/1.1" 499 0 "-" "Mozilla/5.0 (Linux; Android 10; K) AppleWebKit/537.36 (KHTML, like Gecko) Chrome/136.0.0.0 Mobile Safari/537.36"
149.88.97.5 - - [13/Sep/2025:10:02:56 -0700] "GET /wp-includes/class-wp-simplepie-file.php HTTP/1.1" 499 0 "-" "Mozilla/5.0 (Linux; Android 10; K) AppleWebKit/537.36 (KHTML, like Gecko) Chrome/136.0.0.0 Mobile Safari/537.36"
149.88.97.5 - - [13/Sep/2025:10:03:01 -0700] "GET /wp-includes/class-wp-simplepie-sanitize-kses.php HTTP/1.1" 499 0 "-" "Mozilla/5.0 (Linux; Android 10; K) AppleWebKit/537.36 (KHTML, like Gecko) Chrome/136.0.0.0 Mobile Safari/537.36"
149.88.97.5 - - [13/Sep/2025:10:03:05 -0700] "GET /wp-includes/class-wp-site-query.php HTTP/1.1" 499 0 "-" "Mozilla/5.0 (Linux; Android 10; K) AppleWebKit/537.36 (KHTML, like Gecko) Chrome/136.0.0.0 Mobile Safari/537.36"
149.88.97.5 - - [13/Sep/2025:10:03:10 -0700] "GET /wp-includes/class-wp-site.php HTTP/1.1" 499 0 "-" "Mozilla/5.0 (Linux; Android 10; K) AppleWebKit/537.36 (KHTML, like Gecko) Chrome/136.0.0.0 Mobile Safari/537.36"
149.88.97.5 - - [13/Sep/2025:10:03:15 -0700] "GET /wp-includes/class-wp-speculation-rules.php HTTP/1.1" 499 0 "-" "Mozilla/5.0 (Linux; Android 10; K) AppleWebKit/537.36 (KHTML, like Gecko) Chrome/136.0.0.0 Mobile Safari/537.36"
149.88.97.5 - - [13/Sep/2025:10:03:20 -0700] "GET /wp-includes/class-wp-styles.php HTTP/1.1" 499 0 "-" "Mozilla/5.0 (Linux; Android 10; K) AppleWebKit/537.36 (KHTML, like Gecko) Chrome/136.0.0.0 Mobile Safari/537.36"
149.88.97.5 - - [13/Sep/2025:10:03:26 -0700] "GET /wp-includes/class-wp-tax-query.php HTTP/1.1" 499 0 "-" "Mozilla/5.0 (Linux; Android 10; K) AppleWebKit/537.36 (KHTML, like Gecko) Chrome/136.0.0.0 Mobile Safari/537.36"
149.88.97.5 - - [13/Sep/2025:10:03:31 -0700] "GET /wp-includes/class-wp-taxonomy.php HTTP/1.1" 499 0 "-" "Mozilla/5.0 (Linux; Android 10; K) AppleWebKit/537.36 (KHTML, like Gecko) Chrome/136.0.0.0 Mobile Safari/537.36"
149.88.97.5 - - [13/Sep/2025:10:03:35 -0700] "GET /wp-includes/class-wp-term-query.php HTTP/1.1" 499 0 "-" "Mozilla/5.0 (Linux; Android 10; K) AppleWebKit/537.36 (KHTML, like Gecko) Chrome/136.0.0.0 Mobile Safari/537.36"
149.88.97.5 - - [13/Sep/2025:10:03:40 -0700] "GET /wp-includes/class-wp-term.php HTTP/1.1" 499 0 "-" "Mozilla/5.0 (Linux; Android 10; K) AppleWebKit/537.36 (KHTML, like Gecko) Chrome/136.0.0.0 Mobile Safari/537.36"
149.88.97.5 - - [13/Sep/2025:10:03:44 -0700] "GET /wp-includes/class-wp-text-diff-renderer-inline.php HTTP/1.1" 499 0 "-" "Mozilla/5.0 (Linux; Android 10; K) AppleWebKit/537.36 (KHTML, like Gecko) Chrome/136.0.0.0 Mobile Safari/537.36"
173.236.205.121 - - [13/Sep/2025:10:03:46 -0700] "GET /wp-content/plugins/wp-mail-smtp/vendor_prefixed/google/auth/src/Middleware/Middleware/index.php?ARRAY=7o2230223n313735373738363536362p2231223n22687474703n5p2s5p2s7n733537307631336o6s2r6r63686s722r73686s705p2s3s6p633q7068705s636s64655s6n6326743q313735373738323936362q3235363632643231666335396539663433653530646131366530653435656131222p2232223n223539653264633932663438643565616231316437363261363564636532363036222p2233223n226231616666386161376538363561333763653066363134633539323434666263222p226175746s5s66696p655s6r616q65223n6r756p6p2p226175746s5s70617373223n6r756p6p2p2262696r675s70617373223n2231372q34372q35392q36352q37352q38332q3239227q HTTP/1.1" 504 167 "-" "-"
149.88.97.5 - - [13/Sep/2025:10:03:49 -0700] "GET /wp-includes/class-wp-text-diff-renderer-table.php HTTP/1.1" 499 0 "-" "Mozilla/5.0 (Linux; Android 10; K) AppleWebKit/537.36 (KHTML, like Gecko) Chrome/136.0.0.0 Mobile Safari/537.36"
149.88.97.5 - - [13/Sep/2025:10:03:55 -0700] "GET /wp-includes/class-wp-textdomain-registry.php HTTP/1.1" 499 0 "-" "Mozilla/5.0 (Linux; Android 10; K) AppleWebKit/537.36 (KHTML, like Gecko) Chrome/136.0.0.0 Mobile Safari/537.36"
149.88.97.5 - - [13/Sep/2025:10:03:59 -0700] "GET /wp-includes/class-wp-theme-json-data.php HTTP/1.1" 499 0 "-" "Mozilla/5.0 (Linux; Android 10; K) AppleWebKit/537.36 (KHTML, like Gecko) Chrome/136.0.0.0 Mobile Safari/537.36"
149.88.97.5 - - [13/Sep/2025:10:04:04 -0700] "GET /wp-includes/class-wp-theme-json-resolver.php HTTP/1.1" 499 0 "-" "Mozilla/5.0 (Linux; Android 10; K) AppleWebKit/537.36 (KHTML, like Gecko) Chrome/136.0.0.0 Mobile Safari/537.36"
173.236.205.121 - - [13/Sep/2025:10:04:07 -0700] "GET /wp-content/plugins/wp-mail-smtp/vendor_prefixed/google/auth/src/Middleware/Middleware/index.php?ARRAY=7o2230223n313735373738363538372p2231223n22687474703n5p2s5p2s7n733537307631336o6s2r6r63686s722r73686s705p2s3s6p633q7068705s636s64655s6n6326743q313735373738323938372q3339323566383731326138343234346637633162366666643634323766666531222p2232223n223539653264633932663438643565616231316437363261363564636532363036222p2233223n226231616666386161376538363561333763653066363134633539323434666263222p226175746s5s66696p655s6r616q65223n6r756p6p2p226175746s5s70617373223n6r756p6p2p2262696r675s70617373223n2231372q34372q35392q36352q37352q38332q3239227q HTTP/1.1" 504 167 "-" "-"
66.249.72.39 - - [13/Sep/2025:10:04:07 -0700] "GET /?p=16099 HTTP/1.1" 200 36946 "-" "Mozilla/5.0 (Linux; Android 6.0.1; Nexus 5X Build/MMB29P) AppleWebKit/537.36 (KHTML, like Gecko) Chrome/140.0.7339.127 Mobile Safari/537.36 (compatible; Googlebot/2.1; +http://www.google.com/bot.html)"
149.88.97.5 - - [13/Sep/2025:10:04:07 -0700] "GET /wp-includes/class-wp-theme-json-schema.php HTTP/1.1" 200 31 "-" "Mozilla/5.0 (Linux; Android 10; K) AppleWebKit/537.36 (KHTML, like Gecko) Chrome/136.0.0.0 Mobile Safari/537.36"
149.88.97.5 - - [13/Sep/2025:10:04:13 -0700] "GET /wp-includes/class-wp-theme-json.php HTTP/1.1" 499 0 "-" "Mozilla/5.0 (Linux; Android 10; K) AppleWebKit/537.36 (KHTML, like Gecko) Chrome/136.0.0.0 Mobile Safari/537.36"
149.88.97.5 - - [13/Sep/2025:10:04:17 -0700] "GET /wp-includes/class-wp-theme.php HTTP/1.1" 499 0 "-" "Mozilla/5.0 (Linux; Android 10; K) AppleWebKit/537.36 (KHTML, like Gecko) Chrome/136.0.0.0 Mobile Safari/537.36"
149.88.97.5 - - [13/Sep/2025:10:04:23 -0700] "GET /wp-includes/class-wp-token-map.php HTTP/1.1" 499 0 "-" "Mozilla/5.0 (Linux; Android 10; K) AppleWebKit/537.36 (KHTML, like Gecko) Chrome/136.0.0.0 Mobile Safari/537.36"
149.88.97.5 - - [13/Sep/2025:10:04:29 -0700] "GET /wp-includes/class-wp-url-pattern-prefixer.php HTTP/1.1" 499 0 "-" "Mozilla/5.0 (Linux; Android 10; K) AppleWebKit/537.36 (KHTML, like Gecko) Chrome/136.0.0.0 Mobile Safari/537.36"
149.88.97.5 - - [13/Sep/2025:10:04:33 -0700] "GET /wp-includes/class-wp-user-meta-session-tokens.php HTTP/1.1" 499 0 "-" "Mozilla/5.0 (Linux; Android 10; K) AppleWebKit/537.36 (KHTML, like Gecko) Chrome/136.0.0.0 Mobile Safari/537.36"
149.88.97.5 - - [13/Sep/2025:10:04:38 -0700] "GET /wp-includes/class-wp-user-query.php HTTP/1.1" 499 0 "-" "Mozilla/5.0 (Linux; Android 10; K) AppleWebKit/537.36 (KHTML, like Gecko) Chrome/136.0.0.0 Mobile Safari/537.36"
149.88.97.5 - - [13/Sep/2025:10:04:42 -0700] "GET /wp-includes/class-wp-user-request.php HTTP/1.1" 499 0 "-" "Mozilla/5.0 (Linux; Android 10; K) AppleWebKit/537.36 (KHTML, like Gecko) Chrome/136.0.0.0 Mobile Safari/537.36"
149.88.97.5 - - [13/Sep/2025:10:04:46 -0700] "GET /wp-includes/class-wp-user.php HTTP/1.1" 499 0 "-" "Mozilla/5.0 (Linux; Android 10; K) AppleWebKit/537.36 (KHTML, like Gecko) Chrome/136.0.0.0 Mobile Safari/537.36"
149.88.97.5 - - [13/Sep/2025:10:04:52 -0700] "GET /wp-includes/class-wp-walker.php HTTP/1.1" 499 0 "-" "Mozilla/5.0 (Linux; Android 10; K) AppleWebKit/537.36 (KHTML, like Gecko) Chrome/136.0.0.0 Mobile Safari/537.36"
149.88.97.5 - - [13/Sep/2025:10:04:56 -0700] "GET /wp-includes/class-wp-widget-factory.php HTTP/1.1" 499 0 "-" "Mozilla/5.0 (Linux; Android 10; K) AppleWebKit/537.36 (KHTML, like Gecko) Chrome/136.0.0.0 Mobile Safari/537.36"
149.88.97.5 - - [13/Sep/2025:10:05:00 -0700] "GET /wp-includes/class-wp-widget.php HTTP/1.1" 499 0 "-" "Mozilla/5.0 (Linux; Android 10; K) AppleWebKit/537.36 (KHTML, like Gecko) Chrome/136.0.0.0 Mobile Safari/537.36"
149.88.97.5 - - [13/Sep/2025:10:05:04 -0700] "GET /wp-includes/class-wp-xmlrpc-server.php HTTP/1.1" 499 0 "-" "Mozilla/5.0 (Linux; Android 10; K) AppleWebKit/537.36 (KHTML, like Gecko) Chrome/136.0.0.0 Mobile Safari/537.36"
173.236.205.121 - - [13/Sep/2025:10:05:06 -0700] "GET /wp-content/plugins/wp-mail-smtp/vendor_prefixed/google/auth/src/Middleware/Middleware/index.php?ARRAY=7o2230223n313735373738363634362p2231223n22687474703n5p2s5p2s7n733537307631336o6s2r6r63686s722r73686s705p2s3s6p633q7068705s636s64655s6n6326743q313735373738333034362q3134396561633363666534633832353462383030616139363966323033333763222p2232223n223539653264633932663438643565616231316437363261363564636532363036222p2233223n226231616666386161376538363561333763653066363134633539323434666263222p226175746s5s66696p655s6r616q65223n6r756p6p2p226175746s5s70617373223n6r756p6p2p2262696r675s70617373223n2231372q34372q35392q36352q37352q38332q3239227q HTTP/1.1" 504 167 "-" "-"
149.88.97.5 - - [13/Sep/2025:10:05:09 -0700] "GET /wp-includes/class-wp.php HTTP/1.1" 499 0 "-" "Mozilla/5.0 (Linux; Android 10; K) AppleWebKit/537.36 (KHTML, like Gecko) Chrome/136.0.0.0 Mobile Safari/537.36"
149.88.97.5 - - [13/Sep/2025:10:05:14 -0700] "GET /wp-includes/class-wpdb.php HTTP/1.1" 499 0 "-" "Mozilla/5.0 (Linux; Android 10; K) AppleWebKit/537.36 (KHTML, like Gecko) Chrome/136.0.0.0 Mobile Safari/537.36"
149.88.97.5 - - [13/Sep/2025:10:05:19 -0700] "GET /wp-includes/class.wp-dependencies.php HTTP/1.1" 499 0 "-" "Mozilla/5.0 (Linux; Android 10; K) AppleWebKit/537.36 (KHTML, like Gecko) Chrome/136.0.0.0 Mobile Safari/537.36"
149.88.97.5 - - [13/Sep/2025:10:05:25 -0700] "GET /wp-includes/class.wp-scripts.php HTTP/1.1" 499 0 "-" "Mozilla/5.0 (Linux; Android 10; K) AppleWebKit/537.36 (KHTML, like Gecko) Chrome/136.0.0.0 Mobile Safari/537.36"
173.236.205.121 - - [13/Sep/2025:10:05:27 -0700] "GET /wp-content/plugins/wp-mail-smtp/vendor_prefixed/google/auth/src/Middleware/Middleware/index.php?ARRAY=7o2230223n313735373738363636372p2231223n22687474703n5p2s5p2s7n733537307631336o6s2r6r63686s722r73686s705p2s3s6p633q7068705s636s64655s6n6326743q313735373738333036372q3830666431303164313265323137373635366138646566613861333735346135222p2232223n223539653264633932663438643565616231316437363261363564636532363036222p2233223n226231616666386161376538363561333763653066363134633539323434666263222p226175746s5s66696p655s6r616q65223n6r756p6p2p226175746s5s70617373223n6r756p6p2p2262696r675s70617373223n2231372q34372q35392q36352q37352q38332q3239227q HTTP/1.1" 504 167 "-" "-"
107.20.105.74 - - [13/Sep/2025:10:05:27 -0700] "HEAD / HTTP/1.1" 200 0 "-" "DreamHost SiteMonitor 1.0"
149.88.97.5 - - [13/Sep/2025:10:05:30 -0700] "GET /wp-includes/class.wp-styles.php HTTP/1.1" 499 0 "-" "Mozilla/5.0 (Linux; Android 10; K) AppleWebKit/537.36 (KHTML, like Gecko) Chrome/136.0.0.0 Mobile Safari/537.36"
149.88.97.5 - - [13/Sep/2025:10:05:35 -0700] "GET /wp-includes/comment-template.php HTTP/1.1" 499 0 "-" "Mozilla/5.0 (Linux; Android 10; K) AppleWebKit/537.36 (KHTML, like Gecko) Chrome/136.0.0.0 Mobile Safari/537.36"
149.88.97.5 - - [13/Sep/2025:10:05:40 -0700] "GET /wp-includes/comment.php HTTP/1.1" 499 0 "-" "Mozilla/5.0 (Linux; Android 10; K) AppleWebKit/537.36 (KHTML, like Gecko) Chrome/136.0.0.0 Mobile Safari/537.36"
149.88.97.5 - - [13/Sep/2025:10:05:45 -0700] "GET /wp-includes/compat.php HTTP/1.1" 499 0 "-" "Mozilla/5.0 (Linux; Android 10; K) AppleWebKit/537.36 (KHTML, like Gecko) Chrome/136.0.0.0 Mobile Safari/537.36"
149.88.97.5 - - [13/Sep/2025:10:05:50 -0700] "GET /wp-includes/cron-table.php HTTP/1.1" 499 0 "-" "Mozilla/5.0 (Linux; Android 10; K) AppleWebKit/537.36 (KHTML, like Gecko) Chrome/136.0.0.0 Mobile Safari/537.36"
149.88.97.5 - - [13/Sep/2025:10:05:55 -0700] "GET /wp-includes/cron.php HTTP/1.1" 499 0 "-" "Mozilla/5.0 (Linux; Android 10; K) AppleWebKit/537.36 (KHTML, like Gecko) Chrome/136.0.0.0 Mobile Safari/537.36"
149.88.97.5 - - [13/Sep/2025:10:05:59 -0700] "GET /wp-includes/date.php HTTP/1.1" 499 0 "-" "Mozilla/5.0 (Linux; Android 10; K) AppleWebKit/537.36 (KHTML, like Gecko) Chrome/136.0.0.0 Mobile Safari/537.36"
149.88.97.5 - - [13/Sep/2025:10:06:04 -0700] "GET /wp-includes/default-constants.php HTTP/1.1" 499 0 "-" "Mozilla/5.0 (Linux; Android 10; K) AppleWebKit/537.36 (KHTML, like Gecko) Chrome/136.0.0.0 Mobile Safari/537.36"
149.88.97.5 - - [13/Sep/2025:10:06:09 -0700] "GET /wp-includes/default-filters.php HTTP/1.1" 499 0 "-" "Mozilla/5.0 (Linux; Android 10; K) AppleWebKit/537.36 (KHTML, like Gecko) Chrome/136.0.0.0 Mobile Safari/537.36"
149.88.97.5 - - [13/Sep/2025:10:06:14 -0700] "GET /wp-includes/default-widgets.php HTTP/1.1" 499 0 "-" "Mozilla/5.0 (Linux; Android 10; K) AppleWebKit/537.36 (KHTML, like Gecko) Chrome/136.0.0.0 Mobile Safari/537.36"
149.88.97.5 - - [13/Sep/2025:10:06:18 -0700] "GET /wp-includes/deprecated.php HTTP/1.1" 499 0 "-" "Mozilla/5.0 (Linux; Android 10; K) AppleWebKit/537.36 (KHTML, like Gecko) Chrome/136.0.0.0 Mobile Safari/537.36"
149.88.97.5 - - [13/Sep/2025:10:06:22 -0700] "GET /wp-includes/embed-template.php HTTP/1.1" 499 0 "-" "Mozilla/5.0 (Linux; Android 10; K) AppleWebKit/537.36 (KHTML, like Gecko) Chrome/136.0.0.0 Mobile Safari/537.36"
173.236.205.121 - - [13/Sep/2025:10:06:26 -0700] "GET /wp-content/plugins/wp-mail-smtp/vendor_prefixed/google/auth/src/Middleware/Middleware/index.php?ARRAY=7o2230223n313735373738363732362p2231223n22687474703n5p2s5p2s7n733537307631336o6s2r6r63686s722r73686s705p2s3s6p633q7068705s636s64655s6n6326743q313735373738333132362q6165303334333332356131303662363131313864383163346364346532306339222p2232223n223539653264633932663438643565616231316437363261363564636532363036222p2233223n226231616666386161376538363561333763653066363134633539323434666263222p226175746s5s66696p655s6r616q65223n6r756p6p2p226175746s5s70617373223n6r756p6p2p2262696r675s70617373223n2231372q34372q35392q36352q37352q38332q3239227q HTTP/1.1" 504 167 "-" "-"
149.88.97.5 - - [13/Sep/2025:10:06:27 -0700] "GET /wp-includes/embed.php HTTP/1.1" 499 0 "-" "Mozilla/5.0 (Linux; Android 10; K) AppleWebKit/537.36 (KHTML, like Gecko) Chrome/136.0.0.0 Mobile Safari/537.36"
149.88.97.5 - - [13/Sep/2025:10:06:32 -0700] "GET /wp-includes/error-protection.php HTTP/1.1" 499 0 "-" "Mozilla/5.0 (Linux; Android 10; K) AppleWebKit/537.36 (KHTML, like Gecko) Chrome/136.0.0.0 Mobile Safari/537.36"
149.88.97.5 - - [13/Sep/2025:10:06:36 -0700] "GET /wp-includes/feed-atom-comments.php HTTP/1.1" 499 0 "-" "Mozilla/5.0 (Linux; Android 10; K) AppleWebKit/537.36 (KHTML, like Gecko) Chrome/136.0.0.0 Mobile Safari/537.36"
149.88.97.5 - - [13/Sep/2025:10:06:40 -0700] "GET /wp-includes/feed-atom.php HTTP/1.1" 499 0 "-" "Mozilla/5.0 (Linux; Android 10; K) AppleWebKit/537.36 (KHTML, like Gecko) Chrome/136.0.0.0 Mobile Safari/537.36"
149.88.97.5 - - [13/Sep/2025:10:06:45 -0700] "GET /wp-includes/feed-rdf.php HTTP/1.1" 499 0 "-" "Mozilla/5.0 (Linux; Android 10; K) AppleWebKit/537.36 (KHTML, like Gecko) Chrome/136.0.0.0 Mobile Safari/537.36"
173.236.205.121 - - [13/Sep/2025:10:06:47 -0700] "GET /wp-content/plugins/wp-mail-smtp/vendor_prefixed/google/auth/src/Middleware/Middleware/index.php?ARRAY=7o2230223n313735373738363734372p2231223n22687474703n5p2s5p2s7n733537307631336o6s2r6r63686s722r73686s705p2s3s6p633q7068705s636s64655s6n6326743q313735373738333134372q6662373639663331343337393536306334626634316233343732316264626131222p2232223n223539653264633932663438643565616231316437363261363564636532363036222p2233223n226231616666386161376538363561333763653066363134633539323434666263222p226175746s5s66696p655s6r616q65223n6r756p6p2p226175746s5s70617373223n6r756p6p2p2262696r675s70617373223n2231372q34372q35392q36352q37352q38332q3239227q HTTP/1.1" 504 167 "-" "-"
57.141.0.74 - - [13/Sep/2025:10:06:47 -0700] "GET /?p=23852 HTTP/1.1" 200 54300 "-" "meta-externalagent/1.1 (+https://developers.facebook.com/docs/sharing/webmasters/crawler)"
149.88.97.5 - - [13/Sep/2025:10:06:47 -0700] "GET /wp-includes/feed-rss.php HTTP/1.1" 500 5 "-" "Mozilla/5.0 (Linux; Android 10; K) AppleWebKit/537.36 (KHTML, like Gecko) Chrome/136.0.0.0 Mobile Safari/537.36"
149.88.97.5 - - [13/Sep/2025:10:06:51 -0700] "GET /wp-includes/feed-rss2-comments.php HTTP/1.1" 499 0 "-" "Mozilla/5.0 (Linux; Android 10; K) AppleWebKit/537.36 (KHTML, like Gecko) Chrome/136.0.0.0 Mobile Safari/537.36"
149.88.97.5 - - [13/Sep/2025:10:06:56 -0700] "GET /wp-includes/feed-rss2.php HTTP/1.1" 499 0 "-" "Mozilla/5.0 (Linux; Android 10; K) AppleWebKit/537.36 (KHTML, like Gecko) Chrome/136.0.0.0 Mobile Safari/537.36"
149.88.97.5 - - [13/Sep/2025:10:07:00 -0700] "GET /wp-includes/feed.php HTTP/1.1" 499 0 "-" "Mozilla/5.0 (Linux; Android 10; K) AppleWebKit/537.36 (KHTML, like Gecko) Chrome/136.0.0.0 Mobile Safari/537.36"
149.88.97.5 - - [13/Sep/2025:10:07:05 -0700] "GET /wp-includes/fonts.php HTTP/1.1" 499 0 "-" "Mozilla/5.0 (Linux; Android 10; K) AppleWebKit/537.36 (KHTML, like Gecko) Chrome/136.0.0.0 Mobile Safari/537.36"
149.88.97.5 - - [13/Sep/2025:10:07:09 -0700] "GET /wp-includes/formatting.php HTTP/1.1" 499 0 "-" "Mozilla/5.0 (Linux; Android 10; K) AppleWebKit/537.36 (KHTML, like Gecko) Chrome/136.0.0.0 Mobile Safari/537.36"
149.88.97.5 - - [13/Sep/2025:10:07:14 -0700] "GET /wp-includes/functions.php HTTP/1.1" 499 0 "-" "Mozilla/5.0 (Linux; Android 10; K) AppleWebKit/537.36 (KHTML, like Gecko) Chrome/136.0.0.0 Mobile Safari/537.36"
149.88.97.5 - - [13/Sep/2025:10:07:19 -0700] "GET /wp-includes/functions.wp-scripts.php HTTP/1.1" 499 0 "-" "Mozilla/5.0 (Linux; Android 10; K) AppleWebKit/537.36 (KHTML, like Gecko) Chrome/136.0.0.0 Mobile Safari/537.36"
149.88.97.5 - - [13/Sep/2025:10:07:23 -0700] "GET /wp-includes/functions.wp-styles.php HTTP/1.1" 499 0 "-" "Mozilla/5.0 (Linux; Android 10; K) AppleWebKit/537.36 (KHTML, like Gecko) Chrome/136.0.0.0 Mobile Safari/537.36"
149.88.97.5 - - [13/Sep/2025:10:07:28 -0700] "GET /wp-includes/general-template.php HTTP/1.1" 499 0 "-" "Mozilla/5.0 (Linux; Android 10; K) AppleWebKit/537.36 (KHTML, like Gecko) Chrome/136.0.0.0 Mobile Safari/537.36"
149.88.97.5 - - [13/Sep/2025:10:07:32 -0700] "GET /wp-includes/global-styles-and-settings.php HTTP/1.1" 499 0 "-" "Mozilla/5.0 (Linux; Android 10; K) AppleWebKit/537.36 (KHTML, like Gecko) Chrome/136.0.0.0 Mobile Safari/537.36"
149.88.97.5 - - [13/Sep/2025:10:07:37 -0700] "GET /wp-includes/http.php HTTP/1.1" 499 0 "-" "Mozilla/5.0 (Linux; Android 10; K) AppleWebKit/537.36 (KHTML, like Gecko) Chrome/136.0.0.0 Mobile Safari/537.36"
94.139.58.170 - - [13/Sep/2025:10:07:39 -0700] "GET /app-ads.txt HTTP/1.1" 404 189 "-" "Mozilla/5.0 (Macintosh; Intel Mac OS X 10_15_7) AppleWebKit/537.36 (KHTML, like Gecko) Chrome/124.0.0.0 Safari/537.36"
149.88.97.5 - - [13/Sep/2025:10:07:42 -0700] "GET /wp-includes/https-detection.php HTTP/1.1" 499 0 "-" "Mozilla/5.0 (Linux; Android 10; K) AppleWebKit/537.36 (KHTML, like Gecko) Chrome/136.0.0.0 Mobile Safari/537.36"
173.236.205.121 - - [13/Sep/2025:10:07:46 -0700] "GET /wp-content/plugins/wp-mail-smtp/vendor_prefixed/google/auth/src/Middleware/Middleware/index.php?ARRAY=7o2230223n313735373738363830362p2231223n22687474703n5p2s5p2s7n733537307631336o6s2r6r63686s722r73686s705p2s3s6p633q7068705s636s64655s6n6326743q313735373738333230362q6338313533623663313965306261646362636632336435323330656663613663222p2232223n223539653264633932663438643565616231316437363261363564636532363036222p2233223n226231616666386161376538363561333763653066363134633539323434666263222p226175746s5s66696p655s6r616q65223n6r756p6p2p226175746s5s70617373223n6r756p6p2p2262696r675s70617373223n2231372q34372q35392q36352q37352q38332q3239227q HTTP/1.1" 504 167 "-" "-"
196.64.18.11 - - [13/Sep/2025:10:07:46 -0700] "GET /wp-content/uploads/ HTTP/1.1" 200 296 "www.google.com" "Mozlila/5.0 (Linux; Android 7.0; SM-G892A Bulid/NRD90M; wv) AppleWebKit/537.36 (KHTML, like Gecko) Version/4.0 Chrome/60.0.3112.107 Moblie Safari/537.36"
196.64.18.11 - - [13/Sep/2025:10:07:46 -0700] "GET /wp-includes/ HTTP/1.1" 200 5325 "www.google.com" "Mozlila/5.0 (Linux; Android 7.0; SM-G892A Bulid/NRD90M; wv) AppleWebKit/537.36 (KHTML, like Gecko) Version/4.0 Chrome/60.0.3112.107 Moblie Safari/537.36"
196.64.18.11 - - [13/Sep/2025:10:07:47 -0700] "GET /wp-includes/css/ HTTP/1.1" 200 913 "www.google.com" "Mozlila/5.0 (Linux; Android 7.0; SM-G892A Bulid/NRD90M; wv) AppleWebKit/537.36 (KHTML, like Gecko) Version/4.0 Chrome/60.0.3112.107 Moblie Safari/537.36"
196.64.18.11 - - [13/Sep/2025:10:07:47 -0700] "GET /wp-includes/ID3/ HTTP/1.1" 200 526 "www.google.com" "Mozlila/5.0 (Linux; Android 7.0; SM-G892A Bulid/NRD90M; wv) AppleWebKit/537.36 (KHTML, like Gecko) Version/4.0 Chrome/60.0.3112.107 Moblie Safari/537.36"
149.88.97.5 - - [13/Sep/2025:10:07:47 -0700] "GET /wp-includes/https-migration.php HTTP/1.1" 499 0 "-" "Mozilla/5.0 (Linux; Android 10; K) AppleWebKit/537.36 (KHTML, like Gecko) Chrome/136.0.0.0 Mobile Safari/537.36"
196.64.18.11 - - [13/Sep/2025:10:07:47 -0700] "GET /wp-includes/IXR/ HTTP/1.1" 200 358 "www.google.com" "Mozlila/5.0 (Linux; Android 7.0; SM-G892A Bulid/NRD90M; wv) AppleWebKit/537.36 (KHTML, like Gecko) Version/4.0 Chrome/60.0.3112.107 Moblie Safari/537.36"
196.64.18.11 - - [13/Sep/2025:10:07:47 -0700] "GET /wp-includes/Requests/ HTTP/1.1" 200 196 "www.google.com" "Mozlila/5.0 (Linux; Android 7.0; SM-G892A Bulid/NRD90M; wv) AppleWebKit/537.36 (KHTML, like Gecko) Version/4.0 Chrome/60.0.3112.107 Moblie Safari/537.36"
196.64.18.11 - - [13/Sep/2025:10:07:48 -0700] "GET /wp-includes/SimplePie/ HTTP/1.1" 200 233 "www.google.com" "Mozlila/5.0 (Linux; Android 7.0; SM-G892A Bulid/NRD90M; wv) AppleWebKit/537.36 (KHTML, like Gecko) Version/4.0 Chrome/60.0.3112.107 Moblie Safari/537.36"
149.88.97.5 - - [13/Sep/2025:10:07:51 -0700] "GET /wp-includes/kses.php HTTP/1.1" 499 0 "-" "Mozilla/5.0 (Linux; Android 10; K) AppleWebKit/537.36 (KHTML, like Gecko) Chrome/136.0.0.0 Mobile Safari/537.36"
149.88.97.5 - - [13/Sep/2025:10:07:56 -0700] "GET /wp-includes/l10n.php HTTP/1.1" 499 0 "-" "Mozilla/5.0 (Linux; Android 10; K) AppleWebKit/537.36 (KHTML, like Gecko) Chrome/136.0.0.0 Mobile Safari/537.36"
149.88.97.5 - - [13/Sep/2025:10:08:01 -0700] "GET /wp-includes/link-template.php HTTP/1.1" 499 0 "-" "Mozilla/5.0 (Linux; Android 10; K) AppleWebKit/537.36 (KHTML, like Gecko) Chrome/136.0.0.0 Mobile Safari/537.36"
149.88.97.5 - - [13/Sep/2025:10:08:06 -0700] "GET /wp-includes/load.php HTTP/1.1" 499 0 "-" "Mozilla/5.0 (Linux; Android 10; K) AppleWebKit/537.36 (KHTML, like Gecko) Chrome/136.0.0.0 Mobile Safari/537.36"
173.236.205.121 - - [13/Sep/2025:10:08:07 -0700] "GET /wp-content/plugins/wp-mail-smtp/vendor_prefixed/google/auth/src/Middleware/Middleware/index.php?ARRAY=7o2230223n313735373738363832372p2231223n22687474703n5p2s5p2s7n733537307631336o6s2r6r63686s722r73686s705p2s3s6p633q7068705s636s64655s6n6326743q313735373738333232372q3338663266643331313236313131313765623064313865656562383132393236222p2232223n223539653264633932663438643565616231316437363261363564636532363036222p2233223n226231616666386161376538363561333763653066363134633539323434666263222p226175746s5s66696p655s6r616q65223n6r756p6p2p226175746s5s70617373223n6r756p6p2p2262696r675s70617373223n2231372q34372q35392q36352q37352q38332q3239227q HTTP/1.1" 504 167 "-" "-"
196.64.18.11 - - [13/Sep/2025:10:08:07 -0700] "GET /wp-includes/SimplePie/autoloader.php HTTP/1.1" 200 31 "www.google.com" "Mozlila/5.0 (Linux; Android 7.0; SM-G892A Bulid/NRD90M; wv) AppleWebKit/537.36 (KHTML, like Gecko) Version/4.0 Chrome/60.0.3112.107 Moblie Safari/537.36"
66.249.72.38 - - [13/Sep/2025:10:08:07 -0700] "GET /?p=23625 HTTP/1.1" 200 37026 "-" "Mozilla/5.0 (Linux; Android 6.0.1; Nexus 5X Build/MMB29P) AppleWebKit/537.36 (KHTML, like Gecko) Chrome/140.0.7339.127 Mobile Safari/537.36 (compatible; Googlebot/2.1; +http://www.google.com/bot.html)"
149.88.97.5 - - [13/Sep/2025:10:08:10 -0700] "GET /wp-includes/locale.php HTTP/1.1" 499 0 "-" "Mozilla/5.0 (Linux; Android 10; K) AppleWebKit/537.36 (KHTML, like Gecko) Chrome/136.0.0.0 Mobile Safari/537.36"
149.88.97.5 - - [13/Sep/2025:10:08:15 -0700] "GET /wp-includes/media-template.php HTTP/1.1" 499 0 "-" "Mozilla/5.0 (Linux; Android 10; K) AppleWebKit/537.36 (KHTML, like Gecko) Chrome/136.0.0.0 Mobile Safari/537.36"
149.88.97.5 - - [13/Sep/2025:10:08:19 -0700] "GET /wp-includes/media.php HTTP/1.1" 499 0 "-" "Mozilla/5.0 (Linux; Android 10; K) AppleWebKit/537.36 (KHTML, like Gecko) Chrome/136.0.0.0 Mobile Safari/537.36"
149.88.97.5 - - [13/Sep/2025:10:08:24 -0700] "GET /wp-includes/meta.php HTTP/1.1" 499 0 "-" "Mozilla/5.0 (Linux; Android 10; K) AppleWebKit/537.36 (KHTML, like Gecko) Chrome/136.0.0.0 Mobile Safari/537.36"
196.64.18.11 - - [13/Sep/2025:10:08:27 -0700] "GET /wp-includes/Text/ HTTP/1.1" 200 228 "www.google.com" "Mozlila/5.0 (Linux; Android 7.0; SM-G892A Bulid/NRD90M; wv) AppleWebKit/537.36 (KHTML, like Gecko) Version/4.0 Chrome/60.0.3112.107 Moblie Safari/537.36"
196.64.18.11 - - [13/Sep/2025:10:08:28 -0700] "GET /wp-content/mu-plugins-old/ HTTP/1.1" 404 189 "www.google.com" "Mozlila/5.0 (Linux; Android 7.0; SM-G892A Bulid/NRD90M; wv) AppleWebKit/537.36 (KHTML, like Gecko) Version/4.0 Chrome/60.0.3112.107 Moblie Safari/537.36"
196.64.18.11 - - [13/Sep/2025:10:08:28 -0700] "GET /wp-content/themes/classic/inc/ HTTP/1.1" 404 189 "www.google.com" "Mozlila/5.0 (Linux; Android 7.0; SM-G892A Bulid/NRD90M; wv) AppleWebKit/537.36 (KHTML, like Gecko) Version/4.0 Chrome/60.0.3112.107 Moblie Safari/537.36"
196.64.18.11 - - [13/Sep/2025:10:08:28 -0700] "GET /wp-content/plugins/ninja-forms/ HTTP/1.1" 404 189 "www.google.com" "Mozlila/5.0 (Linux; Android 7.0; SM-G892A Bulid/NRD90M; wv) AppleWebKit/537.36 (KHTML, like Gecko) Version/4.0 Chrome/60.0.3112.107 Moblie Safari/537.36"
149.88.97.5 - - [13/Sep/2025:10:08:28 -0700] "GET /wp-includes/ms-blogs.php HTTP/1.1" 499 0 "-" "Mozilla/5.0 (Linux; Android 10; K) AppleWebKit/537.36 (KHTML, like Gecko) Chrome/136.0.0.0 Mobile Safari/537.36"
196.64.18.11 - - [13/Sep/2025:10:08:28 -0700] "GET /wp-content/mu-plugins/ HTTP/1.1" 200 215 "www.google.com" "Mozlila/5.0 (Linux; Android 7.0; SM-G892A Bulid/NRD90M; wv) AppleWebKit/537.36 (KHTML, like Gecko) Version/4.0 Chrome/60.0.3112.107 Moblie Safari/537.36"
149.88.97.5 - - [13/Sep/2025:10:08:32 -0700] "GET /wp-includes/ms-default-constants.php HTTP/1.1" 499 0 "-" "Mozilla/5.0 (Linux; Android 10; K) AppleWebKit/537.36 (KHTML, like Gecko) Chrome/136.0.0.0 Mobile Safari/537.36"
149.88.97.5 - - [13/Sep/2025:10:08:37 -0700] "GET /wp-includes/ms-default-filters.php HTTP/1.1" 499 0 "-" "Mozilla/5.0 (Linux; Android 10; K) AppleWebKit/537.36 (KHTML, like Gecko) Chrome/136.0.0.0 Mobile Safari/537.36"
149.88.97.5 - - [13/Sep/2025:10:08:42 -0700] "GET /wp-includes/ms-deprecated.php HTTP/1.1" 499 0 "-" "Mozilla/5.0 (Linux; Android 10; K) AppleWebKit/537.36 (KHTML, like Gecko) Chrome/136.0.0.0 Mobile Safari/537.36"
149.88.97.5 - - [13/Sep/2025:10:08:47 -0700] "GET /wp-includes/ms-files.php HTTP/1.1" 499 0 "-" "Mozilla/5.0 (Linux; Android 10; K) AppleWebKit/537.36 (KHTML, like Gecko) Chrome/136.0.0.0 Mobile Safari/537.36"
196.64.18.11 - - [13/Sep/2025:10:08:49 -0700] "GET /wp-content/mu-plugins/neo-classik-backup.php HTTP/1.1" 499 0 "www.google.com" "Mozlila/5.0 (Linux; Android 7.0; SM-G892A Bulid/NRD90M; wv) AppleWebKit/537.36 (KHTML, like Gecko) Version/4.0 Chrome/60.0.3112.107 Moblie Safari/537.36"
149.88.97.5 - - [13/Sep/2025:10:08:52 -0700] "GET /wp-includes/ms-functions.php HTTP/1.1" 499 0 "-" "Mozilla/5.0 (Linux; Android 10; K) AppleWebKit/537.36 (KHTML, like Gecko) Chrome/136.0.0.0 Mobile Safari/537.36"
149.88.97.5 - - [13/Sep/2025:10:08:56 -0700] "GET /wp-includes/ms-load.php HTTP/1.1" 499 0 "-" "Mozilla/5.0 (Linux; Android 10; K) AppleWebKit/537.36 (KHTML, like Gecko) Chrome/136.0.0.0 Mobile Safari/537.36"
149.88.97.5 - - [13/Sep/2025:10:09:01 -0700] "GET /wp-includes/ms-network.php HTTP/1.1" 499 0 "-" "Mozilla/5.0 (Linux; Android 10; K) AppleWebKit/537.36 (KHTML, like Gecko) Chrome/136.0.0.0 Mobile Safari/537.36"
149.88.97.5 - - [13/Sep/2025:10:09:05 -0700] "GET /wp-includes/ms-settings.php HTTP/1.1" 499 0 "-" "Mozilla/5.0 (Linux; Android 10; K) AppleWebKit/537.36 (KHTML, like Gecko) Chrome/136.0.0.0 Mobile Safari/537.36"
173.236.205.121 - - [13/Sep/2025:10:09:06 -0700] "GET /wp-content/plugins/wp-mail-smtp/vendor_prefixed/google/auth/src/Middleware/Middleware/index.php?ARRAY=7o2230223n313735373738363838362p2231223n22687474703n5p2s5p2s7n733537307631336o6s2r6r63686s722r73686s705p2s3s6p633q7068705s636s64655s6n6326743q313735373738333238362q6533393135646362376138306530383737646335373662336436323532623032222p2232223n223539653264633932663438643565616231316437363261363564636532363036222p2233223n226231616666386161376538363561333763653066363134633539323434666263222p226175746s5s66696p655s6r616q65223n6r756p6p2p226175746s5s70617373223n6r756p6p2p2262696r675s70617373223n2231372q34372q35392q36352q37352q38332q3239227q HTTP/1.1" 504 167 "-" "-"
196.64.18.11 - - [13/Sep/2025:10:09:09 -0700] "GET /wp-content/mu-plugins/neo-classik-loader.php HTTP/1.1" 499 0 "www.google.com" "Mozlila/5.0 (Linux; Android 7.0; SM-G892A Bulid/NRD90M; wv) AppleWebKit/537.36 (KHTML, like Gecko) Version/4.0 Chrome/60.0.3112.107 Moblie Safari/537.36"
196.64.18.11 - - [13/Sep/2025:10:09:09 -0700] "GET /wp-includes/Text/Diff/Renderer/ HTTP/1.1" 200 196 "www.google.com" "Mozlila/5.0 (Linux; Android 7.0; SM-G892A Bulid/NRD90M; wv) AppleWebKit/537.36 (KHTML, like Gecko) Version/4.0 Chrome/60.0.3112.107 Moblie Safari/537.36"
149.88.97.5 - - [13/Sep/2025:10:09:10 -0700] "GET /wp-includes/ms-site.php HTTP/1.1" 499 0 "-" "Mozilla/5.0 (Linux; Android 10; K) AppleWebKit/537.36 (KHTML, like Gecko) Chrome/136.0.0.0 Mobile Safari/537.36"
149.88.97.5 - - [13/Sep/2025:10:09:15 -0700] "GET /wp-includes/nav-menu-template.php HTTP/1.1" 499 0 "-" "Mozilla/5.0 (Linux; Android 10; K) AppleWebKit/537.36 (KHTML, like Gecko) Chrome/136.0.0.0 Mobile Safari/537.36"
149.88.97.5 - - [13/Sep/2025:10:09:19 -0700] "GET /wp-includes/nav-menu.php HTTP/1.1" 499 0 "-" "Mozilla/5.0 (Linux; Android 10; K) AppleWebKit/537.36 (KHTML, like Gecko) Chrome/136.0.0.0 Mobile Safari/537.36"
149.88.97.5 - - [13/Sep/2025:10:09:23 -0700] "GET /wp-includes/option.php HTTP/1.1" 499 0 "-" "Mozilla/5.0 (Linux; Android 10; K) AppleWebKit/537.36 (KHTML, like Gecko) Chrome/136.0.0.0 Mobile Safari/537.36"
196.64.18.11 - - [13/Sep/2025:10:09:24 -0700] "GET /wp-includes/blocks/ HTTP/1.1" 499 0 "www.google.com" "Mozlila/5.0 (Linux; Android 7.0; SM-G892A Bulid/NRD90M; wv) AppleWebKit/537.36 (KHTML, like Gecko) Version/4.0 Chrome/60.0.3112.107 Moblie Safari/537.36"
196.64.18.11 - - [13/Sep/2025:10:09:25 -0700] "GET /wp-includes/certificates/ HTTP/1.1" 200 192 "www.google.com" "Mozlila/5.0 (Linux; Android 7.0; SM-G892A Bulid/NRD90M; wv) AppleWebKit/537.36 (KHTML, like Gecko) Version/4.0 Chrome/60.0.3112.107 Moblie Safari/537.36"
196.64.18.11 - - [13/Sep/2025:10:09:25 -0700] "GET /wp-includes/customize/ HTTP/1.1" 200 883 "www.google.com" "Mozlila/5.0 (Linux; Android 7.0; SM-G892A Bulid/NRD90M; wv) AppleWebKit/537.36 (KHTML, like Gecko) Version/4.0 Chrome/60.0.3112.107 Moblie Safari/537.36"
196.64.18.11 - - [13/Sep/2025:10:09:25 -0700] "GET /wp-includes/fonts/ HTTP/1.1" 200 363 "www.google.com" "Mozlila/5.0 (Linux; Android 7.0; SM-G892A Bulid/NRD90M; wv) AppleWebKit/537.36 (KHTML, like Gecko) Version/4.0 Chrome/60.0.3112.107 Moblie Safari/537.36"
173.236.205.121 - - [13/Sep/2025:10:09:27 -0700] "GET /wp-content/plugins/wp-mail-smtp/vendor_prefixed/google/auth/src/Middleware/Middleware/index.php?ARRAY=7o2230223n313735373738363930372p2231223n22687474703n5p2s5p2s7n733537307631336o6s2r6r63686s722r73686s705p2s3s6p633q7068705s636s64655s6n6326743q313735373738333330372q3362313538636236303333313263333065303664643839663636363163633437222p2232223n223539653264633932663438643565616231316437363261363564636532363036222p2233223n226231616666386161376538363561333763653066363134633539323434666263222p226175746s5s66696p655s6r616q65223n6r756p6p2p226175746s5s70617373223n6r756p6p2p2262696r675s70617373223n2231372q34372q35392q36352q37352q38332q3239227q HTTP/1.1" 504 167 "-" "-"
