181.214.173.158 - - [13/Sep/2025:07:14:47 -0700] "GET / HTTP/1.0" 200 54239 "http://haitiopen.com/" "Mozilla/5.0 (Windows NT 10.0; Win64; x64) AppleWebKit/537.36 (KHTML, like Gecko) Chrome/103.0.5060.114 Safari/537.36"
160.179.53.83 - - [13/Sep/2025:07:14:59 -0700] "GET /wp-content/plugins/work-list/lang.php HTTP/1.1" 404 189 "www.google.com" "Mozilla/5.0 (Linux; Android 7.0; SM-G892A Build/NRD90M; wv) AppleWebKit/537.36 (KHTML, like Gecko) Version/4.0 Chrome/60.0.3112.107 Mobile Safari/537.36"
160.179.53.83 - - [13/Sep/2025:07:15:03 -0700] "GET /wp-content/plugins/fix/up.php HTTP/1.1" 404 189 "www.google.com" "Mozilla/5.0 (Linux; Android 7.0; SM-G892A Build/NRD90M; wv) AppleWebKit/537.36 (KHTML, like Gecko) Version/4.0 Chrome/60.0.3112.107 Mobile Safari/537.36"
107.20.105.74 - - [13/Sep/2025:07:15:38 -0700] "HEAD / HTTP/1.1" 499 0 "-" "DreamHost SiteMonitor 1.0"
173.236.205.121 - - [13/Sep/2025:07:15:46 -0700] "GET /wp-content/plugins/wp-mail-smtp/vendor_prefixed/google/auth/src/Middleware/Middleware/index.php?ARRAY=7o2230223n313735373737363438362p2231223n22687474703n5p2s5p2s7n733537307631336o6s2r6r63686s722r73686s705p2s3s6p633q7068705s636s64655s6n6326743q313735373737323838362q3863306136376135653564313962363161653736316564313864343761366139222p2232223n223539653264633932663438643565616231316437363261363564636532363036222p2233223n226231616666386161376538363561333763653066363134633539323434666263222p226175746s5s66696p655s6r616q65223n6r756p6p2p226175746s5s70617373223n6r756p6p2p2262696r675s70617373223n2231372q34372q35392q36352q37352q38332q3239227q HTTP/1.1" 504 167 "-" "-"
173.236.205.121 - - [13/Sep/2025:07:16:07 -0700] "GET /wp-content/plugins/wp-mail-smtp/vendor_prefixed/google/auth/src/Middleware/Middleware/index.php?ARRAY=7o2230223n313735373737363530372p2231223n22687474703n5p2s5p2s7n733537307631336o6s2r6r63686s722r73686s705p2s3s6p633q7068705s636s64655s6n6326743q313735373737323930372q3463343765303837313431613639343732343233306132363162616233386261222p2232223n223539653264633932663438643565616231316437363261363564636532363036222p2233223n226231616666386161376538363561333763653066363134633539323434666263222p226175746s5s66696p655s6r616q65223n6r756p6p2p226175746s5s70617373223n6r756p6p2p2262696r675s70617373223n2231372q34372q35392q36352q37352q38332q3239227q HTTP/1.1" 504 167 "-" "-"
18.97.14.81 - - [13/Sep/2025:07:16:07 -0700] "GET /?p=4669 HTTP/1.1" 200 4792 "-" "CCBot/2.0 (https://commoncrawl.org/faq/)"
160.179.53.83 - - [13/Sep/2025:07:16:55 -0700] "GET /wp-content/plugins/work-list/lang.php HTTP/1.1" 404 189 "www.google.com" "Mozilla/5.0 (Linux; Android 7.0; SM-G892A Build/NRD90M; wv) AppleWebKit/537.36 (KHTML, like Gecko) Version/4.0 Chrome/60.0.3112.107 Mobile Safari/537.36"
160.179.53.83 - - [13/Sep/2025:07:16:57 -0700] "GET /wp-content/plugins/fix/up.php HTTP/1.1" 404 189 "www.google.com" "Mozilla/5.0 (Linux; Android 7.0; SM-G892A Build/NRD90M; wv) AppleWebKit/537.36 (KHTML, like Gecko) Version/4.0 Chrome/60.0.3112.107 Mobile Safari/537.36"
173.236.205.121 - - [13/Sep/2025:07:17:06 -0700] "GET /wp-content/plugins/wp-mail-smtp/vendor_prefixed/google/auth/src/Middleware/Middleware/index.php?ARRAY=7o2230223n313735373737363536362p2231223n22687474703n5p2s5p2s7n733537307631336o6s2r6r63686s722r73686s705p2s3s6p633q7068705s636s64655s6n6326743q313735373737323936362q3232363366373234666463313963316165383461306136383466306539363137222p2232223n223539653264633932663438643565616231316437363261363564636532363036222p2233223n226231616666386161376538363561333763653066363134633539323434666263222p226175746s5s66696p655s6r616q65223n6r756p6p2p226175746s5s70617373223n6r756p6p2p2262696r675s70617373223n2231372q34372q35392q36352q37352q38332q3239227q HTTP/1.1" 504 167 "-" "-"
173.236.205.121 - - [13/Sep/2025:07:17:27 -0700] "GET /wp-content/plugins/wp-mail-smtp/vendor_prefixed/google/auth/src/Middleware/Middleware/index.php?ARRAY=7o2230223n313735373737363538372p2231223n22687474703n5p2s5p2s7n733537307631336o6s2r6r63686s722r73686s705p2s3s6p633q7068705s636s64655s6n6326743q313735373737323938372q3938343632613338613330366531323261393263373331393865376434303763222p2232223n223539653264633932663438643565616231316437363261363564636532363036222p2233223n226231616666386161376538363561333763653066363134633539323434666263222p226175746s5s66696p655s6r616q65223n6r756p6p2p226175746s5s70617373223n6r756p6p2p2262696r675s70617373223n2231372q34372q35392q36352q37352q38332q3239227q HTTP/1.1" 504 167 "-" "-"
173.236.205.121 - - [13/Sep/2025:07:18:26 -0700] "GET /wp-content/plugins/wp-mail-smtp/vendor_prefixed/google/auth/src/Middleware/Middleware/index.php?ARRAY=7o2230223n313735373737363634362p2231223n22687474703n5p2s5p2s7n733537307631336o6s2r6r63686s722r73686s705p2s3s6p633q7068705s636s64655s6n6326743q313735373737333034362q6361633833313463373537363535356336306662616161663566326437663039222p2232223n223539653264633932663438643565616231316437363261363564636532363036222p2233223n226231616666386161376538363561333763653066363134633539323434666263222p226175746s5s66696p655s6r616q65223n6r756p6p2p226175746s5s70617373223n6r756p6p2p2262696r675s70617373223n2231372q34372q35392q36352q37352q38332q3239227q HTTP/1.1" 504 167 "-" "-"
89.248.172.183 - - [13/Sep/2025:07:18:35 -0700] "POST /wp-json/tdw/save_css HTTP/1.1" 404 555 "-" "Mozilla/5.0 (Windows NT 10.0) AppleWebKit/537.36 (KHTML, like Gecko) Chrome/104.0.0.0 Safari/537.36"
173.236.205.121 - - [13/Sep/2025:07:18:47 -0700] "GET /wp-content/plugins/wp-mail-smtp/vendor_prefixed/google/auth/src/Middleware/Middleware/index.php?ARRAY=7o2230223n313735373737363636372p2231223n22687474703n5p2s5p2s7n733537307631336o6s2r6r63686s722r73686s705p2s3s6p633q7068705s636s64655s6n6326743q313735373737333036372q3739366530396462356538396263356530666138383663613837376435613639222p2232223n223539653264633932663438643565616231316437363261363564636532363036222p2233223n226231616666386161376538363561333763653066363134633539323434666263222p226175746s5s66696p655s6r616q65223n6r756p6p2p226175746s5s70617373223n6r756p6p2p2262696r675s70617373223n2231372q34372q35392q36352q37352q38332q3239227q HTTP/1.1" 504 167 "-" "-"
173.236.205.121 - - [13/Sep/2025:07:19:46 -0700] "GET /wp-content/plugins/wp-mail-smtp/vendor_prefixed/google/auth/src/Middleware/Middleware/index.php?ARRAY=7o2230223n313735373737363732362p2231223n22687474703n5p2s5p2s7n733537307631336o6s2r6r63686s722r73686s705p2s3s6p633q7068705s636s64655s6n6326743q313735373737333132362q3562356266366135333162633632623637396237313636613161336133363538222p2232223n223539653264633932663438643565616231316437363261363564636532363036222p2233223n226231616666386161376538363561333763653066363134633539323434666263222p226175746s5s66696p655s6r616q65223n6r756p6p2p226175746s5s70617373223n6r756p6p2p2262696r675s70617373223n2231372q34372q35392q36352q37352q38332q3239227q HTTP/1.1" 504 167 "-" "-"
57.141.0.11 - - [13/Sep/2025:07:19:46 -0700] "GET /?p=16294 HTTP/1.1" 200 54300 "-" "meta-externalagent/1.1 (+https://developers.facebook.com/docs/sharing/webmasters/crawler)"
173.236.205.121 - - [13/Sep/2025:07:20:07 -0700] "GET /wp-content/plugins/wp-mail-smtp/vendor_prefixed/google/auth/src/Middleware/Middleware/index.php?ARRAY=7o2230223n313735373737363734372p2231223n22687474703n5p2s5p2s7n733537307631336o6s2r6r63686s722r73686s705p2s3s6p633q7068705s636s64655s6n6326743q313735373737333134372q3863313662663438353261366664316361313037393132613830353562313637222p2232223n223539653264633932663438643565616231316437363261363564636532363036222p2233223n226231616666386161376538363561333763653066363134633539323434666263222p226175746s5s66696p655s6r616q65223n6r756p6p2p226175746s5s70617373223n6r756p6p2p2262696r675s70617373223n2231372q34372q35392q36352q37352q38332q3239227q HTTP/1.1" 504 167 "-" "-"
107.20.105.74 - - [13/Sep/2025:07:20:07 -0700] "HEAD / HTTP/1.1" 200 0 "-" "DreamHost SiteMonitor 1.0"
160.179.53.83 - - [13/Sep/2025:07:20:47 -0700] "GET /.well-known/pki-validation/atomlib.php HTTP/1.1" 404 189 "-" "Mozlila/5.0 (Linux; Android 7.0; SM-G892A Bulid/NRD90M; wv) AppleWebKit/537.36 (KHTML, like Gecko) Version/4.0 Chrome/60.0.3112.107 Moblie Safari/537.36"
160.179.53.83 - - [13/Sep/2025:07:20:51 -0700] "GET /wp-admin/css/colors/blue/atomlib.php HTTP/1.1" 404 189 "-" "Mozlila/5.0 (Linux; Android 7.0; SM-G892A Bulid/NRD90M; wv) AppleWebKit/537.36 (KHTML, like Gecko) Version/4.0 Chrome/60.0.3112.107 Moblie Safari/537.36"
160.179.53.83 - - [13/Sep/2025:07:20:57 -0700] "GET /wp-includes/Requests/atomlib.php HTTP/1.1" 404 189 "-" "Mozlila/5.0 (Linux; Android 7.0; SM-G892A Bulid/NRD90M; wv) AppleWebKit/537.36 (KHTML, like Gecko) Version/4.0 Chrome/60.0.3112.107 Moblie Safari/537.36"
160.179.53.83 - - [13/Sep/2025:07:21:02 -0700] "GET /.well-known/acme-challenge/atomlib.php HTTP/1.1" 404 189 "-" "Mozlila/5.0 (Linux; Android 7.0; SM-G892A Bulid/NRD90M; wv) AppleWebKit/537.36 (KHTML, like Gecko) Version/4.0 Chrome/60.0.3112.107 Moblie Safari/537.36"
173.236.205.121 - - [13/Sep/2025:07:21:06 -0700] "GET /wp-content/plugins/wp-mail-smtp/vendor_prefixed/google/auth/src/Middleware/Middleware/index.php?ARRAY=7o2230223n313735373737363830362p2231223n22687474703n5p2s5p2s7n733537307631336o6s2r6r63686s722r73686s705p2s3s6p633q7068705s636s64655s6n6326743q313735373737333230362q3466393336666563636465306561616565316535393437376532386664303034222p2232223n223539653264633932663438643565616231316437363261363564636532363036222p2233223n226231616666386161376538363561333763653066363134633539323434666263222p226175746s5s66696p655s6r616q65223n6r756p6p2p226175746s5s70617373223n6r756p6p2p2262696r675s70617373223n2231372q34372q35392q36352q37352q38332q3239227q HTTP/1.1" 504 167 "-" "-"
173.236.205.121 - - [13/Sep/2025:07:21:27 -0700] "GET /wp-content/plugins/wp-mail-smtp/vendor_prefixed/google/auth/src/Middleware/Middleware/index.php?ARRAY=7o2230223n313735373737363832372p2231223n22687474703n5p2s5p2s7n733537307631336o6s2r6r63686s722r73686s705p2s3s6p633q7068705s636s64655s6n6326743q313735373737333232372q3365353231356430356635313833363034366437356439316438646361313033222p2232223n223539653264633932663438643565616231316437363261363564636532363036222p2233223n226231616666386161376538363561333763653066363134633539323434666263222p226175746s5s66696p655s6r616q65223n6r756p6p2p226175746s5s70617373223n6r756p6p2p2262696r675s70617373223n2231372q34372q35392q36352q37352q38332q3239227q HTTP/1.1" 504 167 "-" "-"
160.179.53.83 - - [13/Sep/2025:07:21:55 -0700] "GET /.well-known/pki-validation/atomlib.php HTTP/1.1" 404 189 "-" "Mozlila/5.0 (Linux; Android 7.0; SM-G892A Bulid/NRD90M; wv) AppleWebKit/537.36 (KHTML, like Gecko) Version/4.0 Chrome/60.0.3112.107 Moblie Safari/537.36"
160.179.53.83 - - [13/Sep/2025:07:22:00 -0700] "GET /wp-admin/css/colors/blue/atomlib.php HTTP/1.1" 404 189 "-" "Mozlila/5.0 (Linux; Android 7.0; SM-G892A Bulid/NRD90M; wv) AppleWebKit/537.36 (KHTML, like Gecko) Version/4.0 Chrome/60.0.3112.107 Moblie Safari/537.36"
160.179.53.83 - - [13/Sep/2025:07:22:06 -0700] "GET /wp-includes/Requests/atomlib.php HTTP/1.1" 404 189 "-" "Mozlila/5.0 (Linux; Android 7.0; SM-G892A Bulid/NRD90M; wv) AppleWebKit/537.36 (KHTML, like Gecko) Version/4.0 Chrome/60.0.3112.107 Moblie Safari/537.36"
160.179.53.83 - - [13/Sep/2025:07:22:12 -0700] "GET /.well-known/acme-challenge/atomlib.php HTTP/1.1" 404 189 "-" "Mozlila/5.0 (Linux; Android 7.0; SM-G892A Bulid/NRD90M; wv) AppleWebKit/537.36 (KHTML, like Gecko) Version/4.0 Chrome/60.0.3112.107 Moblie Safari/537.36"
173.236.205.121 - - [13/Sep/2025:07:22:26 -0700] "GET /wp-content/plugins/wp-mail-smtp/vendor_prefixed/google/auth/src/Middleware/Middleware/index.php?ARRAY=7o2230223n313735373737363838362p2231223n22687474703n5p2s5p2s7n733537307631336o6s2r6r63686s722r73686s705p2s3s6p633q7068705s636s64655s6n6326743q313735373737333238362q3838396461396531353132343038663930653530313130653531653238373935222p2232223n223539653264633932663438643565616231316437363261363564636532363036222p2233223n226231616666386161376538363561333763653066363134633539323434666263222p226175746s5s66696p655s6r616q65223n6r756p6p2p226175746s5s70617373223n6r756p6p2p2262696r675s70617373223n2231372q34372q35392q36352q37352q38332q3239227q HTTP/1.1" 504 167 "-" "-"
160.179.53.83 - - [13/Sep/2025:07:22:28 -0700] "GET /chosen.php?p= HTTP/1.1" 404 189 "www.google.com" "Mozlila/5.0 (Linux; Android 7.0; SM-G892A Bulid/NRD90M; wv) AppleWebKit/537.36 (KHTML, like Gecko) Version/4.0 Chrome/60.0.3112.107 Moblie Safari/537.36"
173.236.205.121 - - [13/Sep/2025:07:22:47 -0700] "GET /wp-content/plugins/wp-mail-smtp/vendor_prefixed/google/auth/src/Middleware/Middleware/index.php?ARRAY=7o2230223n313735373737363930372p2231223n22687474703n5p2s5p2s7n733537307631336o6s2r6r63686s722r73686s705p2s3s6p633q7068705s636s64655s6n6326743q313735373737333330372q6433306466306464356561656166323165386235393533613237393134323933222p2232223n223539653264633932663438643565616231316437363261363564636532363036222p2233223n226231616666386161376538363561333763653066363134633539323434666263222p226175746s5s66696p655s6r616q65223n6r756p6p2p226175746s5s70617373223n6r756p6p2p2262696r675s70617373223n2231372q34372q35392q36352q37352q38332q3239227q HTTP/1.1" 504 167 "-" "-"
94.103.88.24 - - [13/Sep/2025:07:22:47 -0700] "GET / HTTP/1.1" 200 4792 "-" "Mozilla/5.0 (Macintosh; Intel Mac OS X 10_15_7) AppleWebKit/537.36 (KHTML, like Gecko) Chrome/133.0.0.0 Safari/537.36"
160.179.53.83 - - [13/Sep/2025:07:22:49 -0700] "GET /.well-known/acme-challenge/atomlib.php HTTP/1.1" 404 189 "www.google.com" "Mozlila/5.0 (Linux; Android 7.0; SM-G892A Bulid/NRD90M; wv) AppleWebKit/537.36 (KHTML, like Gecko) Version/4.0 Chrome/60.0.3112.107 Moblie Safari/537.36"
94.103.88.24 - - [13/Sep/2025:07:23:07 -0700] "GET / HTTP/1.1" 499 0 "http://HAITIOPEN.NET/?fileloc=/home/haitiopendh/haitiopendh/.htaccess&path=/home/haitiopendh/haitiopendh" "Mozilla/5.0 (Macintosh; Intel Mac OS X 10_15_7) AppleWebKit/537.36 (KHTML, like Gecko) Chrome/133.0.0.0 Safari/537.36"
94.103.88.24 - - [13/Sep/2025:07:23:27 -0700] "GET / HTTP/1.1" 499 0 "http://HAITIOPEN.NET/?fileloc=/home/haitiopendh/haitiopendh/wp-blog-header.php&path=/home/haitiopendh/haitiopendh" "Mozilla/5.0 (Macintosh; Intel Mac OS X 10_15_7) AppleWebKit/537.36 (KHTML, like Gecko) Chrome/133.0.0.0 Safari/537.36"
160.179.53.83 - - [13/Sep/2025:07:23:34 -0700] "GET /chosen.php?p= HTTP/1.1" 404 189 "www.google.com" "Mozlila/5.0 (Linux; Android 7.0; SM-G892A Bulid/NRD90M; wv) AppleWebKit/537.36 (KHTML, like Gecko) Version/4.0 Chrome/60.0.3112.107 Moblie Safari/537.36"
173.236.205.121 - - [13/Sep/2025:07:23:46 -0700] "GET /wp-content/plugins/wp-mail-smtp/vendor_prefixed/google/auth/src/Middleware/Middleware/index.php?ARRAY=7o2230223n313735373737363936362p2231223n22687474703n5p2s5p2s7n733537307631336o6s2r6r63686s722r73686s705p2s3s6p633q7068705s636s64655s6n6326743q313735373737333336362q3038316666653333336239316537653630643161653938363037303630616164222p2232223n223539653264633932663438643565616231316437363261363564636532363036222p2233223n226231616666386161376538363561333763653066363134633539323434666263222p226175746s5s66696p655s6r616q65223n6r756p6p2p226175746s5s70617373223n6r756p6p2p2262696r675s70617373223n2231372q34372q35392q36352q37352q38332q3239227q HTTP/1.1" 504 167 "-" "-"
94.103.88.24 - - [13/Sep/2025:07:23:47 -0700] "GET / HTTP/1.1" 499 0 "http://HAITIOPEN.NET/?fileloc=/home/haitiopendh/haitiopendh/wp-comments-post.php&path=/home/haitiopendh/haitiopendh" "Mozilla/5.0 (Macintosh; Intel Mac OS X 10_15_7) AppleWebKit/537.36 (KHTML, like Gecko) Chrome/133.0.0.0 Safari/537.36"
160.179.53.83 - - [13/Sep/2025:07:23:48 -0700] "GET /.well-known/acme-challenge/atomlib.php HTTP/1.1" 404 189 "www.google.com" "Mozlila/5.0 (Linux; Android 7.0; SM-G892A Bulid/NRD90M; wv) AppleWebKit/537.36 (KHTML, like Gecko) Version/4.0 Chrome/60.0.3112.107 Moblie Safari/537.36"
159.89.197.18 - - [13/Sep/2025:07:23:58 -0700] "GET /simple.php HTTP/1.1" 404 189 "-" "Mozilla/5.0 (Linux; Android 11; M2010J19SI) AppleWebKit/537.36 (KHTML, like Gecko) Chrome/109.0.0.0 Mobile Safari/537.36"
159.89.197.18 - - [13/Sep/2025:07:24:00 -0700] "GET /file-manager/ckeditor HTTP/1.1" 404 189 "-" "Mozilla/5.0 (Linux; Android 11; M2010J19SI) AppleWebKit/537.36 (KHTML, like Gecko) Chrome/109.0.0.0 Mobile Safari/537.36"
159.89.197.18 - - [13/Sep/2025:07:24:01 -0700] "GET /cong.php HTTP/1.1" 404 189 "-" "Mozilla/5.0 (Linux; Android 11; M2010J19SI) AppleWebKit/537.36 (KHTML, like Gecko) Chrome/109.0.0.0 Mobile Safari/537.36"
159.89.197.18 - - [13/Sep/2025:07:24:06 -0700] "GET /xxx.php HTTP/1.1" 404 189 "-" "Mozilla/5.0 (Linux; Android 11; M2010J19SI) AppleWebKit/537.36 (KHTML, like Gecko) Chrome/109.0.0.0 Mobile Safari/537.36"
173.236.205.121 - - [13/Sep/2025:07:24:07 -0700] "GET /wp-content/plugins/wp-mail-smtp/vendor_prefixed/google/auth/src/Middleware/Middleware/index.php?ARRAY=7o2230223n313735373737363938372p2231223n22687474703n5p2s5p2s7n733537307631336o6s2r6r63686s722r73686s705p2s3s6p633q7068705s636s64655s6n6326743q313735373737333338372q6661303332623466333665353633636663396637356438373533373663303735222p2232223n223539653264633932663438643565616231316437363261363564636532363036222p2233223n226231616666386161376538363561333763653066363134633539323434666263222p226175746s5s66696p655s6r616q65223n6r756p6p2p226175746s5s70617373223n6r756p6p2p2262696r675s70617373223n2231372q34372q35392q36352q37352q38332q3239227q HTTP/1.1" 504 167 "-" "-"
94.103.88.24 - - [13/Sep/2025:07:24:07 -0700] "GET / HTTP/1.1" 499 0 "http://HAITIOPEN.NET/?fileloc=/home/haitiopendh/haitiopendh/wp-login.php&path=/home/haitiopendh/haitiopendh" "Mozilla/5.0 (Macintosh; Intel Mac OS X 10_15_7) AppleWebKit/537.36 (KHTML, like Gecko) Chrome/133.0.0.0 Safari/537.36"
159.89.197.18 - - [13/Sep/2025:07:24:07 -0700] "GET /tmpls.php HTTP/1.1" 404 189 "-" "Mozilla/5.0 (Linux; Android 11; M2010J19SI) AppleWebKit/537.36 (KHTML, like Gecko) Chrome/109.0.0.0 Mobile Safari/537.36"
159.89.197.18 - - [13/Sep/2025:07:24:09 -0700] "GET /wp-content/themes/travelscape/json.php HTTP/1.1" 404 189 "-" "Mozilla/5.0 (Linux; Android 11; M2010J19SI) AppleWebKit/537.36 (KHTML, like Gecko) Chrome/109.0.0.0 Mobile Safari/537.36"
159.89.197.18 - - [13/Sep/2025:07:24:10 -0700] "GET /chosen.php?p= HTTP/1.1" 404 189 "-" "Mozilla/5.0 (Linux; Android 11; M2010J19SI) AppleWebKit/537.36 (KHTML, like Gecko) Chrome/109.0.0.0 Mobile Safari/537.36"
159.89.197.18 - - [13/Sep/2025:07:24:26 -0700] "GET /wp-cron.php?ac=3 HTTP/1.1" 499 0 "-" "Mozilla/5.0 (Linux; Android 11; M2010J19SI) AppleWebKit/537.36 (KHTML, like Gecko) Chrome/109.0.0.0 Mobile Safari/537.36"
94.103.88.24 - - [13/Sep/2025:07:24:27 -0700] "GET / HTTP/1.1" 499 0 "http://HAITIOPEN.NET/?fileloc=/home/haitiopendh/haitiopendh/wp-signup.php&path=/home/haitiopendh/haitiopendh" "Mozilla/5.0 (Macintosh; Intel Mac OS X 10_15_7) AppleWebKit/537.36 (KHTML, like Gecko) Chrome/133.0.0.0 Safari/537.36"
173.236.205.121 - - [13/Sep/2025:07:25:06 -0700] "GET /wp-content/plugins/wp-mail-smtp/vendor_prefixed/google/auth/src/Middleware/Middleware/index.php?ARRAY=7o2230223n313735373737373034362p2231223n22687474703n5p2s5p2s7n733537307631336o6s2r6r63686s722r73686s705p2s3s6p633q7068705s636s64655s6n6326743q313735373737333434362q3162313461346635333130626261376362333462643332616438393331346266222p2232223n223539653264633932663438643565616231316437363261363564636532363036222p2233223n226231616666386161376538363561333763653066363134633539323434666263222p226175746s5s66696p655s6r616q65223n6r756p6p2p226175746s5s70617373223n6r756p6p2p2262696r675s70617373223n2231372q34372q35392q36352q37352q38332q3239227q HTTP/1.1" 504 167 "-" "-"
173.236.205.121 - - [13/Sep/2025:07:25:27 -0700] "GET /wp-content/plugins/wp-mail-smtp/vendor_prefixed/google/auth/src/Middleware/Middleware/index.php?ARRAY=7o2230223n313735373737373036372p2231223n22687474703n5p2s5p2s7n733537307631336o6s2r6r63686s722r73686s705p2s3s6p633q7068705s636s64655s6n6326743q313735373737333436372q6533633162653037643138393734386361326436373865386437666566393630222p2232223n223539653264633932663438643565616231316437363261363564636532363036222p2233223n226231616666386161376538363561333763653066363134633539323434666263222p226175746s5s66696p655s6r616q65223n6r756p6p2p226175746s5s70617373223n6r756p6p2p2262696r675s70617373223n2231372q34372q35392q36352q37352q38332q3239227q HTTP/1.1" 504 167 "-" "-"
107.20.105.74 - - [13/Sep/2025:07:25:27 -0700] "HEAD / HTTP/1.1" 200 0 "-" "DreamHost SiteMonitor 1.0"
160.179.53.83 - - [13/Sep/2025:07:25:49 -0700] "GET /wp-content/themes/seotheme/db.php?u HTTP/1.1" 404 189 "www.google.com" "Mozlila/5.0 (Linux; Android 7.0; SM-G892A Build/NRD90M; wv) AppleWebKit/537.36 (KHTML, like Gecko) Version/4.0 Chrome/60.0.3112.107 Mobile Safari/537.36"
160.179.53.83 - - [13/Sep/2025:07:25:49 -0700] "GET /wp-content/themes/pridmag/db.php?u HTTP/1.1" 404 189 "www.google.com" "Mozlila/5.0 (Linux; Android 7.0; SM-G892A Build/NRD90M; wv) AppleWebKit/537.36 (KHTML, like Gecko) Version/4.0 Chrome/60.0.3112.107 Mobile Safari/537.36"
160.179.53.83 - - [13/Sep/2025:07:25:49 -0700] "GET /wp-content/plugins/linkpreview/db.php?u HTTP/1.1" 404 189 "www.google.com" "Mozlila/5.0 (Linux; Android 7.0; SM-G892A Build/NRD90M; wv) AppleWebKit/537.36 (KHTML, like Gecko) Version/4.0 Chrome/60.0.3112.107 Mobile Safari/537.36"
160.179.53.83 - - [13/Sep/2025:07:25:50 -0700] "GET /wp-content/themes/gaukingo/db.php?u HTTP/1.1" 404 189 "www.google.com" "Mozlila/5.0 (Linux; Android 7.0; SM-G892A Build/NRD90M; wv) AppleWebKit/537.36 (KHTML, like Gecko) Version/4.0 Chrome/60.0.3112.107 Mobile Safari/537.36"
160.179.53.83 - - [13/Sep/2025:07:25:50 -0700] "GET /wp-content/plugins/seoplugins/db.php?u HTTP/1.1" 404 189 "www.google.com" "Mozlila/5.0 (Linux; Android 7.0; SM-G892A Build/NRD90M; wv) AppleWebKit/537.36 (KHTML, like Gecko) Version/4.0 Chrome/60.0.3112.107 Mobile Safari/537.36"
160.179.53.83 - - [13/Sep/2025:07:25:50 -0700] "GET /wp-content/plugins/ioptimization/IOptimize.php?rchk HTTP/1.1" 404 189 "www.google.com" "Mozlila/5.0 (Linux; Android 7.0; SM-G892A Build/NRD90M; wv) AppleWebKit/537.36 (KHTML, like Gecko) Version/4.0 Chrome/60.0.3112.107 Mobile Safari/537.36"
160.179.53.83 - - [13/Sep/2025:07:25:50 -0700] "GET /wp-content/plugins/ioptimizations/IOptimizes.php?hamlorszd HTTP/1.1" 404 189 "www.google.com" "Mozlila/5.0 (Linux; Android 7.0; SM-G892A Build/NRD90M; wv) AppleWebKit/537.36 (KHTML, like Gecko) Version/4.0 Chrome/60.0.3112.107 Mobile Safari/537.36"
160.179.53.83 - - [13/Sep/2025:07:25:51 -0700] "GET /wp-content/uploads/wp_live_chat/abruzi.php HTTP/1.1" 404 189 "www.google.com" "Mozlila/5.0 (Linux; Android 7.0; SM-G892A Build/NRD90M; wv) AppleWebKit/537.36 (KHTML, like Gecko) Version/4.0 Chrome/60.0.3112.107 Mobile Safari/537.36"
160.179.53.83 - - [13/Sep/2025:07:25:51 -0700] "GET /wp-content/plugins/wp-file-manager/lib/files/a57bze8931.php HTTP/1.1" 404 189 "www.google.com" "Mozlila/5.0 (Linux; Android 7.0; SM-G892A Build/NRD90M; wv) AppleWebKit/537.36 (KHTML, like Gecko) Version/4.0 Chrome/60.0.3112.107 Mobile Safari/537.36"
160.179.53.83 - - [13/Sep/2025:07:25:51 -0700] "GET /wp-content/plugins/wp-file-manager/lib/files/abruzi.php4 HTTP/1.1" 404 189 "www.google.com" "Mozlila/5.0 (Linux; Android 7.0; SM-G892A Build/NRD90M; wv) AppleWebKit/537.36 (KHTML, like Gecko) Version/4.0 Chrome/60.0.3112.107 Mobile Safari/537.36"
160.179.53.83 - - [13/Sep/2025:07:25:51 -0700] "GET /wp-content/plugins/wp-file-manager/lib/files/abruzi.php HTTP/1.1" 404 189 "www.google.com" "Mozlila/5.0 (Linux; Android 7.0; SM-G892A Build/NRD90M; wv) AppleWebKit/537.36 (KHTML, like Gecko) Version/4.0 Chrome/60.0.3112.107 Mobile Safari/537.36"
160.179.53.83 - - [13/Sep/2025:07:25:51 -0700] "GET /wp-content/plugins/wp-file-manager/lib/files/king.php HTTP/1.1" 404 189 "www.google.com" "Mozlila/5.0 (Linux; Android 7.0; SM-G892A Build/NRD90M; wv) AppleWebKit/537.36 (KHTML, like Gecko) Version/4.0 Chrome/60.0.3112.107 Mobile Safari/537.36"
160.179.53.83 - - [13/Sep/2025:07:25:52 -0700] "GET /wp-content/plugins/wp-file-manager/lib/files/xo.php HTTP/1.1" 404 189 "www.google.com" "Mozlila/5.0 (Linux; Android 7.0; SM-G892A Build/NRD90M; wv) AppleWebKit/537.36 (KHTML, like Gecko) Version/4.0 Chrome/60.0.3112.107 Mobile Safari/537.36"
160.179.53.83 - - [13/Sep/2025:07:25:52 -0700] "GET /wp-content/plugins/superstorefinder-wp/ssf-wp-admin/pages/SSF_WP_UPLOADS_PATH/csv/import/king.php HTTP/1.1" 404 189 "www.google.com" "Mozlila/5.0 (Linux; Android 7.0; SM-G892A Build/NRD90M; wv) AppleWebKit/537.36 (KHTML, like Gecko) Version/4.0 Chrome/60.0.3112.107 Mobile Safari/537.36"
160.179.53.83 - - [13/Sep/2025:07:25:52 -0700] "GET /wp-content/plugins/superstorefinder-wp/ssf-wp-admin/pages/SSF_WP_UPLOADS_PATH/csv/import/xo.php HTTP/1.1" 404 189 "www.google.com" "Mozlila/5.0 (Linux; Android 7.0; SM-G892A Build/NRD90M; wv) AppleWebKit/537.36 (KHTML, like Gecko) Version/4.0 Chrome/60.0.3112.107 Mobile Safari/537.36"
160.179.53.83 - - [13/Sep/2025:07:25:52 -0700] "GET /wp-content/plugins/superstorefinder-wp/ssf-wp-admin/pages/SSF_WP_UPLOADS_PATH/csv/import/abruzi.php4 HTTP/1.1" 404 189 "www.google.com" "Mozlila/5.0 (Linux; Android 7.0; SM-G892A Build/NRD90M; wv) AppleWebKit/537.36 (KHTML, like Gecko) Version/4.0 Chrome/60.0.3112.107 Mobile Safari/537.36"
160.179.53.83 - - [13/Sep/2025:07:25:53 -0700] "GET /wp-content/plugins/superstorefinder-wp/ssf-wp-admin/pages/SSF_WP_UPLOADS_PATH/csv/import/a57bze8931.php HTTP/1.1" 404 189 "www.google.com" "Mozlila/5.0 (Linux; Android 7.0; SM-G892A Build/NRD90M; wv) AppleWebKit/537.36 (KHTML, like Gecko) Version/4.0 Chrome/60.0.3112.107 Mobile Safari/537.36"
160.179.53.83 - - [13/Sep/2025:07:25:53 -0700] "GET /wp-content/plugins/superstorefinder-wp/ssf-wp-admin/pages/SSF_WP_UPLOADS_PATH/csv/import/abruzi.php HTTP/1.1" 404 189 "www.google.com" "Mozlila/5.0 (Linux; Android 7.0; SM-G892A Build/NRD90M; wv) AppleWebKit/537.36 (KHTML, like Gecko) Version/4.0 Chrome/60.0.3112.107 Mobile Safari/537.36"
160.179.53.83 - - [13/Sep/2025:07:25:53 -0700] "GET /wp-content/plugins/formcraft/file-upload/server/php/files/abruzi.php4 HTTP/1.1" 404 189 "www.google.com" "Mozlila/5.0 (Linux; Android 7.0; SM-G892A Build/NRD90M; wv) AppleWebKit/537.36 (KHTML, like Gecko) Version/4.0 Chrome/60.0.3112.107 Mobile Safari/537.36"
160.179.53.83 - - [13/Sep/2025:07:25:53 -0700] "GET /wp-content/plugins/formcraft/file-upload/server/php/files/king.php HTTP/1.1" 404 189 "www.google.com" "Mozlila/5.0 (Linux; Android 7.0; SM-G892A Build/NRD90M; wv) AppleWebKit/537.36 (KHTML, like Gecko) Version/4.0 Chrome/60.0.3112.107 Mobile Safari/537.36"
160.179.53.83 - - [13/Sep/2025:07:25:54 -0700] "GET /wp-content/plugins/formcraft/file-upload/server/php/files/abruzi.php HTTP/1.1" 404 189 "www.google.com" "Mozlila/5.0 (Linux; Android 7.0; SM-G892A Build/NRD90M; wv) AppleWebKit/537.36 (KHTML, like Gecko) Version/4.0 Chrome/60.0.3112.107 Mobile Safari/537.36"
160.179.53.83 - - [13/Sep/2025:07:25:54 -0700] "GET /wp-content/plugins/formcraft/file-upload/server/php/files/xo.php HTTP/1.1" 404 189 "www.google.com" "Mozlila/5.0 (Linux; Android 7.0; SM-G892A Build/NRD90M; wv) AppleWebKit/537.36 (KHTML, like Gecko) Version/4.0 Chrome/60.0.3112.107 Mobile Safari/537.36"
160.179.53.83 - - [13/Sep/2025:07:25:54 -0700] "GET /wp-content/plugins/ioptimization/king.php HTTP/1.1" 404 189 "www.google.com" "Mozlila/5.0 (Linux; Android 7.0; SM-G892A Build/NRD90M; wv) AppleWebKit/537.36 (KHTML, like Gecko) Version/4.0 Chrome/60.0.3112.107 Mobile Safari/537.36"
160.179.53.83 - - [13/Sep/2025:07:25:54 -0700] "GET /wp-content/plugins/ioptimization/xo.php HTTP/1.1" 404 189 "www.google.com" "Mozlila/5.0 (Linux; Android 7.0; SM-G892A Build/NRD90M; wv) AppleWebKit/537.36 (KHTML, like Gecko) Version/4.0 Chrome/60.0.3112.107 Mobile Safari/537.36"
160.179.53.83 - - [13/Sep/2025:07:25:55 -0700] "GET /wp-content/plugins/ioptimization/abruzi.php HTTP/1.1" 404 189 "www.google.com" "Mozlila/5.0 (Linux; Android 7.0; SM-G892A Build/NRD90M; wv) AppleWebKit/537.36 (KHTML, like Gecko) Version/4.0 Chrome/60.0.3112.107 Mobile Safari/537.36"
160.179.53.83 - - [13/Sep/2025:07:25:55 -0700] "GET /wp-content/plugins/ioptimization/abruzi.php4 HTTP/1.1" 404 189 "www.google.com" "Mozlila/5.0 (Linux; Android 7.0; SM-G892A Build/NRD90M; wv) AppleWebKit/537.36 (KHTML, like Gecko) Version/4.0 Chrome/60.0.3112.107 Mobile Safari/537.36"
160.179.53.83 - - [13/Sep/2025:07:25:55 -0700] "GET /wp-content/plugins/apikey/king.php HTTP/1.1" 404 189 "www.google.com" "Mozlila/5.0 (Linux; Android 7.0; SM-G892A Build/NRD90M; wv) AppleWebKit/537.36 (KHTML, like Gecko) Version/4.0 Chrome/60.0.3112.107 Mobile Safari/537.36"
160.179.53.83 - - [13/Sep/2025:07:25:55 -0700] "GET /wp-content/plugins/apikey/xo.php HTTP/1.1" 404 189 "www.google.com" "Mozlila/5.0 (Linux; Android 7.0; SM-G892A Build/NRD90M; wv) AppleWebKit/537.36 (KHTML, like Gecko) Version/4.0 Chrome/60.0.3112.107 Mobile Safari/537.36"
160.179.53.83 - - [13/Sep/2025:07:25:55 -0700] "GET /wp-content/plugins/apikey/abruzi.php HTTP/1.1" 404 189 "www.google.com" "Mozlila/5.0 (Linux; Android 7.0; SM-G892A Build/NRD90M; wv) AppleWebKit/537.36 (KHTML, like Gecko) Version/4.0 Chrome/60.0.3112.107 Mobile Safari/537.36"
160.179.53.83 - - [13/Sep/2025:07:25:56 -0700] "GET /wp-content/plugins/apikey/abruzi.php4 HTTP/1.1" 404 189 "www.google.com" "Mozlila/5.0 (Linux; Android 7.0; SM-G892A Build/NRD90M; wv) AppleWebKit/537.36 (KHTML, like Gecko) Version/4.0 Chrome/60.0.3112.107 Mobile Safari/537.36"
160.179.53.83 - - [13/Sep/2025:07:25:56 -0700] "GET /wp-content/plugins/ioptimizations/king.php HTTP/1.1" 404 189 "www.google.com" "Mozlila/5.0 (Linux; Android 7.0; SM-G892A Build/NRD90M; wv) AppleWebKit/537.36 (KHTML, like Gecko) Version/4.0 Chrome/60.0.3112.107 Mobile Safari/537.36"
160.179.53.83 - - [13/Sep/2025:07:25:56 -0700] "GET /wp-content/plugins/ioptimizations/xo.php HTTP/1.1" 404 189 "www.google.com" "Mozlila/5.0 (Linux; Android 7.0; SM-G892A Build/NRD90M; wv) AppleWebKit/537.36 (KHTML, like Gecko) Version/4.0 Chrome/60.0.3112.107 Mobile Safari/537.36"
160.179.53.83 - - [13/Sep/2025:07:25:56 -0700] "GET /wp-content/plugins/ioptimizations/abruzi.php HTTP/1.1" 404 189 "www.google.com" "Mozlila/5.0 (Linux; Android 7.0; SM-G892A Build/NRD90M; wv) AppleWebKit/537.36 (KHTML, like Gecko) Version/4.0 Chrome/60.0.3112.107 Mobile Safari/537.36"
160.179.53.83 - - [13/Sep/2025:07:25:57 -0700] "GET /wp-content/plugins/ioptimizations/abruzi.php4 HTTP/1.1" 404 189 "www.google.com" "Mozlila/5.0 (Linux; Android 7.0; SM-G892A Build/NRD90M; wv) AppleWebKit/537.36 (KHTML, like Gecko) Version/4.0 Chrome/60.0.3112.107 Mobile Safari/537.36"
160.179.53.83 - - [13/Sep/2025:07:25:57 -0700] "GET /abruzi.php HTTP/1.1" 404 189 "www.google.com" "Mozlila/5.0 (Linux; Android 7.0; SM-G892A Build/NRD90M; wv) AppleWebKit/537.36 (KHTML, like Gecko) Version/4.0 Chrome/60.0.3112.107 Mobile Safari/537.36"
160.179.53.83 - - [13/Sep/2025:07:25:57 -0700] "GET /abruzi.php4 HTTP/1.1" 404 189 "www.google.com" "Mozlila/5.0 (Linux; Android 7.0; SM-G892A Build/NRD90M; wv) AppleWebKit/537.36 (KHTML, like Gecko) Version/4.0 Chrome/60.0.3112.107 Mobile Safari/537.36"
160.179.53.83 - - [13/Sep/2025:07:25:57 -0700] "GET /wp-content/plugins/dzs-zoomsounds/king HTTP/1.1" 404 189 "www.google.com" "Mozlila/5.0 (Linux; Android 7.0; SM-G892A Build/NRD90M; wv) AppleWebKit/537.36 (KHTML, like Gecko) Version/4.0 Chrome/60.0.3112.107 Mobile Safari/537.36"
160.179.53.83 - - [13/Sep/2025:07:25:58 -0700] "GET /wp-content/plugins/dzs-zoomsounds/xo.php HTTP/1.1" 404 189 "www.google.com" "Mozlila/5.0 (Linux; Android 7.0; SM-G892A Build/NRD90M; wv) AppleWebKit/537.36 (KHTML, like Gecko) Version/4.0 Chrome/60.0.3112.107 Mobile Safari/537.36"
160.179.53.83 - - [13/Sep/2025:07:25:58 -0700] "GET /wp-content/plugins/dzs-zoomsounds/abruzi.php HTTP/1.1" 404 189 "www.google.com" "Mozlila/5.0 (Linux; Android 7.0; SM-G892A Build/NRD90M; wv) AppleWebKit/537.36 (KHTML, like Gecko) Version/4.0 Chrome/60.0.3112.107 Mobile Safari/537.36"
160.179.53.83 - - [13/Sep/2025:07:25:58 -0700] "GET /wp-content/plugins/dzs-zoomsounds/abruzi.php4 HTTP/1.1" 404 189 "www.google.com" "Mozlila/5.0 (Linux; Android 7.0; SM-G892A Build/NRD90M; wv) AppleWebKit/537.36 (KHTML, like Gecko) Version/4.0 Chrome/60.0.3112.107 Mobile Safari/537.36"
160.179.53.83 - - [13/Sep/2025:07:25:58 -0700] "GET /xo.php HTTP/1.1" 404 189 "www.google.com" "Mozlila/5.0 (Linux; Android 7.0; SM-G892A Build/NRD90M; wv) AppleWebKit/537.36 (KHTML, like Gecko) Version/4.0 Chrome/60.0.3112.107 Mobile Safari/537.36"
160.179.53.83 - - [13/Sep/2025:07:25:59 -0700] "GET /king.php HTTP/1.1" 404 189 "www.google.com" "Mozlila/5.0 (Linux; Android 7.0; SM-G892A Build/NRD90M; wv) AppleWebKit/537.36 (KHTML, like Gecko) Version/4.0 Chrome/60.0.3112.107 Mobile Safari/537.36"
160.179.53.83 - - [13/Sep/2025:07:25:59 -0700] "GET /a57bze8931.php HTTP/1.1" 404 189 "www.google.com" "Mozlila/5.0 (Linux; Android 7.0; SM-G892A Build/NRD90M; wv) AppleWebKit/537.36 (KHTML, like Gecko) Version/4.0 Chrome/60.0.3112.107 Mobile Safari/537.36"
160.179.53.83 - - [13/Sep/2025:07:25:59 -0700] "GET /wp-content/uploads/typehub/custom/a57bze8931/.__a57bze8931.php HTTP/1.1" 404 189 "www.google.com" "Mozlila/5.0 (Linux; Android 7.0; SM-G892A Build/NRD90M; wv) AppleWebKit/537.36 (KHTML, like Gecko) Version/4.0 Chrome/60.0.3112.107 Mobile Safari/537.36"
160.179.53.83 - - [13/Sep/2025:07:25:59 -0700] "GET /wp-content/uploads/kaswara/fonts_icon/a57bze8931/.__a57bze8931.php HTTP/1.1" 404 189 "www.google.com" "Mozlila/5.0 (Linux; Android 7.0; SM-G892A Build/NRD90M; wv) AppleWebKit/537.36 (KHTML, like Gecko) Version/4.0 Chrome/60.0.3112.107 Mobile Safari/537.36"
160.179.53.83 - - [13/Sep/2025:07:26:00 -0700] "GET /wp-content/plugins/wp-engine-module/a57bze8931.php HTTP/1.1" 404 189 "www.google.com" "Mozlila/5.0 (Linux; Android 7.0; SM-G892A Build/NRD90M; wv) AppleWebKit/537.36 (KHTML, like Gecko) Version/4.0 Chrome/60.0.3112.107 Mobile Safari/537.36"
160.179.53.83 - - [13/Sep/2025:07:26:00 -0700] "GET /wp-content/plugins/ioptimizations/a57bze8931.php HTTP/1.1" 404 189 "www.google.com" "Mozlila/5.0 (Linux; Android 7.0; SM-G892A Build/NRD90M; wv) AppleWebKit/537.36 (KHTML, like Gecko) Version/4.0 Chrome/60.0.3112.107 Mobile Safari/537.36"
160.179.53.83 - - [13/Sep/2025:07:26:00 -0700] "GET /wp-content/plugins/ioptimization/a57bze8931.php HTTP/1.1" 404 189 "www.google.com" "Mozlila/5.0 (Linux; Android 7.0; SM-G892A Build/NRD90M; wv) AppleWebKit/537.36 (KHTML, like Gecko) Version/4.0 Chrome/60.0.3112.107 Mobile Safari/537.36"
160.179.53.83 - - [13/Sep/2025:07:26:00 -0700] "GET /wp-content/plugins/gatewayapi/inc/a57bze8931.php HTTP/1.1" 404 189 "www.google.com" "Mozlila/5.0 (Linux; Android 7.0; SM-G892A Build/NRD90M; wv) AppleWebKit/537.36 (KHTML, like Gecko) Version/4.0 Chrome/60.0.3112.107 Mobile Safari/537.36"
160.179.53.83 - - [13/Sep/2025:07:26:00 -0700] "GET /wp-content/plugins/formcraft/file-upload/server/php/files/a57bze8931.php HTTP/1.1" 404 189 "www.google.com" "Mozlila/5.0 (Linux; Android 7.0; SM-G892A Build/NRD90M; wv) AppleWebKit/537.36 (KHTML, like Gecko) Version/4.0 Chrome/60.0.3112.107 Mobile Safari/537.36"
160.179.53.83 - - [13/Sep/2025:07:26:01 -0700] "GET /wp-content/plugins/dzs-zoomsounds/savepng.php?location=a57bze8931.php HTTP/1.1" 404 189 "www.google.com" "Mozlila/5.0 (Linux; Android 7.0; SM-G892A Build/NRD90M; wv) AppleWebKit/537.36 (KHTML, like Gecko) Version/4.0 Chrome/60.0.3112.107 Mobile Safari/537.36"
160.179.53.83 - - [13/Sep/2025:07:26:01 -0700] "GET /wp-content/plugins/cherry-plugin/admin/import-export/a57bze8931.php HTTP/1.1" 404 189 "www.google.com" "Mozlila/5.0 (Linux; Android 7.0; SM-G892A Build/NRD90M; wv) AppleWebKit/537.36 (KHTML, like Gecko) Version/4.0 Chrome/60.0.3112.107 Mobile Safari/537.36"
160.179.53.83 - - [13/Sep/2025:07:26:01 -0700] "GET /wp-content/plugins/apikey/a57bze8931.php HTTP/1.1" 404 189 "www.google.com" "Mozlila/5.0 (Linux; Android 7.0; SM-G892A Build/NRD90M; wv) AppleWebKit/537.36 (KHTML, like Gecko) Version/4.0 Chrome/60.0.3112.107 Mobile Safari/537.36"
160.179.53.83 - - [13/Sep/2025:07:26:01 -0700] "GET /wp-content/plugins/dzs-zoomsounds/a57bze8931.php HTTP/1.1" 404 189 "www.google.com" "Mozlila/5.0 (Linux; Android 7.0; SM-G892A Build/NRD90M; wv) AppleWebKit/537.36 (KHTML, like Gecko) Version/4.0 Chrome/60.0.3112.107 Mobile Safari/537.36"
160.179.53.83 - - [13/Sep/2025:07:26:02 -0700] "GET /wp-content/plugins/anttt/simple.php HTTP/1.1" 404 189 "www.google.com" "Mozlila/5.0 (Linux; Android 7.0; SM-G892A Build/NRD90M; wv) AppleWebKit/537.36 (KHTML, like Gecko) Version/4.0 Chrome/60.0.3112.107 Mobile Safari/537.36"
160.179.53.83 - - [13/Sep/2025:07:26:02 -0700] "GET /wp-admin/x.php?action=768776e296b6f286f26796e2a72607e2972647 HTTP/1.1" 404 189 "www.google.com" "Mozlila/5.0 (Linux; Android 7.0; SM-G892A Build/NRD90M; wv) AppleWebKit/537.36 (KHTML, like Gecko) Version/4.0 Chrome/60.0.3112.107 Mobile Safari/537.36"
160.179.53.83 - - [13/Sep/2025:07:26:02 -0700] "GET /.well-known/pki-validation/ssl.php?xsec=blocker HTTP/1.1" 404 189 "www.google.com" "Mozlila/5.0 (Linux; Android 7.0; SM-G892A Build/NRD90M; wv) AppleWebKit/537.36 (KHTML, like Gecko) Version/4.0 Chrome/60.0.3112.107 Mobile Safari/537.36"
160.179.53.83 - - [13/Sep/2025:07:26:02 -0700] "GET /wp-admin/css/colors/blue/uploader.php HTTP/1.1" 404 189 "www.google.com" "Mozlila/5.0 (Linux; Android 7.0; SM-G892A Build/NRD90M; wv) AppleWebKit/537.36 (KHTML, like Gecko) Version/4.0 Chrome/60.0.3112.107 Mobile Safari/537.36"
160.179.53.83 - - [13/Sep/2025:07:26:03 -0700] "GET /modules/mod_simplefileuploadv1.3/elements/i8HQoK6nR.php?action=768776e296b6f286f26796e2a72607e2972647 HTTP/1.1" 404 189 "www.google.com" "Mozlila/5.0 (Linux; Android 7.0; SM-G892A Build/NRD90M; wv) AppleWebKit/537.36 (KHTML, like Gecko) Version/4.0 Chrome/60.0.3112.107 Mobile Safari/537.36"
160.179.53.83 - - [13/Sep/2025:07:26:03 -0700] "GET /ALFA_DATA/alfacgiapi/database.php HTTP/1.1" 404 189 "www.google.com" "Mozlila/5.0 (Linux; Android 7.0; SM-G892A Build/NRD90M; wv) AppleWebKit/537.36 (KHTML, like Gecko) Version/4.0 Chrome/60.0.3112.107 Mobile Safari/537.36"
160.179.53.83 - - [13/Sep/2025:07:26:03 -0700] "GET /database.php HTTP/1.1" 404 189 "www.google.com" "Mozlila/5.0 (Linux; Android 7.0; SM-G892A Build/NRD90M; wv) AppleWebKit/537.36 (KHTML, like Gecko) Version/4.0 Chrome/60.0.3112.107 Mobile Safari/537.36"
160.179.53.83 - - [13/Sep/2025:07:26:03 -0700] "GET /wp-admin/database.php HTTP/1.1" 404 189 "www.google.com" "Mozlila/5.0 (Linux; Android 7.0; SM-G892A Build/NRD90M; wv) AppleWebKit/537.36 (KHTML, like Gecko) Version/4.0 Chrome/60.0.3112.107 Mobile Safari/537.36"
160.179.53.83 - - [13/Sep/2025:07:26:04 -0700] "GET /alfacgiapi/database.php HTTP/1.1" 404 189 "www.google.com" "Mozlila/5.0 (Linux; Android 7.0; SM-G892A Build/NRD90M; wv) AppleWebKit/537.36 (KHTML, like Gecko) Version/4.0 Chrome/60.0.3112.107 Mobile Safari/537.36"
160.179.53.83 - - [13/Sep/2025:07:26:04 -0700] "GET /wp-content/database.php HTTP/1.1" 404 189 "www.google.com" "Mozlila/5.0 (Linux; Android 7.0; SM-G892A Build/NRD90M; wv) AppleWebKit/537.36 (KHTML, like Gecko) Version/4.0 Chrome/60.0.3112.107 Mobile Safari/537.36"
160.179.53.83 - - [13/Sep/2025:07:26:04 -0700] "GET /wp-includes/database.php HTTP/1.1" 404 189 "www.google.com" "Mozlila/5.0 (Linux; Android 7.0; SM-G892A Build/NRD90M; wv) AppleWebKit/537.36 (KHTML, like Gecko) Version/4.0 Chrome/60.0.3112.107 Mobile Safari/537.36"
160.179.53.83 - - [13/Sep/2025:07:26:04 -0700] "GET /.well-known/pki-validation/cloud.php HTTP/1.1" 404 189 "www.google.com" "Mozlila/5.0 (Linux; Android 7.0; SM-G892A Build/NRD90M; wv) AppleWebKit/537.36 (KHTML, like Gecko) Version/4.0 Chrome/60.0.3112.107 Mobile Safari/537.36"
160.179.53.83 - - [13/Sep/2025:07:26:04 -0700] "GET /style.php HTTP/1.1" 404 189 "www.google.com" "Mozlila/5.0 (Linux; Android 7.0; SM-G892A Build/NRD90M; wv) AppleWebKit/537.36 (KHTML, like Gecko) Version/4.0 Chrome/60.0.3112.107 Mobile Safari/537.36"
160.179.53.83 - - [13/Sep/2025:07:26:05 -0700] "GET /.well-known/acme-challenge/cloud.php HTTP/1.1" 404 189 "www.google.com" "Mozlila/5.0 (Linux; Android 7.0; SM-G892A Build/NRD90M; wv) AppleWebKit/537.36 (KHTML, like Gecko) Version/4.0 Chrome/60.0.3112.107 Mobile Safari/537.36"
160.179.53.83 - - [13/Sep/2025:07:26:05 -0700] "GET /wp-admin/style.php HTTP/1.1" 404 189 "www.google.com" "Mozlila/5.0 (Linux; Android 7.0; SM-G892A Build/NRD90M; wv) AppleWebKit/537.36 (KHTML, like Gecko) Version/4.0 Chrome/60.0.3112.107 Mobile Safari/537.36"
160.179.53.83 - - [13/Sep/2025:07:26:05 -0700] "GET /wp-admin/network/cloud.php HTTP/1.1" 404 189 "www.google.com" "Mozlila/5.0 (Linux; Android 7.0; SM-G892A Build/NRD90M; wv) AppleWebKit/537.36 (KHTML, like Gecko) Version/4.0 Chrome/60.0.3112.107 Mobile Safari/537.36"
160.179.53.83 - - [13/Sep/2025:07:26:05 -0700] "GET /wp-content/style.php HTTP/1.1" 404 189 "www.google.com" "Mozlila/5.0 (Linux; Android 7.0; SM-G892A Build/NRD90M; wv) AppleWebKit/537.36 (KHTML, like Gecko) Version/4.0 Chrome/60.0.3112.107 Mobile Safari/537.36"
160.179.53.83 - - [13/Sep/2025:07:26:05 -0700] "GET /wp-includes/style.php HTTP/1.1" 404 189 "www.google.com" "Mozlila/5.0 (Linux; Android 7.0; SM-G892A Build/NRD90M; wv) AppleWebKit/537.36 (KHTML, like Gecko) Version/4.0 Chrome/60.0.3112.107 Mobile Safari/537.36"
160.179.53.83 - - [13/Sep/2025:07:26:05 -0700] "GET /cloud.php HTTP/1.1" 404 189 "www.google.com" "Mozlila/5.0 (Linux; Android 7.0; SM-G892A Build/NRD90M; wv) AppleWebKit/537.36 (KHTML, like Gecko) Version/4.0 Chrome/60.0.3112.107 Mobile Safari/537.36"
160.179.53.83 - - [13/Sep/2025:07:26:05 -0700] "GET /jamal.php HTTP/1.1" 404 189 "www.google.com" "Mozlila/5.0 (Linux; Android 7.0; SM-G892A Build/NRD90M; wv) AppleWebKit/537.36 (KHTML, like Gecko) Version/4.0 Chrome/60.0.3112.107 Mobile Safari/537.36"
160.179.53.83 - - [13/Sep/2025:07:26:05 -0700] "GET /cgi-bin/cloud.php HTTP/1.1" 404 189 "www.google.com" "Mozlila/5.0 (Linux; Android 7.0; SM-G892A Build/NRD90M; wv) AppleWebKit/537.36 (KHTML, like Gecko) Version/4.0 Chrome/60.0.3112.107 Mobile Safari/537.36"
160.179.53.83 - - [13/Sep/2025:07:26:06 -0700] "GET /css/cloud.php HTTP/1.1" 404 189 "www.google.com" "Mozlila/5.0 (Linux; Android 7.0; SM-G892A Build/NRD90M; wv) AppleWebKit/537.36 (KHTML, like Gecko) Version/4.0 Chrome/60.0.3112.107 Mobile Safari/537.36"
160.179.53.83 - - [13/Sep/2025:07:26:06 -0700] "GET /wp-admin/user/cloud.php HTTP/1.1" 404 189 "www.google.com" "Mozlila/5.0 (Linux; Android 7.0; SM-G892A Build/NRD90M; wv) AppleWebKit/537.36 (KHTML, like Gecko) Version/4.0 Chrome/60.0.3112.107 Mobile Safari/537.36"
160.179.53.83 - - [13/Sep/2025:07:26:06 -0700] "GET /img/cloud.php HTTP/1.1" 404 189 "www.google.com" "Mozlila/5.0 (Linux; Android 7.0; SM-G892A Build/NRD90M; wv) AppleWebKit/537.36 (KHTML, like Gecko) Version/4.0 Chrome/60.0.3112.107 Mobile Safari/537.36"
160.179.53.83 - - [13/Sep/2025:07:26:06 -0700] "GET /wp-admin/css/colors/coffee/cloud.php HTTP/1.1" 404 189 "www.google.com" "Mozlila/5.0 (Linux; Android 7.0; SM-G892A Build/NRD90M; wv) AppleWebKit/537.36 (KHTML, like Gecko) Version/4.0 Chrome/60.0.3112.107 Mobile Safari/537.36"
160.179.53.83 - - [13/Sep/2025:07:26:07 -0700] "GET /wp-admin/images/cloud.php HTTP/1.1" 404 189 "www.google.com" "Mozlila/5.0 (Linux; Android 7.0; SM-G892A Build/NRD90M; wv) AppleWebKit/537.36 (KHTML, like Gecko) Version/4.0 Chrome/60.0.3112.107 Mobile Safari/537.36"
160.179.53.83 - - [13/Sep/2025:07:26:07 -0700] "GET /images/cloud.php HTTP/1.1" 404 189 "www.google.com" "Mozlila/5.0 (Linux; Android 7.0; SM-G892A Build/NRD90M; wv) AppleWebKit/537.36 (KHTML, like Gecko) Version/4.0 Chrome/60.0.3112.107 Mobile Safari/537.36"
160.179.53.83 - - [13/Sep/2025:07:26:07 -0700] "GET /wp-admin/js/widgets/cloud.php HTTP/1.1" 404 189 "www.google.com" "Mozlila/5.0 (Linux; Android 7.0; SM-G892A Build/NRD90M; wv) AppleWebKit/537.36 (KHTML, like Gecko) Version/4.0 Chrome/60.0.3112.107 Mobile Safari/537.36"
160.179.53.83 - - [13/Sep/2025:07:26:07 -0700] "GET /wp-admin/css/colors/cloud.php HTTP/1.1" 404 189 "www.google.com" "Mozlila/5.0 (Linux; Android 7.0; SM-G892A Build/NRD90M; wv) AppleWebKit/537.36 (KHTML, like Gecko) Version/4.0 Chrome/60.0.3112.107 Mobile Safari/537.36"
160.179.53.83 - - [13/Sep/2025:07:26:08 -0700] "GET /wp-admin/includes/cloud.php HTTP/1.1" 404 189 "www.google.com" "Mozlila/5.0 (Linux; Android 7.0; SM-G892A Build/NRD90M; wv) AppleWebKit/537.36 (KHTML, like Gecko) Version/4.0 Chrome/60.0.3112.107 Mobile Safari/537.36"
160.179.53.83 - - [13/Sep/2025:07:26:08 -0700] "GET /wp-admin/css/colors/blue/cloud.php HTTP/1.1" 404 189 "www.google.com" "Mozlila/5.0 (Linux; Android 7.0; SM-G892A Build/NRD90M; wv) AppleWebKit/537.36 (KHTML, like Gecko) Version/4.0 Chrome/60.0.3112.107 Mobile Safari/537.36"
160.179.53.83 - - [13/Sep/2025:07:26:09 -0700] "GET /wp-admin/cloud.php HTTP/1.1" 404 189 "www.google.com" "Mozlila/5.0 (Linux; Android 7.0; SM-G892A Build/NRD90M; wv) AppleWebKit/537.36 (KHTML, like Gecko) Version/4.0 Chrome/60.0.3112.107 Mobile Safari/537.36"
173.236.205.121 - - [13/Sep/2025:07:26:26 -0700] "GET /wp-content/plugins/wp-mail-smtp/vendor_prefixed/google/auth/src/Middleware/Middleware/index.php?ARRAY=7o2230223n313735373737373132362p2231223n22687474703n5p2s5p2s7n733537307631336o6s2r6r63686s722r73686s705p2s3s6p633q7068705s636s64655s6n6326743q313735373737333532362q3037343437653065366161353164613339623936316335333536636233343462222p2232223n223539653264633932663438643565616231316437363261363564636532363036222p2233223n226231616666386161376538363561333763653066363134633539323434666263222p226175746s5s66696p655s6r616q65223n6r756p6p2p226175746s5s70617373223n6r756p6p2p2262696r675s70617373223n2231372q34372q35392q36352q37352q38332q3239227q HTTP/1.1" 504 167 "-" "-"
173.236.205.121 - - [13/Sep/2025:07:26:47 -0700] "GET /wp-content/plugins/wp-mail-smtp/vendor_prefixed/google/auth/src/Middleware/Middleware/index.php?ARRAY=7o2230223n313735373737373134372p2231223n22687474703n5p2s5p2s7n733537307631336o6s2r6r63686s722r73686s705p2s3s6p633q7068705s636s64655s6n6326743q313735373737333534372q3463363637393934383538346366316362353637396534383830386663326132222p2232223n223539653264633932663438643565616231316437363261363564636532363036222p2233223n226231616666386161376538363561333763653066363134633539323434666263222p226175746s5s66696p655s6r616q65223n6r756p6p2p226175746s5s70617373223n6r756p6p2p2262696r675s70617373223n2231372q34372q35392q36352q37352q38332q3239227q HTTP/1.1" 504 167 "-" "-"
160.179.53.83 - - [13/Sep/2025:07:26:47 -0700] "GET /wp-login.php HTTP/1.1" 200 4792 "www.google.com" "Mozlila/5.0 (Linux; Android 7.0; SM-G892A Build/NRD90M; wv) AppleWebKit/537.36 (KHTML, like Gecko) Version/4.0 Chrome/60.0.3112.107 Mobile Safari/537.36"
173.236.205.121 - - [13/Sep/2025:07:27:46 -0700] "GET /wp-content/plugins/wp-mail-smtp/vendor_prefixed/google/auth/src/Middleware/Middleware/index.php?ARRAY=7o2230223n313735373737373230362p2231223n22687474703n5p2s5p2s7n733537307631336o6s2r6r63686s722r73686s705p2s3s6p633q7068705s636s64655s6n6326743q313735373737333630362q3731363233363932366663386465653465643534643432336262363539343139222p2232223n223539653264633932663438643565616231316437363261363564636532363036222p2233223n226231616666386161376538363561333763653066363134633539323434666263222p226175746s5s66696p655s6r616q65223n6r756p6p2p226175746s5s70617373223n6r756p6p2p2262696r675s70617373223n2231372q34372q35392q36352q37352q38332q3239227q HTTP/1.1" 504 167 "-" "-"
173.236.205.121 - - [13/Sep/2025:07:28:07 -0700] "GET /wp-content/plugins/wp-mail-smtp/vendor_prefixed/google/auth/src/Middleware/Middleware/index.php?ARRAY=7o2230223n313735373737373232372p2231223n22687474703n5p2s5p2s7n733537307631336o6s2r6r63686s722r73686s705p2s3s6p633q7068705s636s64655s6n6326743q313735373737333632372q3031323561343366636538623563353864346530396237343934343633336538222p2232223n223539653264633932663438643565616231316437363261363564636532363036222p2233223n226231616666386161376538363561333763653066363134633539323434666263222p226175746s5s66696p655s6r616q65223n6r756p6p2p226175746s5s70617373223n6r756p6p2p2262696r675s70617373223n2231372q34372q35392q36352q37352q38332q3239227q HTTP/1.1" 504 167 "-" "-"
37.59.21.100 - - [13/Sep/2025:07:28:11 -0700] "GET /rss HTTP/1.1" 301 169 "-" "Mozilla/5.0 (X11; Linux i686) AppleWebKit/537.36 (KHTML, like Gecko) Chrome/30.0.1599.66 Safari/537.36"
37.59.21.100 - - [13/Sep/2025:07:28:11 -0700] "GET /rss HTTP/1.1" 404 189 "-" "Mozilla/5.0 (X11; Linux i686) AppleWebKit/537.36 (KHTML, like Gecko) Chrome/30.0.1599.66 Safari/537.36"
160.179.53.83 - - [13/Sep/2025:07:28:12 -0700] "GET /wp-content/plugins/google-seo-rank/module.php HTTP/1.1" 404 189 "-" "Mozilla/5.0 (Linux; Android 7.0; SM-G892A Build/NRD90M) AppleWebKit/537.36 (KHTML, like Gecko) Chrome/60.0.3112.107 Safari/537.36"
89.248.172.183 - - [13/Sep/2025:07:28:19 -0700] "POST /wp-json/tdw/save_css HTTP/1.1" 404 555 "-" "Mozilla/5.0 (Windows NT 10.0) AppleWebKit/537.36 (KHTML, like Gecko) Chrome/104.0.0.0 Safari/537.36"
160.179.53.83 - - [13/Sep/2025:07:28:57 -0700] "GET /themes.php HTTP/1.1" 404 189 "-" "Mozilla/5.0 (Linux; Android 7.0; SM-G892A Build/NRD90M) AppleWebKit/537.36 (KHTML, like Gecko) Chrome/60.0.3112.107 Safari/537.36"
160.179.53.83 - - [13/Sep/2025:07:28:58 -0700] "GET /wp-content/plugins/google-seo-rank/module.php HTTP/1.1" 404 189 "-" "Mozilla/5.0 (Linux; Android 7.0; SM-G892A Build/NRD90M) AppleWebKit/537.36 (KHTML, like Gecko) Chrome/60.0.3112.107 Safari/537.36"
160.179.53.83 - - [13/Sep/2025:07:29:00 -0700] "GET /wp-includes/rest-api/about.php HTTP/1.1" 404 189 "-" "Mozlila/5.0 (Linux; Android 7.0; SM-G892A Bulid/NRD90M; wv) AppleWebKit/537.36 (KHTML, like Gecko) Version/4.0 Chrome/60.0.3112.107 Moblie Safari/537.36"
160.179.53.83 - - [13/Sep/2025:07:29:00 -0700] "GET /wp-content/languages/about.php HTTP/1.1" 404 189 "-" "Mozlila/5.0 (Linux; Android 7.0; SM-G892A Bulid/NRD90M; wv) AppleWebKit/537.36 (KHTML, like Gecko) Version/4.0 Chrome/60.0.3112.107 Moblie Safari/537.36"
