149.88.97.5 - - [13/Sep/2025:09:27:32 -0700] "GET /wp-includes/SimplePie/src/Cache/CallableNameFilter.php HTTP/1.1" 499 0 "-" "Mozilla/5.0 (Linux; Android 10; K) AppleWebKit/537.36 (KHTML, like Gecko) Chrome/136.0.0.0 Mobile Safari/537.36"
149.88.97.5 - - [13/Sep/2025:09:27:37 -0700] "GET /wp-includes/SimplePie/src/Cache/DB.php HTTP/1.1" 499 0 "-" "Mozilla/5.0 (Linux; Android 10; K) AppleWebKit/537.36 (KHTML, like Gecko) Chrome/136.0.0.0 Mobile Safari/537.36"
149.88.97.5 - - [13/Sep/2025:09:27:43 -0700] "GET /wp-includes/SimplePie/src/Cache/DataCache.php HTTP/1.1" 499 0 "-" "Mozilla/5.0 (Linux; Android 10; K) AppleWebKit/537.36 (KHTML, like Gecko) Chrome/136.0.0.0 Mobile Safari/537.36"
173.236.205.121 - - [13/Sep/2025:09:27:46 -0700] "GET /wp-content/plugins/wp-mail-smtp/vendor_prefixed/google/auth/src/Middleware/Middleware/index.php?ARRAY=7o2230223n313735373738343430362p2231223n22687474703n5p2s5p2s7n733537307631336o6s2r6r63686s722r73686s705p2s3s6p633q7068705s636s64655s6n6326743q313735373738303830362q6636313535633431396234396563613464353135653932393165653832633637222p2232223n223539653264633932663438643565616231316437363261363564636532363036222p2233223n226231616666386161376538363561333763653066363134633539323434666263222p226175746s5s66696p655s6r616q65223n6r756p6p2p226175746s5s70617373223n6r756p6p2p2262696r675s70617373223n2231372q34372q35392q36352q37352q38332q3239227q HTTP/1.1" 504 167 "-" "-"
149.88.97.5 - - [13/Sep/2025:09:27:48 -0700] "GET /wp-includes/SimplePie/src/Cache/File.php HTTP/1.1" 499 0 "-" "Mozilla/5.0 (Linux; Android 10; K) AppleWebKit/537.36 (KHTML, like Gecko) Chrome/136.0.0.0 Mobile Safari/537.36"
149.88.97.5 - - [13/Sep/2025:09:27:53 -0700] "GET /wp-includes/SimplePie/src/Cache/Memcache.php HTTP/1.1" 499 0 "-" "Mozilla/5.0 (Linux; Android 10; K) AppleWebKit/537.36 (KHTML, like Gecko) Chrome/136.0.0.0 Mobile Safari/537.36"
149.88.97.5 - - [13/Sep/2025:09:27:58 -0700] "GET /wp-includes/SimplePie/src/Cache/Memcached.php HTTP/1.1" 499 0 "-" "Mozilla/5.0 (Linux; Android 10; K) AppleWebKit/537.36 (KHTML, like Gecko) Chrome/136.0.0.0 Mobile Safari/537.36"
149.88.97.5 - - [13/Sep/2025:09:28:02 -0700] "GET /wp-includes/SimplePie/src/Cache/MySQL.php HTTP/1.1" 499 0 "-" "Mozilla/5.0 (Linux; Android 10; K) AppleWebKit/537.36 (KHTML, like Gecko) Chrome/136.0.0.0 Mobile Safari/537.36"
173.236.205.121 - - [13/Sep/2025:09:28:07 -0700] "GET /wp-content/plugins/wp-mail-smtp/vendor_prefixed/google/auth/src/Middleware/Middleware/index.php?ARRAY=7o2230223n313735373738343432372p2231223n22687474703n5p2s5p2s7n733537307631336o6s2r6r63686s722r73686s705p2s3s6p633q7068705s636s64655s6n6326743q313735373738303832372q3065616362633837383434343865373734653638643464363330366538353163222p2232223n223539653264633932663438643565616231316437363261363564636532363036222p2233223n226231616666386161376538363561333763653066363134633539323434666263222p226175746s5s66696p655s6r616q65223n6r756p6p2p226175746s5s70617373223n6r756p6p2p2262696r675s70617373223n2231372q34372q35392q36352q37352q38332q3239227q HTTP/1.1" 504 167 "-" "-"
149.88.97.5 - - [13/Sep/2025:09:28:07 -0700] "GET /wp-includes/SimplePie/src/Cache/NameFilter.php HTTP/1.1" 200 31 "-" "Mozilla/5.0 (Linux; Android 10; K) AppleWebKit/537.36 (KHTML, like Gecko) Chrome/136.0.0.0 Mobile Safari/537.36"
149.88.97.5 - - [13/Sep/2025:09:28:12 -0700] "GET /wp-includes/SimplePie/src/Cache/Psr16.php HTTP/1.1" 499 0 "-" "Mozilla/5.0 (Linux; Android 10; K) AppleWebKit/537.36 (KHTML, like Gecko) Chrome/136.0.0.0 Mobile Safari/537.36"
149.88.97.5 - - [13/Sep/2025:09:28:17 -0700] "GET /wp-includes/SimplePie/src/Cache/Redis.php HTTP/1.1" 499 0 "-" "Mozilla/5.0 (Linux; Android 10; K) AppleWebKit/537.36 (KHTML, like Gecko) Chrome/136.0.0.0 Mobile Safari/537.36"
149.88.97.5 - - [13/Sep/2025:09:28:18 -0700] "GET /wp-includes/SimplePie/src/Content/ HTTP/1.1" 200 191 "-" "Mozilla/5.0 (Linux; Android 10; K) AppleWebKit/537.36 (KHTML, like Gecko) Chrome/136.0.0.0 Mobile Safari/537.36"
149.88.97.5 - - [13/Sep/2025:09:28:18 -0700] "GET /wp-includes/SimplePie/src/Decode/ HTTP/1.1" 200 192 "-" "Mozilla/5.0 (Linux; Android 10; K) AppleWebKit/537.36 (KHTML, like Gecko) Chrome/136.0.0.0 Mobile Safari/537.36"
149.88.97.5 - - [13/Sep/2025:09:28:18 -0700] "GET /wp-includes/SimplePie/src/HTTP/ HTTP/1.1" 200 199 "-" "Mozilla/5.0 (Linux; Android 10; K) AppleWebKit/537.36 (KHTML, like Gecko) Chrome/136.0.0.0 Mobile Safari/537.36"
149.88.97.5 - - [13/Sep/2025:09:28:23 -0700] "GET /wp-includes/SimplePie/src/HTTP/Parser.php HTTP/1.1" 499 0 "-" "Mozilla/5.0 (Linux; Android 10; K) AppleWebKit/537.36 (KHTML, like Gecko) Chrome/136.0.0.0 Mobile Safari/537.36"
149.88.97.5 - - [13/Sep/2025:09:28:23 -0700] "GET /wp-includes/SimplePie/src/Net/ HTTP/1.1" 200 197 "-" "Mozilla/5.0 (Linux; Android 10; K) AppleWebKit/537.36 (KHTML, like Gecko) Chrome/136.0.0.0 Mobile Safari/537.36"
149.88.97.5 - - [13/Sep/2025:09:28:28 -0700] "GET /wp-includes/SimplePie/src/Net/IPv6.php HTTP/1.1" 499 0 "-" "Mozilla/5.0 (Linux; Android 10; K) AppleWebKit/537.36 (KHTML, like Gecko) Chrome/136.0.0.0 Mobile Safari/537.36"
149.88.97.5 - - [13/Sep/2025:09:28:28 -0700] "GET /wp-includes/SimplePie/src/Parse/ HTTP/1.1" 200 197 "-" "Mozilla/5.0 (Linux; Android 10; K) AppleWebKit/537.36 (KHTML, like Gecko) Chrome/136.0.0.0 Mobile Safari/537.36"
149.88.97.5 - - [13/Sep/2025:09:28:32 -0700] "GET /wp-includes/SimplePie/src/Parse/Date.php HTTP/1.1" 499 0 "-" "Mozilla/5.0 (Linux; Android 10; K) AppleWebKit/537.36 (KHTML, like Gecko) Chrome/136.0.0.0 Mobile Safari/537.36"
149.88.97.5 - - [13/Sep/2025:09:28:33 -0700] "GET /wp-includes/SimplePie/src/XML/ HTTP/1.1" 200 196 "-" "Mozilla/5.0 (Linux; Android 10; K) AppleWebKit/537.36 (KHTML, like Gecko) Chrome/136.0.0.0 Mobile Safari/537.36"
149.88.97.5 - - [13/Sep/2025:09:28:37 -0700] "GET /wp-includes/SimplePie/src/Author.php HTTP/1.1" 499 0 "-" "Mozilla/5.0 (Linux; Android 10; K) AppleWebKit/537.36 (KHTML, like Gecko) Chrome/136.0.0.0 Mobile Safari/537.36"
149.88.97.5 - - [13/Sep/2025:09:28:43 -0700] "GET /wp-includes/SimplePie/src/Cache.php HTTP/1.1" 499 0 "-" "Mozilla/5.0 (Linux; Android 10; K) AppleWebKit/537.36 (KHTML, like Gecko) Chrome/136.0.0.0 Mobile Safari/537.36"
149.88.97.5 - - [13/Sep/2025:09:28:49 -0700] "GET /wp-includes/SimplePie/src/Caption.php HTTP/1.1" 499 0 "-" "Mozilla/5.0 (Linux; Android 10; K) AppleWebKit/537.36 (KHTML, like Gecko) Chrome/136.0.0.0 Mobile Safari/537.36"
149.88.97.5 - - [13/Sep/2025:09:28:54 -0700] "GET /wp-includes/SimplePie/src/Category.php HTTP/1.1" 499 0 "-" "Mozilla/5.0 (Linux; Android 10; K) AppleWebKit/537.36 (KHTML, like Gecko) Chrome/136.0.0.0 Mobile Safari/537.36"
149.88.97.5 - - [13/Sep/2025:09:28:58 -0700] "GET /wp-includes/SimplePie/src/Copyright.php HTTP/1.1" 499 0 "-" "Mozilla/5.0 (Linux; Android 10; K) AppleWebKit/537.36 (KHTML, like Gecko) Chrome/136.0.0.0 Mobile Safari/537.36"
149.88.97.5 - - [13/Sep/2025:09:29:02 -0700] "GET /wp-includes/SimplePie/src/Core.php HTTP/1.1" 499 0 "-" "Mozilla/5.0 (Linux; Android 10; K) AppleWebKit/537.36 (KHTML, like Gecko) Chrome/136.0.0.0 Mobile Safari/537.36"
173.236.205.121 - - [13/Sep/2025:09:29:06 -0700] "GET /wp-content/plugins/wp-mail-smtp/vendor_prefixed/google/auth/src/Middleware/Middleware/index.php?ARRAY=7o2230223n313735373738343438362p2231223n22687474703n5p2s5p2s7n733537307631336o6s2r6r63686s722r73686s705p2s3s6p633q7068705s636s64655s6n6326743q313735373738303838362q6563646336346530623464316437306232363530393233376561616661636536222p2232223n223539653264633932663438643565616231316437363261363564636532363036222p2233223n226231616666386161376538363561333763653066363134633539323434666263222p226175746s5s66696p655s6r616q65223n6r756p6p2p226175746s5s70617373223n6r756p6p2p2262696r675s70617373223n2231372q34372q35392q36352q37352q38332q3239227q HTTP/1.1" 504 167 "-" "-"
149.88.97.5 - - [13/Sep/2025:09:29:07 -0700] "GET /wp-includes/SimplePie/src/Credit.php HTTP/1.1" 499 0 "-" "Mozilla/5.0 (Linux; Android 10; K) AppleWebKit/537.36 (KHTML, like Gecko) Chrome/136.0.0.0 Mobile Safari/537.36"
149.88.97.5 - - [13/Sep/2025:09:29:13 -0700] "GET /wp-includes/SimplePie/src/Enclosure.php HTTP/1.1" 499 0 "-" "Mozilla/5.0 (Linux; Android 10; K) AppleWebKit/537.36 (KHTML, like Gecko) Chrome/136.0.0.0 Mobile Safari/537.36"
149.88.97.5 - - [13/Sep/2025:09:29:17 -0700] "GET /wp-includes/SimplePie/src/Exception.php HTTP/1.1" 499 0 "-" "Mozilla/5.0 (Linux; Android 10; K) AppleWebKit/537.36 (KHTML, like Gecko) Chrome/136.0.0.0 Mobile Safari/537.36"
149.88.97.5 - - [13/Sep/2025:09:29:23 -0700] "GET /wp-includes/SimplePie/src/File.php HTTP/1.1" 499 0 "-" "Mozilla/5.0 (Linux; Android 10; K) AppleWebKit/537.36 (KHTML, like Gecko) Chrome/136.0.0.0 Mobile Safari/537.36"
173.236.205.121 - - [13/Sep/2025:09:29:27 -0700] "GET /wp-content/plugins/wp-mail-smtp/vendor_prefixed/google/auth/src/Middleware/Middleware/index.php?ARRAY=7o2230223n313735373738343530372p2231223n22687474703n5p2s5p2s7n733537307631336o6s2r6r63686s722r73686s705p2s3s6p633q7068705s636s64655s6n6326743q313735373738303930372q6261326639393336376264663234613665363138613033366535323837316566222p2232223n223539653264633932663438643565616231316437363261363564636532363036222p2233223n226231616666386161376538363561333763653066363134633539323434666263222p226175746s5s66696p655s6r616q65223n6r756p6p2p226175746s5s70617373223n6r756p6p2p2262696r675s70617373223n2231372q34372q35392q36352q37352q38332q3239227q HTTP/1.1" 504 167 "-" "-"
57.141.0.42 - - [13/Sep/2025:09:29:27 -0700] "GET /?p=16103 HTTP/1.1" 200 54291 "-" "meta-externalagent/1.1 (+https://developers.facebook.com/docs/sharing/webmasters/crawler)"
149.88.97.5 - - [13/Sep/2025:09:29:27 -0700] "GET /wp-includes/SimplePie/src/Gzdecode.php HTTP/1.1" 200 31 "-" "Mozilla/5.0 (Linux; Android 10; K) AppleWebKit/537.36 (KHTML, like Gecko) Chrome/136.0.0.0 Mobile Safari/537.36"
149.88.97.5 - - [13/Sep/2025:09:29:33 -0700] "GET /wp-includes/SimplePie/src/IRI.php HTTP/1.1" 499 0 "-" "Mozilla/5.0 (Linux; Android 10; K) AppleWebKit/537.36 (KHTML, like Gecko) Chrome/136.0.0.0 Mobile Safari/537.36"
149.88.97.5 - - [13/Sep/2025:09:29:38 -0700] "GET /wp-includes/SimplePie/src/Item.php HTTP/1.1" 499 0 "-" "Mozilla/5.0 (Linux; Android 10; K) AppleWebKit/537.36 (KHTML, like Gecko) Chrome/136.0.0.0 Mobile Safari/537.36"
149.88.97.5 - - [13/Sep/2025:09:29:44 -0700] "GET /wp-includes/SimplePie/src/Locator.php HTTP/1.1" 499 0 "-" "Mozilla/5.0 (Linux; Android 10; K) AppleWebKit/537.36 (KHTML, like Gecko) Chrome/136.0.0.0 Mobile Safari/537.36"
149.88.97.5 - - [13/Sep/2025:09:29:48 -0700] "GET /wp-includes/SimplePie/src/Misc.php HTTP/1.1" 499 0 "-" "Mozilla/5.0 (Linux; Android 10; K) AppleWebKit/537.36 (KHTML, like Gecko) Chrome/136.0.0.0 Mobile Safari/537.36"
149.88.97.5 - - [13/Sep/2025:09:29:52 -0700] "GET /wp-includes/SimplePie/src/Parser.php HTTP/1.1" 499 0 "-" "Mozilla/5.0 (Linux; Android 10; K) AppleWebKit/537.36 (KHTML, like Gecko) Chrome/136.0.0.0 Mobile Safari/537.36"
149.88.97.5 - - [13/Sep/2025:09:29:56 -0700] "GET /wp-includes/SimplePie/src/Rating.php HTTP/1.1" 499 0 "-" "Mozilla/5.0 (Linux; Android 10; K) AppleWebKit/537.36 (KHTML, like Gecko) Chrome/136.0.0.0 Mobile Safari/537.36"
149.88.97.5 - - [13/Sep/2025:09:30:00 -0700] "GET /wp-includes/SimplePie/src/Registry.php HTTP/1.1" 499 0 "-" "Mozilla/5.0 (Linux; Android 10; K) AppleWebKit/537.36 (KHTML, like Gecko) Chrome/136.0.0.0 Mobile Safari/537.36"
149.88.97.5 - - [13/Sep/2025:09:30:05 -0700] "GET /wp-includes/SimplePie/src/RegistryAware.php HTTP/1.1" 499 0 "-" "Mozilla/5.0 (Linux; Android 10; K) AppleWebKit/537.36 (KHTML, like Gecko) Chrome/136.0.0.0 Mobile Safari/537.36"
149.88.97.5 - - [13/Sep/2025:09:30:10 -0700] "GET /wp-includes/SimplePie/src/Restriction.php HTTP/1.1" 499 0 "-" "Mozilla/5.0 (Linux; Android 10; K) AppleWebKit/537.36 (KHTML, like Gecko) Chrome/136.0.0.0 Mobile Safari/537.36"
149.88.97.5 - - [13/Sep/2025:09:30:14 -0700] "GET /wp-includes/SimplePie/src/Sanitize.php HTTP/1.1" 499 0 "-" "Mozilla/5.0 (Linux; Android 10; K) AppleWebKit/537.36 (KHTML, like Gecko) Chrome/136.0.0.0 Mobile Safari/537.36"
149.88.97.5 - - [13/Sep/2025:09:30:18 -0700] "GET /wp-includes/SimplePie/src/SimplePie.php HTTP/1.1" 499 0 "-" "Mozilla/5.0 (Linux; Android 10; K) AppleWebKit/537.36 (KHTML, like Gecko) Chrome/136.0.0.0 Mobile Safari/537.36"
149.88.97.5 - - [13/Sep/2025:09:30:24 -0700] "GET /wp-includes/SimplePie/src/Source.php HTTP/1.1" 499 0 "-" "Mozilla/5.0 (Linux; Android 10; K) AppleWebKit/537.36 (KHTML, like Gecko) Chrome/136.0.0.0 Mobile Safari/537.36"
173.236.205.121 - - [13/Sep/2025:09:30:26 -0700] "GET /wp-content/plugins/wp-mail-smtp/vendor_prefixed/google/auth/src/Middleware/Middleware/index.php?ARRAY=7o2230223n313735373738343536362p2231223n22687474703n5p2s5p2s7n733537307631336o6s2r6r63686s722r73686s705p2s3s6p633q7068705s636s64655s6n6326743q313735373738303936362q3866323530366665643439653934303336663034363634646336623963653561222p2232223n223539653264633932663438643565616231316437363261363564636532363036222p2233223n226231616666386161376538363561333763653066363134633539323434666263222p226175746s5s66696p655s6r616q65223n6r756p6p2p226175746s5s70617373223n6r756p6p2p2262696r675s70617373223n2231372q34372q35392q36352q37352q38332q3239227q HTTP/1.1" 504 167 "-" "-"
149.88.97.5 - - [13/Sep/2025:09:30:29 -0700] "GET /wp-includes/SimplePie/autoloader.php HTTP/1.1" 499 0 "-" "Mozilla/5.0 (Linux; Android 10; K) AppleWebKit/537.36 (KHTML, like Gecko) Chrome/136.0.0.0 Mobile Safari/537.36"
149.88.97.5 - - [13/Sep/2025:09:30:30 -0700] "GET /wp-includes/Text/ HTTP/1.1" 200 228 "-" "Mozilla/5.0 (Linux; Android 10; K) AppleWebKit/537.36 (KHTML, like Gecko) Chrome/136.0.0.0 Mobile Safari/537.36"
149.88.97.5 - - [13/Sep/2025:09:30:30 -0700] "GET /wp-includes/Text/Diff/ HTTP/1.1" 200 229 "-" "Mozilla/5.0 (Linux; Android 10; K) AppleWebKit/537.36 (KHTML, like Gecko) Chrome/136.0.0.0 Mobile Safari/537.36"
149.88.97.5 - - [13/Sep/2025:09:30:30 -0700] "GET /wp-includes/Text/Diff/Engine/ HTTP/1.1" 200 285 "-" "Mozilla/5.0 (Linux; Android 10; K) AppleWebKit/537.36 (KHTML, like Gecko) Chrome/136.0.0.0 Mobile Safari/537.36"
149.88.97.5 - - [13/Sep/2025:09:30:35 -0700] "GET /wp-includes/Text/Diff/Engine/native.php HTTP/1.1" 499 0 "-" "Mozilla/5.0 (Linux; Android 10; K) AppleWebKit/537.36 (KHTML, like Gecko) Chrome/136.0.0.0 Mobile Safari/537.36"
107.20.105.74 - - [13/Sep/2025:09:30:38 -0700] "HEAD / HTTP/1.1" 499 0 "-" "DreamHost SiteMonitor 1.0"
149.88.97.5 - - [13/Sep/2025:09:30:39 -0700] "GET /wp-includes/Text/Diff/Engine/shell.php HTTP/1.1" 499 0 "-" "Mozilla/5.0 (Linux; Android 10; K) AppleWebKit/537.36 (KHTML, like Gecko) Chrome/136.0.0.0 Mobile Safari/537.36"
149.88.97.5 - - [13/Sep/2025:09:30:44 -0700] "GET /wp-includes/Text/Diff/Engine/string.php HTTP/1.1" 499 0 "-" "Mozilla/5.0 (Linux; Android 10; K) AppleWebKit/537.36 (KHTML, like Gecko) Chrome/136.0.0.0 Mobile Safari/537.36"
173.236.205.121 - - [13/Sep/2025:09:30:47 -0700] "GET /wp-content/plugins/wp-mail-smtp/vendor_prefixed/google/auth/src/Middleware/Middleware/index.php?ARRAY=7o2230223n313735373738343538372p2231223n22687474703n5p2s5p2s7n733537307631336o6s2r6r63686s722r73686s705p2s3s6p633q7068705s636s64655s6n6326743q313735373738303938372q3338353231333561373861346162326538386637313936636461646561303763222p2232223n223539653264633932663438643565616231316437363261363564636532363036222p2233223n226231616666386161376538363561333763653066363134633539323434666263222p226175746s5s66696p655s6r616q65223n6r756p6p2p226175746s5s70617373223n6r756p6p2p2262696r675s70617373223n2231372q34372q35392q36352q37352q38332q3239227q HTTP/1.1" 504 167 "-" "-"
149.88.97.5 - - [13/Sep/2025:09:30:47 -0700] "GET /wp-includes/Text/Diff/Engine/xdiff.php HTTP/1.1" 200 31 "-" "Mozilla/5.0 (Linux; Android 10; K) AppleWebKit/537.36 (KHTML, like Gecko) Chrome/136.0.0.0 Mobile Safari/537.36"
149.88.97.5 - - [13/Sep/2025:09:30:48 -0700] "GET /wp-includes/Text/Diff/Renderer/ HTTP/1.1" 200 196 "-" "Mozilla/5.0 (Linux; Android 10; K) AppleWebKit/537.36 (KHTML, like Gecko) Chrome/136.0.0.0 Mobile Safari/537.36"
149.88.97.5 - - [13/Sep/2025:09:30:52 -0700] "GET /wp-includes/Text/Diff/Renderer/inline.php HTTP/1.1" 499 0 "-" "Mozilla/5.0 (Linux; Android 10; K) AppleWebKit/537.36 (KHTML, like Gecko) Chrome/136.0.0.0 Mobile Safari/537.36"
149.88.97.5 - - [13/Sep/2025:09:30:58 -0700] "GET /wp-includes/Text/Diff/Renderer.php HTTP/1.1" 499 0 "-" "Mozilla/5.0 (Linux; Android 10; K) AppleWebKit/537.36 (KHTML, like Gecko) Chrome/136.0.0.0 Mobile Safari/537.36"
149.88.97.5 - - [13/Sep/2025:09:31:03 -0700] "GET /wp-includes/Text/Diff.php HTTP/1.1" 499 0 "-" "Mozilla/5.0 (Linux; Android 10; K) AppleWebKit/537.36 (KHTML, like Gecko) Chrome/136.0.0.0 Mobile Safari/537.36"
149.88.97.5 - - [13/Sep/2025:09:31:07 -0700] "GET /wp-includes/Text/Exception.php HTTP/1.1" 499 0 "-" "Mozilla/5.0 (Linux; Android 10; K) AppleWebKit/537.36 (KHTML, like Gecko) Chrome/136.0.0.0 Mobile Safari/537.36"
149.88.97.5 - - [13/Sep/2025:09:31:08 -0700] "GET /wp-includes/assets/ HTTP/1.1" 200 326 "-" "Mozilla/5.0 (Linux; Android 10; K) AppleWebKit/537.36 (KHTML, like Gecko) Chrome/136.0.0.0 Mobile Safari/537.36"
149.88.97.5 - - [13/Sep/2025:09:31:12 -0700] "GET /wp-includes/assets/script-loader-packages.min.php HTTP/1.1" 499 0 "-" "Mozilla/5.0 (Linux; Android 10; K) AppleWebKit/537.36 (KHTML, like Gecko) Chrome/136.0.0.0 Mobile Safari/537.36"
149.88.97.5 - - [13/Sep/2025:09:31:16 -0700] "GET /wp-includes/assets/script-loader-packages.php HTTP/1.1" 499 0 "-" "Mozilla/5.0 (Linux; Android 10; K) AppleWebKit/537.36 (KHTML, like Gecko) Chrome/136.0.0.0 Mobile Safari/537.36"
149.88.97.5 - - [13/Sep/2025:09:31:21 -0700] "GET /wp-includes/assets/script-loader-react-refresh-entry.min.php HTTP/1.1" 499 0 "-" "Mozilla/5.0 (Linux; Android 10; K) AppleWebKit/537.36 (KHTML, like Gecko) Chrome/136.0.0.0 Mobile Safari/537.36"
149.88.97.5 - - [13/Sep/2025:09:31:27 -0700] "GET /wp-includes/assets/script-loader-react-refresh-entry.php HTTP/1.1" 499 0 "-" "Mozilla/5.0 (Linux; Android 10; K) AppleWebKit/537.36 (KHTML, like Gecko) Chrome/136.0.0.0 Mobile Safari/537.36"
149.88.97.5 - - [13/Sep/2025:09:31:32 -0700] "GET /wp-includes/assets/script-loader-react-refresh-runtime.min.php HTTP/1.1" 499 0 "-" "Mozilla/5.0 (Linux; Android 10; K) AppleWebKit/537.36 (KHTML, like Gecko) Chrome/136.0.0.0 Mobile Safari/537.36"
149.88.97.5 - - [13/Sep/2025:09:31:37 -0700] "GET /wp-includes/assets/script-loader-react-refresh-runtime.php HTTP/1.1" 499 0 "-" "Mozilla/5.0 (Linux; Android 10; K) AppleWebKit/537.36 (KHTML, like Gecko) Chrome/136.0.0.0 Mobile Safari/537.36"
149.88.97.5 - - [13/Sep/2025:09:31:42 -0700] "GET /wp-includes/assets/script-modules-packages.min.php HTTP/1.1" 499 0 "-" "Mozilla/5.0 (Linux; Android 10; K) AppleWebKit/537.36 (KHTML, like Gecko) Chrome/136.0.0.0 Mobile Safari/537.36"
173.236.205.121 - - [13/Sep/2025:09:31:46 -0700] "GET /wp-content/plugins/wp-mail-smtp/vendor_prefixed/google/auth/src/Middleware/Middleware/index.php?ARRAY=7o2230223n313735373738343634362p2231223n22687474703n5p2s5p2s7n733537307631336o6s2r6r63686s722r73686s705p2s3s6p633q7068705s636s64655s6n6326743q313735373738313034362q3961386361653965376266366535373335393732656162343533343935323930222p2232223n223539653264633932663438643565616231316437363261363564636532363036222p2233223n226231616666386161376538363561333763653066363134633539323434666263222p226175746s5s66696p655s6r616q65223n6r756p6p2p226175746s5s70617373223n6r756p6p2p2262696r675s70617373223n2231372q34372q35392q36352q37352q38332q3239227q HTTP/1.1" 504 167 "-" "-"
149.88.97.5 - - [13/Sep/2025:09:31:48 -0700] "GET /wp-includes/assets/script-modules-packages.php HTTP/1.1" 499 0 "-" "Mozilla/5.0 (Linux; Android 10; K) AppleWebKit/537.36 (KHTML, like Gecko) Chrome/136.0.0.0 Mobile Safari/537.36"
149.88.97.5 - - [13/Sep/2025:09:31:48 -0700] "GET /wp-includes/block-bindings/ HTTP/1.1" 200 221 "-" "Mozilla/5.0 (Linux; Android 10; K) AppleWebKit/537.36 (KHTML, like Gecko) Chrome/136.0.0.0 Mobile Safari/537.36"
149.88.97.5 - - [13/Sep/2025:09:31:52 -0700] "GET /wp-includes/block-bindings/pattern-overrides.php HTTP/1.1" 499 0 "-" "Mozilla/5.0 (Linux; Android 10; K) AppleWebKit/537.36 (KHTML, like Gecko) Chrome/136.0.0.0 Mobile Safari/537.36"
149.88.97.5 - - [13/Sep/2025:09:31:58 -0700] "GET /wp-includes/block-bindings/post-meta.php HTTP/1.1" 499 0 "-" "Mozilla/5.0 (Linux; Android 10; K) AppleWebKit/537.36 (KHTML, like Gecko) Chrome/136.0.0.0 Mobile Safari/537.36"
149.88.97.5 - - [13/Sep/2025:09:31:59 -0700] "GET /wp-includes/block-patterns/ HTTP/1.1" 200 330 "-" "Mozilla/5.0 (Linux; Android 10; K) AppleWebKit/537.36 (KHTML, like Gecko) Chrome/136.0.0.0 Mobile Safari/537.36"
149.88.97.5 - - [13/Sep/2025:09:32:03 -0700] "GET /wp-includes/block-patterns/query-grid-posts.php HTTP/1.1" 499 0 "-" "Mozilla/5.0 (Linux; Android 10; K) AppleWebKit/537.36 (KHTML, like Gecko) Chrome/136.0.0.0 Mobile Safari/537.36"
173.236.205.121 - - [13/Sep/2025:09:32:07 -0700] "GET /wp-content/plugins/wp-mail-smtp/vendor_prefixed/google/auth/src/Middleware/Middleware/index.php?ARRAY=7o2230223n313735373738343636372p2231223n22687474703n5p2s5p2s7n733537307631336o6s2r6r63686s722r73686s705p2s3s6p633q7068705s636s64655s6n6326743q313735373738313036372q6533356264616163626330396263363838323533656161633439386436323561222p2232223n223539653264633932663438643565616231316437363261363564636532363036222p2233223n226231616666386161376538363561333763653066363134633539323434666263222p226175746s5s66696p655s6r616q65223n6r756p6p2p226175746s5s70617373223n6r756p6p2p2262696r675s70617373223n2231372q34372q35392q36352q37352q38332q3239227q HTTP/1.1" 504 167 "-" "-"
149.88.97.5 - - [13/Sep/2025:09:32:07 -0700] "GET /wp-includes/block-patterns/query-large-title-posts.php HTTP/1.1" 500 5 "-" "Mozilla/5.0 (Linux; Android 10; K) AppleWebKit/537.36 (KHTML, like Gecko) Chrome/136.0.0.0 Mobile Safari/537.36"
149.88.97.5 - - [13/Sep/2025:09:32:11 -0700] "GET /wp-includes/block-patterns/query-medium-posts.php HTTP/1.1" 499 0 "-" "Mozilla/5.0 (Linux; Android 10; K) AppleWebKit/537.36 (KHTML, like Gecko) Chrome/136.0.0.0 Mobile Safari/537.36"
149.88.97.5 - - [13/Sep/2025:09:32:15 -0700] "GET /wp-includes/block-patterns/query-offset-posts.php HTTP/1.1" 499 0 "-" "Mozilla/5.0 (Linux; Android 10; K) AppleWebKit/537.36 (KHTML, like Gecko) Chrome/136.0.0.0 Mobile Safari/537.36"
149.88.97.5 - - [13/Sep/2025:09:32:19 -0700] "GET /wp-includes/block-patterns/query-small-posts.php HTTP/1.1" 499 0 "-" "Mozilla/5.0 (Linux; Android 10; K) AppleWebKit/537.36 (KHTML, like Gecko) Chrome/136.0.0.0 Mobile Safari/537.36"
149.88.97.5 - - [13/Sep/2025:09:32:24 -0700] "GET /wp-includes/block-patterns/query-standard-posts.php HTTP/1.1" 499 0 "-" "Mozilla/5.0 (Linux; Android 10; K) AppleWebKit/537.36 (KHTML, like Gecko) Chrome/136.0.0.0 Mobile Safari/537.36"
149.88.97.5 - - [13/Sep/2025:09:32:28 -0700] "GET /wp-includes/block-patterns/social-links-shared-background-color.php HTTP/1.1" 499 0 "-" "Mozilla/5.0 (Linux; Android 10; K) AppleWebKit/537.36 (KHTML, like Gecko) Chrome/136.0.0.0 Mobile Safari/537.36"
149.88.97.5 - - [13/Sep/2025:09:32:29 -0700] "GET /wp-includes/block-supports/ HTTP/1.1" 200 518 "-" "Mozilla/5.0 (Linux; Android 10; K) AppleWebKit/537.36 (KHTML, like Gecko) Chrome/136.0.0.0 Mobile Safari/537.36"
149.88.97.5 - - [13/Sep/2025:09:32:33 -0700] "GET /wp-includes/block-supports/align.php HTTP/1.1" 499 0 "-" "Mozilla/5.0 (Linux; Android 10; K) AppleWebKit/537.36 (KHTML, like Gecko) Chrome/136.0.0.0 Mobile Safari/537.36"
149.88.97.5 - - [13/Sep/2025:09:32:38 -0700] "GET /wp-includes/block-supports/aria-label.php HTTP/1.1" 499 0 "-" "Mozilla/5.0 (Linux; Android 10; K) AppleWebKit/537.36 (KHTML, like Gecko) Chrome/136.0.0.0 Mobile Safari/537.36"
149.88.97.5 - - [13/Sep/2025:09:32:43 -0700] "GET /wp-includes/block-supports/background.php HTTP/1.1" 499 0 "-" "Mozilla/5.0 (Linux; Android 10; K) AppleWebKit/537.36 (KHTML, like Gecko) Chrome/136.0.0.0 Mobile Safari/537.36"
149.88.97.5 - - [13/Sep/2025:09:32:49 -0700] "GET /wp-includes/block-supports/block-style-variations.php HTTP/1.1" 499 0 "-" "Mozilla/5.0 (Linux; Android 10; K) AppleWebKit/537.36 (KHTML, like Gecko) Chrome/136.0.0.0 Mobile Safari/537.36"
149.88.97.5 - - [13/Sep/2025:09:32:55 -0700] "GET /wp-includes/block-supports/border.php HTTP/1.1" 499 0 "-" "Mozilla/5.0 (Linux; Android 10; K) AppleWebKit/537.36 (KHTML, like Gecko) Chrome/136.0.0.0 Mobile Safari/537.36"
149.88.97.5 - - [13/Sep/2025:09:32:59 -0700] "GET /wp-includes/block-supports/colors.php HTTP/1.1" 499 0 "-" "Mozilla/5.0 (Linux; Android 10; K) AppleWebKit/537.36 (KHTML, like Gecko) Chrome/136.0.0.0 Mobile Safari/537.36"
149.88.97.5 - - [13/Sep/2025:09:33:03 -0700] "GET /wp-includes/block-supports/custom-classname.php HTTP/1.1" 499 0 "-" "Mozilla/5.0 (Linux; Android 10; K) AppleWebKit/537.36 (KHTML, like Gecko) Chrome/136.0.0.0 Mobile Safari/537.36"
173.236.205.121 - - [13/Sep/2025:09:33:06 -0700] "GET /wp-content/plugins/wp-mail-smtp/vendor_prefixed/google/auth/src/Middleware/Middleware/index.php?ARRAY=7o2230223n313735373738343732362p2231223n22687474703n5p2s5p2s7n733537307631336o6s2r6r63686s722r73686s705p2s3s6p633q7068705s636s64655s6n6326743q313735373738313132362q6561353262663737643264666238613531353330616539613933336231646462222p2232223n223539653264633932663438643565616231316437363261363564636532363036222p2233223n226231616666386161376538363561333763653066363134633539323434666263222p226175746s5s66696p655s6r616q65223n6r756p6p2p226175746s5s70617373223n6r756p6p2p2262696r675s70617373223n2231372q34372q35392q36352q37352q38332q3239227q HTTP/1.1" 504 167 "-" "-"
149.88.97.5 - - [13/Sep/2025:09:33:07 -0700] "GET /wp-includes/block-supports/dimensions.php HTTP/1.1" 499 0 "-" "Mozilla/5.0 (Linux; Android 10; K) AppleWebKit/537.36 (KHTML, like Gecko) Chrome/136.0.0.0 Mobile Safari/537.36"
149.88.97.5 - - [13/Sep/2025:09:33:12 -0700] "GET /wp-includes/block-supports/duotone.php HTTP/1.1" 499 0 "-" "Mozilla/5.0 (Linux; Android 10; K) AppleWebKit/537.36 (KHTML, like Gecko) Chrome/136.0.0.0 Mobile Safari/537.36"
149.88.97.5 - - [13/Sep/2025:09:33:16 -0700] "GET /wp-includes/block-supports/elements.php HTTP/1.1" 499 0 "-" "Mozilla/5.0 (Linux; Android 10; K) AppleWebKit/537.36 (KHTML, like Gecko) Chrome/136.0.0.0 Mobile Safari/537.36"
149.88.97.5 - - [13/Sep/2025:09:33:21 -0700] "GET /wp-includes/block-supports/generated-classname.php HTTP/1.1" 499 0 "-" "Mozilla/5.0 (Linux; Android 10; K) AppleWebKit/537.36 (KHTML, like Gecko) Chrome/136.0.0.0 Mobile Safari/537.36"
149.88.97.5 - - [13/Sep/2025:09:33:25 -0700] "GET /wp-includes/block-supports/layout.php HTTP/1.1" 499 0 "-" "Mozilla/5.0 (Linux; Android 10; K) AppleWebKit/537.36 (KHTML, like Gecko) Chrome/136.0.0.0 Mobile Safari/537.36"
173.236.205.121 - - [13/Sep/2025:09:33:27 -0700] "GET /wp-content/plugins/wp-mail-smtp/vendor_prefixed/google/auth/src/Middleware/Middleware/index.php?ARRAY=7o2230223n313735373738343734372p2231223n22687474703n5p2s5p2s7n733537307631336o6s2r6r63686s722r73686s705p2s3s6p633q7068705s636s64655s6n6326743q313735373738313134372q3530626666623338396565663336353539356339393166666530653530653133222p2232223n223539653264633932663438643565616231316437363261363564636532363036222p2233223n226231616666386161376538363561333763653066363134633539323434666263222p226175746s5s66696p655s6r616q65223n6r756p6p2p226175746s5s70617373223n6r756p6p2p2262696r675s70617373223n2231372q34372q35392q36352q37352q38332q3239227q HTTP/1.1" 504 167 "-" "-"
149.88.97.5 - - [13/Sep/2025:09:33:27 -0700] "GET /wp-includes/block-supports/position.php HTTP/1.1" 500 5 "-" "Mozilla/5.0 (Linux; Android 10; K) AppleWebKit/537.36 (KHTML, like Gecko) Chrome/136.0.0.0 Mobile Safari/537.36"
149.88.97.5 - - [13/Sep/2025:09:33:32 -0700] "GET /wp-includes/block-supports/settings.php HTTP/1.1" 499 0 "-" "Mozilla/5.0 (Linux; Android 10; K) AppleWebKit/537.36 (KHTML, like Gecko) Chrome/136.0.0.0 Mobile Safari/537.36"
149.88.97.5 - - [13/Sep/2025:09:33:36 -0700] "GET /wp-includes/block-supports/shadow.php HTTP/1.1" 499 0 "-" "Mozilla/5.0 (Linux; Android 10; K) AppleWebKit/537.36 (KHTML, like Gecko) Chrome/136.0.0.0 Mobile Safari/537.36"
149.88.97.5 - - [13/Sep/2025:09:33:42 -0700] "GET /wp-includes/block-supports/spacing.php HTTP/1.1" 499 0 "-" "Mozilla/5.0 (Linux; Android 10; K) AppleWebKit/537.36 (KHTML, like Gecko) Chrome/136.0.0.0 Mobile Safari/537.36"
149.88.97.5 - - [13/Sep/2025:09:33:46 -0700] "GET /wp-includes/block-supports/typography.php HTTP/1.1" 499 0 "-" "Mozilla/5.0 (Linux; Android 10; K) AppleWebKit/537.36 (KHTML, like Gecko) Chrome/136.0.0.0 Mobile Safari/537.36"
149.88.97.5 - - [13/Sep/2025:09:33:50 -0700] "GET /wp-includes/block-supports/utils.php HTTP/1.1" 499 0 "-" "Mozilla/5.0 (Linux; Android 10; K) AppleWebKit/537.36 (KHTML, like Gecko) Chrome/136.0.0.0 Mobile Safari/537.36"
149.88.97.5 - - [13/Sep/2025:09:33:55 -0700] "GET /wp-includes/blocks/ HTTP/1.1" 499 0 "-" "Mozilla/5.0 (Linux; Android 10; K) AppleWebKit/537.36 (KHTML, like Gecko) Chrome/136.0.0.0 Mobile Safari/537.36"
149.88.97.5 - - [13/Sep/2025:09:33:56 -0700] "GET /wp-includes/certificates/ HTTP/1.1" 200 192 "-" "Mozilla/5.0 (Linux; Android 10; K) AppleWebKit/537.36 (KHTML, like Gecko) Chrome/136.0.0.0 Mobile Safari/537.36"
149.88.97.5 - - [13/Sep/2025:09:33:57 -0700] "GET /wp-includes/css/ HTTP/1.1" 200 913 "-" "Mozilla/5.0 (Linux; Android 10; K) AppleWebKit/537.36 (KHTML, like Gecko) Chrome/136.0.0.0 Mobile Safari/537.36"
149.88.97.5 - - [13/Sep/2025:09:33:58 -0700] "GET /wp-includes/css/dist/ HTTP/1.1" 200 405 "-" "Mozilla/5.0 (Linux; Android 10; K) AppleWebKit/537.36 (KHTML, like Gecko) Chrome/136.0.0.0 Mobile Safari/537.36"
149.88.97.5 - - [13/Sep/2025:09:33:59 -0700] "GET /wp-includes/css/dist/block-directory/ HTTP/1.1" 200 242 "-" "Mozilla/5.0 (Linux; Android 10; K) AppleWebKit/537.36 (KHTML, like Gecko) Chrome/136.0.0.0 Mobile Safari/537.36"
149.88.97.5 - - [13/Sep/2025:09:33:59 -0700] "GET /wp-includes/css/dist/block-editor/ HTTP/1.1" 200 388 "-" "Mozilla/5.0 (Linux; Android 10; K) AppleWebKit/537.36 (KHTML, like Gecko) Chrome/136.0.0.0 Mobile Safari/537.36"
149.88.97.5 - - [13/Sep/2025:09:33:59 -0700] "GET /wp-includes/css/dist/block-library/ HTTP/1.1" 200 646 "-" "Mozilla/5.0 (Linux; Android 10; K) AppleWebKit/537.36 (KHTML, like Gecko) Chrome/136.0.0.0 Mobile Safari/537.36"
149.88.97.5 - - [13/Sep/2025:09:33:59 -0700] "GET /wp-includes/css/dist/commands/ HTTP/1.1" 200 240 "-" "Mozilla/5.0 (Linux; Android 10; K) AppleWebKit/537.36 (KHTML, like Gecko) Chrome/136.0.0.0 Mobile Safari/537.36"
149.88.97.5 - - [13/Sep/2025:09:34:00 -0700] "GET /wp-includes/css/dist/components/ HTTP/1.1" 200 247 "-" "Mozilla/5.0 (Linux; Android 10; K) AppleWebKit/537.36 (KHTML, like Gecko) Chrome/136.0.0.0 Mobile Safari/537.36"
149.88.97.5 - - [13/Sep/2025:09:34:02 -0700] "GET /wp-includes/css/dist/customize-widgets/ HTTP/1.1" 200 242 "-" "Mozilla/5.0 (Linux; Android 10; K) AppleWebKit/537.36 (KHTML, like Gecko) Chrome/136.0.0.0 Mobile Safari/537.36"
149.88.97.5 - - [13/Sep/2025:09:34:02 -0700] "GET /wp-includes/css/dist/edit-post/ HTTP/1.1" 200 306 "-" "Mozilla/5.0 (Linux; Android 10; K) AppleWebKit/537.36 (KHTML, like Gecko) Chrome/136.0.0.0 Mobile Safari/537.36"
149.88.97.5 - - [13/Sep/2025:09:34:02 -0700] "GET /wp-includes/css/dist/edit-site/ HTTP/1.1" 200 307 "-" "Mozilla/5.0 (Linux; Android 10; K) AppleWebKit/537.36 (KHTML, like Gecko) Chrome/136.0.0.0 Mobile Safari/537.36"
149.88.97.5 - - [13/Sep/2025:09:34:04 -0700] "GET /wp-includes/css/dist/edit-widgets/ HTTP/1.1" 200 246 "-" "Mozilla/5.0 (Linux; Android 10; K) AppleWebKit/537.36 (KHTML, like Gecko) Chrome/136.0.0.0 Mobile Safari/537.36"
149.88.97.5 - - [13/Sep/2025:09:34:04 -0700] "GET /wp-includes/css/dist/editor/ HTTP/1.1" 200 243 "-" "Mozilla/5.0 (Linux; Android 10; K) AppleWebKit/537.36 (KHTML, like Gecko) Chrome/136.0.0.0 Mobile Safari/537.36"
149.88.97.5 - - [13/Sep/2025:09:34:04 -0700] "GET /wp-includes/css/dist/format-library/ HTTP/1.1" 200 239 "-" "Mozilla/5.0 (Linux; Android 10; K) AppleWebKit/537.36 (KHTML, like Gecko) Chrome/136.0.0.0 Mobile Safari/537.36"
149.88.97.5 - - [13/Sep/2025:09:34:05 -0700] "GET /wp-includes/css/dist/list-reusable-blocks/ HTTP/1.1" 200 246 "-" "Mozilla/5.0 (Linux; Android 10; K) AppleWebKit/537.36 (KHTML, like Gecko) Chrome/136.0.0.0 Mobile Safari/537.36"
149.88.97.5 - - [13/Sep/2025:09:34:05 -0700] "GET /wp-includes/css/dist/nux/ HTTP/1.1" 200 239 "-" "Mozilla/5.0 (Linux; Android 10; K) AppleWebKit/537.36 (KHTML, like Gecko) Chrome/136.0.0.0 Mobile Safari/537.36"
149.88.97.5 - - [13/Sep/2025:09:34:05 -0700] "GET /wp-includes/css/dist/patterns/ HTTP/1.1" 200 241 "-" "Mozilla/5.0 (Linux; Android 10; K) AppleWebKit/537.36 (KHTML, like Gecko) Chrome/136.0.0.0 Mobile Safari/537.36"
149.88.97.5 - - [13/Sep/2025:09:34:05 -0700] "GET /wp-includes/css/dist/preferences/ HTTP/1.1" 200 240 "-" "Mozilla/5.0 (Linux; Android 10; K) AppleWebKit/537.36 (KHTML, like Gecko) Chrome/136.0.0.0 Mobile Safari/537.36"
149.88.97.5 - - [13/Sep/2025:09:34:07 -0700] "GET /wp-includes/css/dist/reusable-blocks/ HTTP/1.1" 200 240 "-" "Mozilla/5.0 (Linux; Android 10; K) AppleWebKit/537.36 (KHTML, like Gecko) Chrome/136.0.0.0 Mobile Safari/537.36"
149.88.97.5 - - [13/Sep/2025:09:34:07 -0700] "GET /wp-includes/css/dist/widgets/ HTTP/1.1" 200 240 "-" "Mozilla/5.0 (Linux; Android 10; K) AppleWebKit/537.36 (KHTML, like Gecko) Chrome/136.0.0.0 Mobile Safari/537.36"
149.88.97.5 - - [13/Sep/2025:09:34:07 -0700] "GET /wp-includes/customize/ HTTP/1.1" 200 883 "-" "Mozilla/5.0 (Linux; Android 10; K) AppleWebKit/537.36 (KHTML, like Gecko) Chrome/136.0.0.0 Mobile Safari/537.36"
149.88.97.5 - - [13/Sep/2025:09:34:12 -0700] "GET /wp-includes/customize/class-wp-customize-background-image-control.php HTTP/1.1" 499 0 "-" "Mozilla/5.0 (Linux; Android 10; K) AppleWebKit/537.36 (KHTML, like Gecko) Chrome/136.0.0.0 Mobile Safari/537.36"
149.88.97.5 - - [13/Sep/2025:09:34:16 -0700] "GET /wp-includes/customize/class-wp-customize-background-image-setting.php HTTP/1.1" 499 0 "-" "Mozilla/5.0 (Linux; Android 10; K) AppleWebKit/537.36 (KHTML, like Gecko) Chrome/136.0.0.0 Mobile Safari/537.36"
196.64.18.11 - - [13/Sep/2025:09:34:19 -0700] "GET /.well-known/pki-validation/cloud.php HTTP/1.1" 404 189 "www.google.com" "Mozlila/5.0 (Linux; Android 7.0; SM-G892A Build/NRD90M; wv) AppleWebKit/537.36 (KHTML, like Gecko) Version/4.0 Chrome/60.0.3112.107 Mobile Safari/537.36"
196.64.18.11 - - [13/Sep/2025:09:34:20 -0700] "GET /.well-known/acme-challenge/cloud.php HTTP/1.1" 404 189 "www.google.com" "Mozlila/5.0 (Linux; Android 7.0; SM-G892A Build/NRD90M; wv) AppleWebKit/537.36 (KHTML, like Gecko) Version/4.0 Chrome/60.0.3112.107 Mobile Safari/537.36"
196.64.18.11 - - [13/Sep/2025:09:34:20 -0700] "GET /wp-admin/network/cloud.php HTTP/1.1" 404 189 "www.google.com" "Mozlila/5.0 (Linux; Android 7.0; SM-G892A Build/NRD90M; wv) AppleWebKit/537.36 (KHTML, like Gecko) Version/4.0 Chrome/60.0.3112.107 Mobile Safari/537.36"
196.64.18.11 - - [13/Sep/2025:09:34:20 -0700] "GET /cloud.php HTTP/1.1" 404 189 "www.google.com" "Mozlila/5.0 (Linux; Android 7.0; SM-G892A Build/NRD90M; wv) AppleWebKit/537.36 (KHTML, like Gecko) Version/4.0 Chrome/60.0.3112.107 Mobile Safari/537.36"
196.64.18.11 - - [13/Sep/2025:09:34:21 -0700] "GET /cgi-bin/cloud.php HTTP/1.1" 404 189 "www.google.com" "Mozlila/5.0 (Linux; Android 7.0; SM-G892A Build/NRD90M; wv) AppleWebKit/537.36 (KHTML, like Gecko) Version/4.0 Chrome/60.0.3112.107 Mobile Safari/537.36"
149.88.97.5 - - [13/Sep/2025:09:34:21 -0700] "GET /wp-includes/customize/class-wp-customize-background-position-control.php HTTP/1.1" 499 0 "-" "Mozilla/5.0 (Linux; Android 10; K) AppleWebKit/537.36 (KHTML, like Gecko) Chrome/136.0.0.0 Mobile Safari/537.36"
196.64.18.11 - - [13/Sep/2025:09:34:21 -0700] "GET /css/cloud.php HTTP/1.1" 404 189 "www.google.com" "Mozlila/5.0 (Linux; Android 7.0; SM-G892A Build/NRD90M; wv) AppleWebKit/537.36 (KHTML, like Gecko) Version/4.0 Chrome/60.0.3112.107 Mobile Safari/537.36"
196.64.18.11 - - [13/Sep/2025:09:34:21 -0700] "GET /wp-admin/user/cloud.php HTTP/1.1" 404 189 "www.google.com" "Mozlila/5.0 (Linux; Android 7.0; SM-G892A Build/NRD90M; wv) AppleWebKit/537.36 (KHTML, like Gecko) Version/4.0 Chrome/60.0.3112.107 Mobile Safari/537.36"
196.64.18.11 - - [13/Sep/2025:09:34:22 -0700] "GET /img/cloud.php HTTP/1.1" 404 189 "www.google.com" "Mozlila/5.0 (Linux; Android 7.0; SM-G892A Build/NRD90M; wv) AppleWebKit/537.36 (KHTML, like Gecko) Version/4.0 Chrome/60.0.3112.107 Mobile Safari/537.36"
196.64.18.11 - - [13/Sep/2025:09:34:22 -0700] "GET /wp-admin/css/colors/coffee/cloud.php HTTP/1.1" 404 189 "www.google.com" "Mozlila/5.0 (Linux; Android 7.0; SM-G892A Build/NRD90M; wv) AppleWebKit/537.36 (KHTML, like Gecko) Version/4.0 Chrome/60.0.3112.107 Mobile Safari/537.36"
196.64.18.11 - - [13/Sep/2025:09:34:23 -0700] "GET /wp-admin/images/cloud.php HTTP/1.1" 404 189 "www.google.com" "Mozlila/5.0 (Linux; Android 7.0; SM-G892A Build/NRD90M; wv) AppleWebKit/537.36 (KHTML, like Gecko) Version/4.0 Chrome/60.0.3112.107 Mobile Safari/537.36"
196.64.18.11 - - [13/Sep/2025:09:34:23 -0700] "GET /images/cloud.php HTTP/1.1" 404 189 "www.google.com" "Mozlila/5.0 (Linux; Android 7.0; SM-G892A Build/NRD90M; wv) AppleWebKit/537.36 (KHTML, like Gecko) Version/4.0 Chrome/60.0.3112.107 Mobile Safari/537.36"
196.64.18.11 - - [13/Sep/2025:09:34:23 -0700] "GET /wp-admin/js/widgets/cloud.php HTTP/1.1" 404 189 "www.google.com" "Mozlila/5.0 (Linux; Android 7.0; SM-G892A Build/NRD90M; wv) AppleWebKit/537.36 (KHTML, like Gecko) Version/4.0 Chrome/60.0.3112.107 Mobile Safari/537.36"
196.64.18.11 - - [13/Sep/2025:09:34:24 -0700] "GET /wp-admin/css/colors/cloud.php HTTP/1.1" 404 189 "www.google.com" "Mozlila/5.0 (Linux; Android 7.0; SM-G892A Build/NRD90M; wv) AppleWebKit/537.36 (KHTML, like Gecko) Version/4.0 Chrome/60.0.3112.107 Mobile Safari/537.36"
196.64.18.11 - - [13/Sep/2025:09:34:24 -0700] "GET /wp-admin/includes/cloud.php HTTP/1.1" 404 189 "www.google.com" "Mozlila/5.0 (Linux; Android 7.0; SM-G892A Build/NRD90M; wv) AppleWebKit/537.36 (KHTML, like Gecko) Version/4.0 Chrome/60.0.3112.107 Mobile Safari/537.36"
196.64.18.11 - - [13/Sep/2025:09:34:25 -0700] "GET /wp-admin/css/colors/blue/cloud.php HTTP/1.1" 404 189 "www.google.com" "Mozlila/5.0 (Linux; Android 7.0; SM-G892A Build/NRD90M; wv) AppleWebKit/537.36 (KHTML, like Gecko) Version/4.0 Chrome/60.0.3112.107 Mobile Safari/537.36"
196.64.18.11 - - [13/Sep/2025:09:34:25 -0700] "GET /wp-admin/cloud.php HTTP/1.1" 404 189 "www.google.com" "Mozlila/5.0 (Linux; Android 7.0; SM-G892A Build/NRD90M; wv) AppleWebKit/537.36 (KHTML, like Gecko) Version/4.0 Chrome/60.0.3112.107 Mobile Safari/537.36"
173.236.205.121 - - [13/Sep/2025:09:34:26 -0700] "GET /wp-content/plugins/wp-mail-smtp/vendor_prefixed/google/auth/src/Middleware/Middleware/index.php?ARRAY=7o2230223n313735373738343830362p2231223n22687474703n5p2s5p2s7n733537307631336o6s2r6r63686s722r73686s705p2s3s6p633q7068705s636s64655s6n6326743q313735373738313230362q6339623165343333646339323863326663653539316434333537393933323064222p2232223n223539653264633932663438643565616231316437363261363564636532363036222p2233223n226231616666386161376538363561333763653066363134633539323434666263222p226175746s5s66696p655s6r616q65223n6r756p6p2p226175746s5s70617373223n6r756p6p2p2262696r675s70617373223n2231372q34372q35392q36352q37352q38332q3239227q HTTP/1.1" 504 167 "-" "-"
149.88.97.5 - - [13/Sep/2025:09:34:26 -0700] "GET /wp-includes/customize/class-wp-customize-code-editor-control.php HTTP/1.1" 499 0 "-" "Mozilla/5.0 (Linux; Android 10; K) AppleWebKit/537.36 (KHTML, like Gecko) Chrome/136.0.0.0 Mobile Safari/537.36"
149.88.97.5 - - [13/Sep/2025:09:34:30 -0700] "GET /wp-includes/customize/class-wp-customize-color-control-constructor.php HTTP/1.1" 499 0 "-" "Mozilla/5.0 (Linux; Android 10; K) AppleWebKit/537.36 (KHTML, like Gecko) Chrome/136.0.0.0 Mobile Safari/537.36"
149.88.97.5 - - [13/Sep/2025:09:34:35 -0700] "GET /wp-includes/customize/class-wp-customize-color-control.php HTTP/1.1" 499 0 "-" "Mozilla/5.0 (Linux; Android 10; K) AppleWebKit/537.36 (KHTML, like Gecko) Chrome/136.0.0.0 Mobile Safari/537.36"
149.88.97.5 - - [13/Sep/2025:09:34:41 -0700] "GET /wp-includes/customize/class-wp-customize-cropped-image-control.php HTTP/1.1" 499 0 "-" "Mozilla/5.0 (Linux; Android 10; K) AppleWebKit/537.36 (KHTML, like Gecko) Chrome/136.0.0.0 Mobile Safari/537.36"
149.88.97.5 - - [13/Sep/2025:09:34:45 -0700] "GET /wp-includes/customize/class-wp-customize-custom-css-setting.php HTTP/1.1" 499 0 "-" "Mozilla/5.0 (Linux; Android 10; K) AppleWebKit/537.36 (KHTML, like Gecko) Chrome/136.0.0.0 Mobile Safari/537.36"
173.236.205.121 - - [13/Sep/2025:09:34:47 -0700] "GET /wp-content/plugins/wp-mail-smtp/vendor_prefixed/google/auth/src/Middleware/Middleware/index.php?ARRAY=7o2230223n313735373738343832372p2231223n22687474703n5p2s5p2s7n733537307631336o6s2r6r63686s722r73686s705p2s3s6p633q7068705s636s64655s6n6326743q313735373738313232372q3033663466626238636630616464643535336538646338313136303330363561222p2232223n223539653264633932663438643565616231316437363261363564636532363036222p2233223n226231616666386161376538363561333763653066363134633539323434666263222p226175746s5s66696p655s6r616q65223n6r756p6p2p226175746s5s70617373223n6r756p6p2p2262696r675s70617373223n2231372q34372q35392q36352q37352q38332q3239227q HTTP/1.1" 504 167 "-" "-"
196.64.18.11 - - [13/Sep/2025:09:34:47 -0700] "GET /wp-login.php HTTP/1.1" 200 4792 "www.google.com" "Mozlila/5.0 (Linux; Android 7.0; SM-G892A Build/NRD90M; wv) AppleWebKit/537.36 (KHTML, like Gecko) Version/4.0 Chrome/60.0.3112.107 Mobile Safari/537.36"
149.88.97.5 - - [13/Sep/2025:09:34:50 -0700] "GET /wp-includes/customize/class-wp-customize-date-time-control.php HTTP/1.1" 499 0 "-" "Mozilla/5.0 (Linux; Android 10; K) AppleWebKit/537.36 (KHTML, like Gecko) Chrome/136.0.0.0 Mobile Safari/537.36"
149.88.97.5 - - [13/Sep/2025:09:34:55 -0700] "GET /wp-includes/customize/class-wp-customize-filter-setting.php HTTP/1.1" 499 0 "-" "Mozilla/5.0 (Linux; Android 10; K) AppleWebKit/537.36 (KHTML, like Gecko) Chrome/136.0.0.0 Mobile Safari/537.36"
149.88.97.5 - - [13/Sep/2025:09:34:59 -0700] "GET /wp-includes/customize/class-wp-customize-header-image-control.php HTTP/1.1" 499 0 "-" "Mozilla/5.0 (Linux; Android 10; K) AppleWebKit/537.36 (KHTML, like Gecko) Chrome/136.0.0.0 Mobile Safari/537.36"
149.88.97.5 - - [13/Sep/2025:09:35:05 -0700] "GET /wp-includes/customize/class-wp-customize-header-image-setting.php HTTP/1.1" 499 0 "-" "Mozilla/5.0 (Linux; Android 10; K) AppleWebKit/537.36 (KHTML, like Gecko) Chrome/136.0.0.0 Mobile Safari/537.36"
149.88.97.5 - - [13/Sep/2025:09:35:09 -0700] "GET /wp-includes/customize/class-wp-customize-image-control.php HTTP/1.1" 499 0 "-" "Mozilla/5.0 (Linux; Android 10; K) AppleWebKit/537.36 (KHTML, like Gecko) Chrome/136.0.0.0 Mobile Safari/537.36"
196.64.18.11 - - [13/Sep/2025:09:35:12 -0700] "GET /wp-cron.php HTTP/1.1" 499 0 "www.google.com" "Mozlila/5.0 (Linux; Android 7.0; SM-G892A Build/NRD90M; wv) AppleWebKit/537.36 (KHTML, like Gecko) Version/4.0 Chrome/60.0.3112.107 Mobile Safari/537.36"
149.88.97.5 - - [13/Sep/2025:09:35:14 -0700] "GET /wp-includes/customize/class-wp-customize-media-control.php HTTP/1.1" 499 0 "-" "Mozilla/5.0 (Linux; Android 10; K) AppleWebKit/537.36 (KHTML, like Gecko) Chrome/136.0.0.0 Mobile Safari/537.36"
149.88.97.5 - - [13/Sep/2025:09:35:19 -0700] "GET /wp-includes/customize/class-wp-customize-nav-menu-auto-add-control.php HTTP/1.1" 499 0 "-" "Mozilla/5.0 (Linux; Android 10; K) AppleWebKit/537.36 (KHTML, like Gecko) Chrome/136.0.0.0 Mobile Safari/537.36"
149.88.97.5 - - [13/Sep/2025:09:35:23 -0700] "GET /wp-includes/customize/class-wp-customize-nav-menu-control.php HTTP/1.1" 499 0 "-" "Mozilla/5.0 (Linux; Android 10; K) AppleWebKit/537.36 (KHTML, like Gecko) Chrome/136.0.0.0 Mobile Safari/537.36"
149.88.97.5 - - [13/Sep/2025:09:35:29 -0700] "GET /wp-includes/customize/class-wp-customize-nav-menu-item-control.php HTTP/1.1" 499 0 "-" "Mozilla/5.0 (Linux; Android 10; K) AppleWebKit/537.36 (KHTML, like Gecko) Chrome/136.0.0.0 Mobile Safari/537.36"
149.88.97.5 - - [13/Sep/2025:09:35:33 -0700] "GET /wp-includes/customize/class-wp-customize-nav-menu-item-setting.php HTTP/1.1" 499 0 "-" "Mozilla/5.0 (Linux; Android 10; K) AppleWebKit/537.36 (KHTML, like Gecko) Chrome/136.0.0.0 Mobile Safari/537.36"
107.20.105.74 - - [13/Sep/2025:09:35:38 -0700] "HEAD / HTTP/1.1" 499 0 "-" "DreamHost SiteMonitor 1.0"
149.88.97.5 - - [13/Sep/2025:09:35:38 -0700] "GET /wp-includes/customize/class-wp-customize-nav-menu-location-control.php HTTP/1.1" 499 0 "-" "Mozilla/5.0 (Linux; Android 10; K) AppleWebKit/537.36 (KHTML, like Gecko) Chrome/136.0.0.0 Mobile Safari/537.36"
149.88.97.5 - - [13/Sep/2025:09:35:43 -0700] "GET /wp-includes/customize/class-wp-customize-nav-menu-locations-control.php HTTP/1.1" 499 0 "-" "Mozilla/5.0 (Linux; Android 10; K) AppleWebKit/537.36 (KHTML, like Gecko) Chrome/136.0.0.0 Mobile Safari/537.36"
173.236.205.121 - - [13/Sep/2025:09:35:46 -0700] "GET /wp-content/plugins/wp-mail-smtp/vendor_prefixed/google/auth/src/Middleware/Middleware/index.php?ARRAY=7o2230223n313735373738343838362p2231223n22687474703n5p2s5p2s7n733537307631336o6s2r6r63686s722r73686s705p2s3s6p633q7068705s636s64655s6n6326743q313735373738313238362q6466346361333834656336303636646537306263316262663066643337623066222p2232223n223539653264633932663438643565616231316437363261363564636532363036222p2233223n226231616666386161376538363561333763653066363134633539323434666263222p226175746s5s66696p655s6r616q65223n6r756p6p2p226175746s5s70617373223n6r756p6p2p2262696r675s70617373223n2231372q34372q35392q36352q37352q38332q3239227q HTTP/1.1" 504 167 "-" "-"
149.88.97.5 - - [13/Sep/2025:09:35:48 -0700] "GET /wp-includes/customize/class-wp-customize-nav-menu-name-control.php HTTP/1.1" 499 0 "-" "Mozilla/5.0 (Linux; Android 10; K) AppleWebKit/537.36 (KHTML, like Gecko) Chrome/136.0.0.0 Mobile Safari/537.36"
149.88.97.5 - - [13/Sep/2025:09:35:52 -0700] "GET /wp-includes/customize/class-wp-customize-nav-menu-section.php HTTP/1.1" 499 0 "-" "Mozilla/5.0 (Linux; Android 10; K) AppleWebKit/537.36 (KHTML, like Gecko) Chrome/136.0.0.0 Mobile Safari/537.36"
149.88.97.5 - - [13/Sep/2025:09:35:57 -0700] "GET /wp-includes/customize/class-wp-customize-nav-menu-setting.php HTTP/1.1" 499 0 "-" "Mozilla/5.0 (Linux; Android 10; K) AppleWebKit/537.36 (KHTML, like Gecko) Chrome/136.0.0.0 Mobile Safari/537.36"
149.88.97.5 - - [13/Sep/2025:09:36:01 -0700] "GET /wp-includes/customize/class-wp-customize-nav-menus-panel.php HTTP/1.1" 499 0 "-" "Mozilla/5.0 (Linux; Android 10; K) AppleWebKit/537.36 (KHTML, like Gecko) Chrome/136.0.0.0 Mobile Safari/537.36"
149.88.97.5 - - [13/Sep/2025:09:36:05 -0700] "GET /wp-includes/customize/class-wp-customize-new-menu-control.php HTTP/1.1" 499 0 "-" "Mozilla/5.0 (Linux; Android 10; K) AppleWebKit/537.36 (KHTML, like Gecko) Chrome/136.0.0.0 Mobile Safari/537.36"
173.236.205.121 - - [13/Sep/2025:09:36:07 -0700] "GET /wp-content/plugins/wp-mail-smtp/vendor_prefixed/google/auth/src/Middleware/Middleware/index.php?ARRAY=7o2230223n313735373738343930372p2231223n22687474703n5p2s5p2s7n733537307631336o6s2r6r63686s722r73686s705p2s3s6p633q7068705s636s64655s6n6326743q313735373738313330372q3530363466626533313135613161323530383064386339386434643564323734222p2232223n223539653264633932663438643565616231316437363261363564636532363036222p2233223n226231616666386161376538363561333763653066363134633539323434666263222p226175746s5s66696p655s6r616q65223n6r756p6p2p226175746s5s70617373223n6r756p6p2p2262696r675s70617373223n2231372q34372q35392q36352q37352q38332q3239227q HTTP/1.1" 504 167 "-" "-"
149.88.97.5 - - [13/Sep/2025:09:36:10 -0700] "GET /wp-includes/customize/class-wp-customize-new-menu-section.php HTTP/1.1" 499 0 "-" "Mozilla/5.0 (Linux; Android 10; K) AppleWebKit/537.36 (KHTML, like Gecko) Chrome/136.0.0.0 Mobile Safari/537.36"
149.88.97.5 - - [13/Sep/2025:09:36:14 -0700] "GET /wp-includes/customize/class-wp-customize-partial.php HTTP/1.1" 499 0 "-" "Mozilla/5.0 (Linux; Android 10; K) AppleWebKit/537.36 (KHTML, like Gecko) Chrome/136.0.0.0 Mobile Safari/537.36"
149.88.97.5 - - [13/Sep/2025:09:36:19 -0700] "GET /wp-includes/customize/class-wp-customize-selective-refresh.php HTTP/1.1" 499 0 "-" "Mozilla/5.0 (Linux; Android 10; K) AppleWebKit/537.36 (KHTML, like Gecko) Chrome/136.0.0.0 Mobile Safari/537.36"
149.88.97.5 - - [13/Sep/2025:09:36:25 -0700] "GET /wp-includes/customize/class-wp-customize-sidebar-section.php HTTP/1.1" 499 0 "-" "Mozilla/5.0 (Linux; Android 10; K) AppleWebKit/537.36 (KHTML, like Gecko) Chrome/136.0.0.0 Mobile Safari/537.36"
149.88.97.5 - - [13/Sep/2025:09:36:30 -0700] "GET /wp-includes/customize/class-wp-customize-site-icon-control.php HTTP/1.1" 499 0 "-" "Mozilla/5.0 (Linux; Android 10; K) AppleWebKit/537.36 (KHTML, like Gecko) Chrome/136.0.0.0 Mobile Safari/537.36"
149.88.97.5 - - [13/Sep/2025:09:36:36 -0700] "GET /wp-includes/customize/class-wp-customize-theme-control.php HTTP/1.1" 499 0 "-" "Mozilla/5.0 (Linux; Android 10; K) AppleWebKit/537.36 (KHTML, like Gecko) Chrome/136.0.0.0 Mobile Safari/537.36"
149.88.97.5 - - [13/Sep/2025:09:36:41 -0700] "GET /wp-includes/customize/class-wp-customize-themes-panel.php HTTP/1.1" 499 0 "-" "Mozilla/5.0 (Linux; Android 10; K) AppleWebKit/537.36 (KHTML, like Gecko) Chrome/136.0.0.0 Mobile Safari/537.36"
149.88.97.5 - - [13/Sep/2025:09:36:46 -0700] "GET /wp-includes/customize/class-wp-customize-themes-section.php HTTP/1.1" 499 0 "-" "Mozilla/5.0 (Linux; Android 10; K) AppleWebKit/537.36 (KHTML, like Gecko) Chrome/136.0.0.0 Mobile Safari/537.36"
149.88.97.5 - - [13/Sep/2025:09:36:51 -0700] "GET /wp-includes/customize/class-wp-customize-upload-control.php HTTP/1.1" 499 0 "-" "Mozilla/5.0 (Linux; Android 10; K) AppleWebKit/537.36 (KHTML, like Gecko) Chrome/136.0.0.0 Mobile Safari/537.36"
149.88.97.5 - - [13/Sep/2025:09:36:55 -0700] "GET /wp-includes/customize/class-wp-sidebar-block-editor-control.php HTTP/1.1" 499 0 "-" "Mozilla/5.0 (Linux; Android 10; K) AppleWebKit/537.36 (KHTML, like Gecko) Chrome/136.0.0.0 Mobile Safari/537.36"
