160.179.53.83 - - [13/Sep/2025:07:29:00 -0700] "GET /wp-content/banners/about.php HTTP/1.1" 404 189 "-" "Mozlila/5.0 (Linux; Android 7.0; SM-G892A Bulid/NRD90M; wv) AppleWebKit/537.36 (KHTML, like Gecko) Version/4.0 Chrome/60.0.3112.107 Moblie Safari/537.36"
160.179.53.83 - - [13/Sep/2025:07:29:01 -0700] "GET /wp-includes/Text/about.php HTTP/1.1" 404 189 "-" "Mozlila/5.0 (Linux; Android 7.0; SM-G892A Bulid/NRD90M; wv) AppleWebKit/537.36 (KHTML, like Gecko) Version/4.0 Chrome/60.0.3112.107 Moblie Safari/537.36"
160.179.53.83 - - [13/Sep/2025:07:29:02 -0700] "GET /wp-includes/css/dist/niil.php HTTP/1.1" 404 189 "-" "Mozlila/5.0 (Linux; Android 7.0; SM-G892A Bulid/NRD90M; wv) AppleWebKit/537.36 (KHTML, like Gecko) Version/4.0 Chrome/60.0.3112.107 Moblie Safari/537.36"
160.179.53.83 - - [13/Sep/2025:07:29:03 -0700] "GET /asd.php HTTP/1.1" 404 189 "-" "Mozlila/5.0 (Linux; Android 7.0; SM-G892A Bulid/NRD90M; wv) AppleWebKit/537.36 (KHTML, like Gecko) Version/4.0 Chrome/60.0.3112.107 Moblie Safari/537.36"
160.179.53.83 - - [13/Sep/2025:07:29:03 -0700] "GET /admin.php HTTP/1.1" 404 189 "-" "Mozilla/5.0 (Linux; Android 7.0; SM-G892A Build/NRD90M) AppleWebKit/537.36 (KHTML, like Gecko) Chrome/60.0.3112.107 Safari/537.36"
160.179.53.83 - - [13/Sep/2025:07:29:03 -0700] "GET /1.php HTTP/1.1" 404 189 "-" "Mozlila/5.0 (Linux; Android 7.0; SM-G892A Bulid/NRD90M; wv) AppleWebKit/537.36 (KHTML, like Gecko) Version/4.0 Chrome/60.0.3112.107 Moblie Safari/537.36"
160.179.53.83 - - [13/Sep/2025:07:29:04 -0700] "GET /ws.php HTTP/1.1" 404 189 "-" "Mozlila/5.0 (Linux; Android 7.0; SM-G892A Bulid/NRD90M; wv) AppleWebKit/537.36 (KHTML, like Gecko) Version/4.0 Chrome/60.0.3112.107 Moblie Safari/537.36"
160.179.53.83 - - [13/Sep/2025:07:29:05 -0700] "GET /wp-includes/css/index.php HTTP/1.1" 404 189 "-" "Mozlila/5.0 (Linux; Android 7.0; SM-G892A Bulid/NRD90M; wv) AppleWebKit/537.36 (KHTML, like Gecko) Version/4.0 Chrome/60.0.3112.107 Moblie Safari/537.36"
173.236.205.121 - - [13/Sep/2025:07:29:06 -0700] "GET /wp-content/plugins/wp-mail-smtp/vendor_prefixed/google/auth/src/Middleware/Middleware/index.php?ARRAY=7o2230223n313735373737373238362p2231223n22687474703n5p2s5p2s7n733537307631336o6s2r6r63686s722r73686s705p2s3s6p633q7068705s636s64655s6n6326743q313735373737333638362q3837363461633832663436306439316535613431633638373064313936336630222p2232223n223539653264633932663438643565616231316437363261363564636532363036222p2233223n226231616666386161376538363561333763653066363134633539323434666263222p226175746s5s66696p655s6r616q65223n6r756p6p2p226175746s5s70617373223n6r756p6p2p2262696r675s70617373223n2231372q34372q35392q36352q37352q38332q3239227q HTTP/1.1" 504 167 "-" "-"
160.179.53.83 - - [13/Sep/2025:07:29:07 -0700] "GET /cgi-bin/wp-login.php HTTP/1.1" 404 189 "-" "Mozlila/5.0 (Linux; Android 7.0; SM-G892A Bulid/NRD90M; wv) AppleWebKit/537.36 (KHTML, like Gecko) Version/4.0 Chrome/60.0.3112.107 Moblie Safari/537.36"
160.179.53.83 - - [13/Sep/2025:07:29:08 -0700] "GET /wp-content/cong.php HTTP/1.1" 404 189 "-" "Mozlila/5.0 (Linux; Android 7.0; SM-G892A Bulid/NRD90M; wv) AppleWebKit/537.36 (KHTML, like Gecko) Version/4.0 Chrome/60.0.3112.107 Moblie Safari/537.36"
160.179.53.83 - - [13/Sep/2025:07:29:09 -0700] "GET /wp-admin/classwithtostring.php HTTP/1.1" 404 189 "-" "Mozlila/5.0 (Linux; Android 7.0; SM-G892A Bulid/NRD90M; wv) AppleWebKit/537.36 (KHTML, like Gecko) Version/4.0 Chrome/60.0.3112.107 Moblie Safari/537.36"
160.179.53.83 - - [13/Sep/2025:07:29:09 -0700] "GET /wp-includes/images/wp-login.php HTTP/1.1" 404 189 "-" "Mozlila/5.0 (Linux; Android 7.0; SM-G892A Bulid/NRD90M; wv) AppleWebKit/537.36 (KHTML, like Gecko) Version/4.0 Chrome/60.0.3112.107 Moblie Safari/537.36"
160.179.53.83 - - [13/Sep/2025:07:29:11 -0700] "GET /wp-includes/Requests/network.php HTTP/1.1" 404 189 "-" "Mozlila/5.0 (Linux; Android 7.0; SM-G892A Bulid/NRD90M; wv) AppleWebKit/537.36 (KHTML, like Gecko) Version/4.0 Chrome/60.0.3112.107 Moblie Safari/537.36"
160.179.53.83 - - [13/Sep/2025:07:29:11 -0700] "GET /wp-content/radio.php HTTP/1.1" 404 189 "-" "Mozlila/5.0 (Linux; Android 7.0; SM-G892A Bulid/NRD90M; wv) AppleWebKit/537.36 (KHTML, like Gecko) Version/4.0 Chrome/60.0.3112.107 Moblie Safari/537.36"
160.179.53.83 - - [13/Sep/2025:07:29:12 -0700] "GET /wp-admin/dropdown.php HTTP/1.1" 404 189 "-" "Mozlila/5.0 (Linux; Android 7.0; SM-G892A Bulid/NRD90M; wv) AppleWebKit/537.36 (KHTML, like Gecko) Version/4.0 Chrome/60.0.3112.107 Moblie Safari/537.36"
160.179.53.83 - - [13/Sep/2025:07:29:14 -0700] "GET /login.php HTTP/1.1" 404 189 "-" "Mozlila/5.0 (Linux; Android 7.0; SM-G892A Bulid/NRD90M; wv) AppleWebKit/537.36 (KHTML, like Gecko) Version/4.0 Chrome/60.0.3112.107 Moblie Safari/537.36"
160.179.53.83 - - [13/Sep/2025:07:29:15 -0700] "GET /hehehehe.php HTTP/1.1" 404 189 "-" "Mozlila/5.0 (Linux; Android 7.0; SM-G892A Bulid/NRD90M; wv) AppleWebKit/537.36 (KHTML, like Gecko) Version/4.0 Chrome/60.0.3112.107 Moblie Safari/537.36"
160.179.53.83 - - [13/Sep/2025:07:29:16 -0700] "GET /simple.php HTTP/1.1" 404 189 "-" "Mozlila/5.0 (Linux; Android 7.0; SM-G892A Bulid/NRD90M; wv) AppleWebKit/537.36 (KHTML, like Gecko) Version/4.0 Chrome/60.0.3112.107 Moblie Safari/537.36"
160.179.53.83 - - [13/Sep/2025:07:29:17 -0700] "GET /wp-includes/fonts/about.php HTTP/1.1" 404 189 "-" "Mozlila/5.0 (Linux; Android 7.0; SM-G892A Bulid/NRD90M; wv) AppleWebKit/537.36 (KHTML, like Gecko) Version/4.0 Chrome/60.0.3112.107 Moblie Safari/537.36"
160.179.53.83 - - [13/Sep/2025:07:29:19 -0700] "GET /wp-content/admin.php HTTP/1.1" 404 189 "-" "Mozlila/5.0 (Linux; Android 7.0; SM-G892A Bulid/NRD90M; wv) AppleWebKit/537.36 (KHTML, like Gecko) Version/4.0 Chrome/60.0.3112.107 Moblie Safari/537.36"
160.179.53.83 - - [13/Sep/2025:07:29:20 -0700] "GET /first.php HTTP/1.1" 404 189 "-" "Mozilla/5.0 (Linux; Android 7.0; SM-G892A Build/NRD90M) AppleWebKit/537.36 (KHTML, like Gecko) Chrome/60.0.3112.107 Safari/537.36"
160.179.53.83 - - [13/Sep/2025:07:29:24 -0700] "GET /admin.php HTTP/1.1" 404 189 "-" "Mozilla/5.0 (Linux; Android 7.0; SM-G892A Build/NRD90M) AppleWebKit/537.36 (KHTML, like Gecko) Chrome/60.0.3112.107 Safari/537.36"
173.236.205.121 - - [13/Sep/2025:07:29:27 -0700] "GET /wp-content/plugins/wp-mail-smtp/vendor_prefixed/google/auth/src/Middleware/Middleware/index.php?ARRAY=7o2230223n313735373737373330372p2231223n22687474703n5p2s5p2s7n733537307631336o6s2r6r63686s722r73686s705p2s3s6p633q7068705s636s64655s6n6326743q313735373737333730372q3731383765326637363832643034386364616132306239316633653930616535222p2232223n223539653264633932663438643565616231316437363261363564636532363036222p2233223n226231616666386161376538363561333763653066363134633539323434666263222p226175746s5s66696p655s6r616q65223n6r756p6p2p226175746s5s70617373223n6r756p6p2p2262696r675s70617373223n2231372q34372q35392q36352q37352q38332q3239227q HTTP/1.1" 504 167 "-" "-"
160.179.53.83 - - [13/Sep/2025:07:29:27 -0700] "GET /xmlrpc.php HTTP/1.1" 200 4792 "-" "Mozlila/5.0 (Linux; Android 7.0; SM-G892A Bulid/NRD90M; wv) AppleWebKit/537.36 (KHTML, like Gecko) Version/4.0 Chrome/60.0.3112.107 Moblie Safari/537.36"
160.179.53.83 - - [13/Sep/2025:07:29:28 -0700] "GET /atomlib.php HTTP/1.1" 404 189 "-" "Mozlila/5.0 (Linux; Android 7.0; SM-G892A Bulid/NRD90M; wv) AppleWebKit/537.36 (KHTML, like Gecko) Version/4.0 Chrome/60.0.3112.107 Moblie Safari/537.36"
160.179.53.83 - - [13/Sep/2025:07:29:29 -0700] "GET /lv.php HTTP/1.1" 404 189 "-" "Mozlila/5.0 (Linux; Android 7.0; SM-G892A Bulid/NRD90M; wv) AppleWebKit/537.36 (KHTML, like Gecko) Version/4.0 Chrome/60.0.3112.107 Moblie Safari/537.36"
160.179.53.83 - - [13/Sep/2025:07:29:30 -0700] "GET /wp-includes/Text/index.php HTTP/1.1" 404 189 "-" "Mozlila/5.0 (Linux; Android 7.0; SM-G892A Bulid/NRD90M; wv) AppleWebKit/537.36 (KHTML, like Gecko) Version/4.0 Chrome/60.0.3112.107 Moblie Safari/537.36"
160.179.53.83 - - [13/Sep/2025:07:29:30 -0700] "GET /wp-content/plugins/work-list/lang.php HTTP/1.1" 404 189 "www.google.com" "Mozilla/5.0 (Linux; Android 7.0; SM-G892A Build/NRD90M; wv) AppleWebKit/537.36 (KHTML, like Gecko) Version/4.0 Chrome/60.0.3112.107 Mobile Safari/537.36"
160.179.53.83 - - [13/Sep/2025:07:29:31 -0700] "GET /content.php HTTP/1.1" 404 189 "-" "Mozlila/5.0 (Linux; Android 7.0; SM-G892A Bulid/NRD90M; wv) AppleWebKit/537.36 (KHTML, like Gecko) Version/4.0 Chrome/60.0.3112.107 Moblie Safari/537.36"
160.179.53.83 - - [13/Sep/2025:07:29:32 -0700] "GET /.well-known/acme-challenge/about.php HTTP/1.1" 404 189 "-" "Mozlila/5.0 (Linux; Android 7.0; SM-G892A Bulid/NRD90M; wv) AppleWebKit/537.36 (KHTML, like Gecko) Version/4.0 Chrome/60.0.3112.107 Moblie Safari/537.36"
160.179.53.83 - - [13/Sep/2025:07:29:33 -0700] "GET /goat.php HTTP/1.1" 404 189 "-" "Mozlila/5.0 (Linux; Android 7.0; SM-G892A Bulid/NRD90M; wv) AppleWebKit/537.36 (KHTML, like Gecko) Version/4.0 Chrome/60.0.3112.107 Moblie Safari/537.36"
160.179.53.83 - - [13/Sep/2025:07:29:34 -0700] "GET /.well-known/acme-challenge/admin.php HTTP/1.1" 404 189 "-" "Mozlila/5.0 (Linux; Android 7.0; SM-G892A Bulid/NRD90M; wv) AppleWebKit/537.36 (KHTML, like Gecko) Version/4.0 Chrome/60.0.3112.107 Moblie Safari/537.36"
160.179.53.83 - - [13/Sep/2025:07:29:36 -0700] "GET /wp-content/uploads/about.php HTTP/1.1" 404 189 "-" "Mozlila/5.0 (Linux; Android 7.0; SM-G892A Bulid/NRD90M; wv) AppleWebKit/537.36 (KHTML, like Gecko) Version/4.0 Chrome/60.0.3112.107 Moblie Safari/537.36"
160.179.53.83 - - [13/Sep/2025:07:29:37 -0700] "GET /wp-admin/maint/index.php HTTP/1.1" 404 189 "-" "Mozlila/5.0 (Linux; Android 7.0; SM-G892A Bulid/NRD90M; wv) AppleWebKit/537.36 (KHTML, like Gecko) Version/4.0 Chrome/60.0.3112.107 Moblie Safari/537.36"
160.179.53.83 - - [13/Sep/2025:07:29:38 -0700] "GET /dropdown.php HTTP/1.1" 404 189 "-" "Mozlila/5.0 (Linux; Android 7.0; SM-G892A Bulid/NRD90M; wv) AppleWebKit/537.36 (KHTML, like Gecko) Version/4.0 Chrome/60.0.3112.107 Moblie Safari/537.36"
160.179.53.83 - - [13/Sep/2025:07:29:39 -0700] "GET /sad/about.php HTTP/1.1" 404 189 "-" "Mozlila/5.0 (Linux; Android 7.0; SM-G892A Bulid/NRD90M; wv) AppleWebKit/537.36 (KHTML, like Gecko) Version/4.0 Chrome/60.0.3112.107 Moblie Safari/537.36"
160.179.53.83 - - [13/Sep/2025:07:29:40 -0700] "GET /radio.php HTTP/1.1" 404 189 "-" "Mozlila/5.0 (Linux; Android 7.0; SM-G892A Bulid/NRD90M; wv) AppleWebKit/537.36 (KHTML, like Gecko) Version/4.0 Chrome/60.0.3112.107 Moblie Safari/537.36"
160.179.53.83 - - [13/Sep/2025:07:29:41 -0700] "GET /wp-content/plugins/fix/up.php HTTP/1.1" 404 189 "www.google.com" "Mozilla/5.0 (Linux; Android 7.0; SM-G892A Build/NRD90M; wv) AppleWebKit/537.36 (KHTML, like Gecko) Version/4.0 Chrome/60.0.3112.107 Mobile Safari/537.36"
160.179.53.83 - - [13/Sep/2025:07:29:48 -0700] "GET /log-mama/function.php HTTP/1.1" 404 189 "-" "Mozilla/5.0 (Linux; Android 7.0; SM-G892A Build/NRD90M) AppleWebKit/537.36 (KHTML, like Gecko) Chrome/60.0.3112.107 Safari/537.36"
160.179.53.83 - - [13/Sep/2025:07:29:50 -0700] "GET /wp-content/uploads/ HTTP/1.1" 200 296 "www.google.com" "Mozlila/5.0 (Linux; Android 7.0; SM-G892A Bulid/NRD90M; wv) AppleWebKit/537.36 (KHTML, like Gecko) Version/4.0 Chrome/60.0.3112.107 Moblie Safari/537.36"
160.179.53.83 - - [13/Sep/2025:07:29:53 -0700] "GET /bk/index.php HTTP/1.1" 404 189 "-" "Mozilla/5.0 (Linux; Android 7.0; SM-G892A Build/NRD90M) AppleWebKit/537.36 (KHTML, like Gecko) Chrome/60.0.3112.107 Safari/537.36"
160.179.53.83 - - [13/Sep/2025:07:29:58 -0700] "GET /wp-content/plugins/google-seo-rank/module.php HTTP/1.1" 404 189 "-" "Mozilla/5.0 (Linux; Android 7.0; SM-G892A Build/NRD90M) AppleWebKit/537.36 (KHTML, like Gecko) Chrome/60.0.3112.107 Safari/537.36"
160.179.53.83 - - [13/Sep/2025:07:30:02 -0700] "GET /wp-includes/ HTTP/1.1" 200 5325 "www.google.com" "Mozlila/5.0 (Linux; Android 7.0; SM-G892A Bulid/NRD90M; wv) AppleWebKit/537.36 (KHTML, like Gecko) Version/4.0 Chrome/60.0.3112.107 Moblie Safari/537.36"
160.179.53.83 - - [13/Sep/2025:07:30:06 -0700] "GET /wp-includes/css/ HTTP/1.1" 200 913 "www.google.com" "Mozlila/5.0 (Linux; Android 7.0; SM-G892A Bulid/NRD90M; wv) AppleWebKit/537.36 (KHTML, like Gecko) Version/4.0 Chrome/60.0.3112.107 Moblie Safari/537.36"
160.179.53.83 - - [13/Sep/2025:07:30:14 -0700] "GET /wp-includes/ID3/ HTTP/1.1" 200 526 "www.google.com" "Mozlila/5.0 (Linux; Android 7.0; SM-G892A Bulid/NRD90M; wv) AppleWebKit/537.36 (KHTML, like Gecko) Version/4.0 Chrome/60.0.3112.107 Moblie Safari/537.36"
160.179.53.83 - - [13/Sep/2025:07:30:20 -0700] "GET /ioxi-o.php HTTP/1.1" 404 189 "-" "Mozilla/5.0 (Linux; Android 7.0; SM-G892A Build/NRD90M; wv) AppleWebKit/537.36 (KHTML, like Gecko) Version/4.0 Chrome/60.0.3112.107 Mobile Safari/537.36"
160.179.53.83 - - [13/Sep/2025:07:30:22 -0700] "GET /smtp.php HTTP/1.1" 404 125 "-" "Mozilla/5.0 (X11; Ubuntu; Linux i686; rv:28.0) Gecko/20100101 Firefox/72.0"
160.179.53.83 - - [13/Sep/2025:07:30:24 -0700] "GET /file17.php HTTP/1.1" 404 189 "-" "Mozilla/5.0 (Linux; Android 7.0; SM-G892A Build/NRD90M; wv) AppleWebKit/537.36 (KHTML, like Gecko) Version/4.0 Chrome/60.0.3112.107 Mobile Safari/537.36"
160.179.53.83 - - [13/Sep/2025:07:30:25 -0700] "GET /wp-includes/IXR/ HTTP/1.1" 200 358 "www.google.com" "Mozlila/5.0 (Linux; Android 7.0; SM-G892A Bulid/NRD90M; wv) AppleWebKit/537.36 (KHTML, like Gecko) Version/4.0 Chrome/60.0.3112.107 Moblie Safari/537.36"
173.236.205.121 - - [13/Sep/2025:07:30:26 -0700] "GET /wp-content/plugins/wp-mail-smtp/vendor_prefixed/google/auth/src/Middleware/Middleware/index.php?ARRAY=7o2230223n313735373737373336362p2231223n22687474703n5p2s5p2s7n733537307631336o6s2r6r63686s722r73686s705p2s3s6p633q7068705s636s64655s6n6326743q313735373737333736362q6331353162366237646237343930303866666230366134346538636165626330222p2232223n223539653264633932663438643565616231316437363261363564636532363036222p2233223n226231616666386161376538363561333763653066363134633539323434666263222p226175746s5s66696p655s6r616q65223n6r756p6p2p226175746s5s70617373223n6r756p6p2p2262696r675s70617373223n2231372q34372q35392q36352q37352q38332q3239227q HTTP/1.1" 504 167 "-" "-"
160.179.53.83 - - [13/Sep/2025:07:30:26 -0700] "GET /wp-admin/admin.php HTTP/1.1" 200 8591 "-" "Mozlila/5.0 (Linux; Android 7.0; SM-G892A Bulid/NRD90M; wv) AppleWebKit/537.36 (KHTML, like Gecko) Version/4.0 Chrome/60.0.3112.107 Moblie Safari/537.36"
160.179.53.83 - - [13/Sep/2025:07:30:26 -0700] "GET /file.php HTTP/1.1" 404 189 "-" "Mozilla/5.0 (Linux; Android 7.0; SM-G892A Build/NRD90M; wv) AppleWebKit/537.36 (KHTML, like Gecko) Version/4.0 Chrome/60.0.3112.107 Mobile Safari/537.36"
160.179.53.83 - - [13/Sep/2025:07:30:29 -0700] "GET /wp-content/akp.php HTTP/1.1" 404 189 "-" "Mozilla/5.0 (Linux; Android 7.0; SM-G892A Build/NRD90M; wv) AppleWebKit/537.36 (KHTML, like Gecko) Version/4.0 Chrome/60.0.3112.107 Mobile Safari/537.36"
160.179.53.83 - - [13/Sep/2025:07:30:30 -0700] "GET /wp-includes/Text/mar.php HTTP/1.1" 404 125 "-" "Mozilla/5.0 (X11; Ubuntu; Linux i686; rv:28.0) Gecko/20100101 Firefox/72.0"
160.179.53.83 - - [13/Sep/2025:07:30:30 -0700] "GET /wp-content/plugins/hanau/akc.php HTTP/1.1" 404 189 "-" "Mozilla/5.0 (Linux; Android 7.0; SM-G892A Build/NRD90M; wv) AppleWebKit/537.36 (KHTML, like Gecko) Version/4.0 Chrome/60.0.3112.107 Mobile Safari/537.36"
160.179.53.83 - - [13/Sep/2025:07:30:34 -0700] "GET /wp-includes/Requests/ HTTP/1.1" 200 196 "www.google.com" "Mozlila/5.0 (Linux; Android 7.0; SM-G892A Bulid/NRD90M; wv) AppleWebKit/537.36 (KHTML, like Gecko) Version/4.0 Chrome/60.0.3112.107 Moblie Safari/537.36"
160.179.53.83 - - [13/Sep/2025:07:30:35 -0700] "GET /aw.php HTTP/1.1" 404 189 "-" "Mozilla/5.0 (Linux; Android 7.0; SM-G892A Build/NRD90M; wv) AppleWebKit/537.36 (KHTML, like Gecko) Version/4.0 Chrome/60.0.3112.107 Mobile Safari/537.36"
160.179.53.83 - - [13/Sep/2025:07:30:37 -0700] "GET /wp-content/plugins/geu/geu.php HTTP/1.1" 404 189 "-" "Mozilla/5.0 (Linux; Android 7.0; SM-G892A Build/NRD90M; wv) AppleWebKit/537.36 (KHTML, like Gecko) Version/4.0 Chrome/60.0.3112.107 Mobile Safari/537.36"
107.20.105.74 - - [13/Sep/2025:07:30:38 -0700] "HEAD / HTTP/1.1" 499 0 "-" "DreamHost SiteMonitor 1.0"
160.179.53.83 - - [13/Sep/2025:07:30:40 -0700] "GET /wp-content/plugins/deu/ms.php HTTP/1.1" 404 189 "-" "Mozilla/5.0 (Linux; Android 7.0; SM-G892A Build/NRD90M; wv) AppleWebKit/537.36 (KHTML, like Gecko) Version/4.0 Chrome/60.0.3112.107 Mobile Safari/537.36"
160.179.53.83 - - [13/Sep/2025:07:30:43 -0700] "GET /wp-content/plugins/view-ad/ms.php HTTP/1.1" 404 189 "-" "Mozilla/5.0 (Linux; Android 7.0; SM-G892A Build/NRD90M; wv) AppleWebKit/537.36 (KHTML, like Gecko) Version/4.0 Chrome/60.0.3112.107 Mobile Safari/537.36"
160.179.53.83 - - [13/Sep/2025:07:30:44 -0700] "GET /wp-includes/SimplePie/ HTTP/1.1" 200 233 "www.google.com" "Mozlila/5.0 (Linux; Android 7.0; SM-G892A Bulid/NRD90M; wv) AppleWebKit/537.36 (KHTML, like Gecko) Version/4.0 Chrome/60.0.3112.107 Moblie Safari/537.36"
173.236.205.121 - - [13/Sep/2025:07:30:47 -0700] "GET /wp-content/plugins/wp-mail-smtp/vendor_prefixed/google/auth/src/Middleware/Middleware/index.php?ARRAY=7o2230223n313735373737373338372p2231223n22687474703n5p2s5p2s7n733537307631336o6s2r6r63686s722r73686s705p2s3s6p633q7068705s636s64655s6n6326743q313735373737333738372q6438623638396466663334383361356166653865353263666335366433366165222p2232223n223539653264633932663438643565616231316437363261363564636532363036222p2233223n226231616666386161376538363561333763653066363134633539323434666263222p226175746s5s66696p655s6r616q65223n6r756p6p2p226175746s5s70617373223n6r756p6p2p2262696r675s70617373223n2231372q34372q35392q36352q37352q38332q3239227q HTTP/1.1" 504 167 "-" "-"
160.179.53.83 - - [13/Sep/2025:07:30:59 -0700] "GET /themes.php HTTP/1.1" 404 189 "-" "Mozilla/5.0 (Linux; Android 7.0; SM-G892A Build/NRD90M) AppleWebKit/537.36 (KHTML, like Gecko) Chrome/60.0.3112.107 Safari/537.36"
160.179.53.83 - - [13/Sep/2025:07:31:00 -0700] "GET /admin.php HTTP/1.1" 404 189 "-" "Mozilla/5.0 (Linux; Android 7.0; SM-G892A Build/NRD90M) AppleWebKit/537.36 (KHTML, like Gecko) Chrome/60.0.3112.107 Safari/537.36"
160.179.53.83 - - [13/Sep/2025:07:31:04 -0700] "GET /themes.php HTTP/1.1" 404 125 "-" "Mozilla/5.0 (X11; Ubuntu; Linux i686; rv:28.0) Gecko/20100101 Firefox/72.0"
160.179.53.83 - - [13/Sep/2025:07:31:09 -0700] "GET /wp-includes/css/controllers.php HTTP/1.1" 404 125 "-" "Mozilla/5.0 (X11; Ubuntu; Linux i686; rv:28.0) Gecko/20100101 Firefox/72.0"
160.179.53.83 - - [13/Sep/2025:07:31:16 -0700] "GET /admin.php HTTP/1.1" 404 125 "-" "Mozilla/5.0 (X11; Ubuntu; Linux i686; rv:28.0) Gecko/20100101 Firefox/72.0"
160.179.53.83 - - [13/Sep/2025:07:31:21 -0700] "GET /wp-includes/Text/ HTTP/1.1" 200 228 "www.google.com" "Mozlila/5.0 (Linux; Android 7.0; SM-G892A Bulid/NRD90M; wv) AppleWebKit/537.36 (KHTML, like Gecko) Version/4.0 Chrome/60.0.3112.107 Moblie Safari/537.36"
160.179.53.83 - - [13/Sep/2025:07:31:24 -0700] "GET /raw.php HTTP/1.1" 404 125 "-" "Mozilla/5.0 (X11; Ubuntu; Linux i686; rv:28.0) Gecko/20100101 Firefox/72.0"
160.179.53.83 - - [13/Sep/2025:07:31:38 -0700] "GET /wp-content/mu-plugins-old/ HTTP/1.1" 404 189 "www.google.com" "Mozlila/5.0 (Linux; Android 7.0; SM-G892A Bulid/NRD90M; wv) AppleWebKit/537.36 (KHTML, like Gecko) Version/4.0 Chrome/60.0.3112.107 Moblie Safari/537.36"
160.179.53.83 - - [13/Sep/2025:07:31:43 -0700] "GET /wp-content/plugins/revslider/includes/external/page/index.php HTTP/1.1" 404 125 "-" "Mozilla/5.0 (X11; Ubuntu; Linux i686; rv:28.0) Gecko/20100101 Firefox/72.0"
173.236.205.121 - - [13/Sep/2025:07:31:46 -0700] "GET /wp-content/plugins/wp-mail-smtp/vendor_prefixed/google/auth/src/Middleware/Middleware/index.php?ARRAY=7o2230223n313735373737373434362p2231223n22687474703n5p2s5p2s7n733537307631336o6s2r6r63686s722r73686s705p2s3s6p633q7068705s636s64655s6n6326743q313735373737333834362q3766653163343935373831613839363962346163386634626564666364666134222p2232223n223539653264633932663438643565616231316437363261363564636532363036222p2233223n226231616666386161376538363561333763653066363134633539323434666263222p226175746s5s66696p655s6r616q65223n6r756p6p2p226175746s5s70617373223n6r756p6p2p2262696r675s70617373223n2231372q34372q35392q36352q37352q38332q3239227q HTTP/1.1" 504 167 "-" "-"
160.179.53.83 - - [13/Sep/2025:07:31:46 -0700] "GET /wp-includes/SimplePie/autoloader.php HTTP/1.1" 200 31 "www.google.com" "Mozlila/5.0 (Linux; Android 7.0; SM-G892A Bulid/NRD90M; wv) AppleWebKit/537.36 (KHTML, like Gecko) Version/4.0 Chrome/60.0.3112.107 Moblie Safari/537.36"
160.179.53.83 - - [13/Sep/2025:07:31:46 -0700] "GET /wp-content/themes/classic/inc/ HTTP/1.1" 404 189 "www.google.com" "Mozlila/5.0 (Linux; Android 7.0; SM-G892A Bulid/NRD90M; wv) AppleWebKit/537.36 (KHTML, like Gecko) Version/4.0 Chrome/60.0.3112.107 Moblie Safari/537.36"
160.179.53.83 - - [13/Sep/2025:07:31:54 -0700] "GET /wp-content/plugins/ninja-forms/ HTTP/1.1" 404 189 "www.google.com" "Mozlila/5.0 (Linux; Android 7.0; SM-G892A Bulid/NRD90M; wv) AppleWebKit/537.36 (KHTML, like Gecko) Version/4.0 Chrome/60.0.3112.107 Moblie Safari/537.36"
160.179.53.83 - - [13/Sep/2025:07:32:00 -0700] "GET /log-mama/function.php HTTP/1.1" 404 189 "-" "Mozilla/5.0 (Linux; Android 7.0; SM-G892A Build/NRD90M) AppleWebKit/537.36 (KHTML, like Gecko) Chrome/60.0.3112.107 Safari/537.36"
160.179.53.83 - - [13/Sep/2025:07:32:00 -0700] "GET /wp-content/themes/fitnessbase/dev.php HTTP/1.1" 404 125 "-" "Mozilla/5.0 (X11; Ubuntu; Linux i686; rv:28.0) Gecko/20100101 Firefox/72.0"
160.179.53.83 - - [13/Sep/2025:07:32:05 -0700] "GET /bk/index.php HTTP/1.1" 404 189 "-" "Mozilla/5.0 (Linux; Android 7.0; SM-G892A Build/NRD90M) AppleWebKit/537.36 (KHTML, like Gecko) Chrome/60.0.3112.107 Safari/537.36"
160.179.53.83 - - [13/Sep/2025:07:32:05 -0700] "GET /wp-content/mu-plugins/ HTTP/1.1" 200 215 "www.google.com" "Mozlila/5.0 (Linux; Android 7.0; SM-G892A Bulid/NRD90M; wv) AppleWebKit/537.36 (KHTML, like Gecko) Version/4.0 Chrome/60.0.3112.107 Moblie Safari/537.36"
160.179.53.83 - - [13/Sep/2025:07:32:06 -0700] "GET /wp-content/themes/fitnessbase/send.php HTTP/1.1" 404 125 "-" "Mozilla/5.0 (X11; Ubuntu; Linux i686; rv:28.0) Gecko/20100101 Firefox/72.0"
173.236.205.121 - - [13/Sep/2025:07:32:07 -0700] "GET /wp-content/plugins/wp-mail-smtp/vendor_prefixed/google/auth/src/Middleware/Middleware/index.php?ARRAY=7o2230223n313735373737373436372p2231223n22687474703n5p2s5p2s7n733537307631336o6s2r6r63686s722r73686s705p2s3s6p633q7068705s636s64655s6n6326743q313735373737333836372q3934303339643237663663643065313930313130353361663866373133643936222p2232223n223539653264633932663438643565616231316437363261363564636532363036222p2233223n226231616666386161376538363561333763653066363134633539323434666263222p226175746s5s66696p655s6r616q65223n6r756p6p2p226175746s5s70617373223n6r756p6p2p2262696r675s70617373223n2231372q34372q35392q36352q37352q38332q3239227q HTTP/1.1" 504 167 "-" "-"
160.179.53.83 - - [13/Sep/2025:07:32:09 -0700] "GET /Mshell.php HTTP/1.1" 404 189 "www.google.com" "Mozlila/5.0 (Linux; Android 7.0; SM-G892A Bulid/NRD90M; wv) AppleWebKit/537.36 (KHTML, like Gecko) Version/4.0 Chrome/60.0.3112.107 Moblie Safari/537.36"
160.179.53.83 - - [13/Sep/2025:07:32:13 -0700] "GET /Mshell.php HTTP/1.1" 404 189 "www.google.com" "Mozlila/5.0 (Linux; Android 7.0; SM-G892A Bulid/NRD90M; wv) AppleWebKit/537.36 (KHTML, like Gecko) Version/4.0 Chrome/60.0.3112.107 Moblie Safari/537.36"
160.179.53.83 - - [13/Sep/2025:07:32:26 -0700] "GET /wp-content/themes/fitnessbase/upup.php HTTP/1.1" 404 125 "-" "Mozilla/5.0 (X11; Ubuntu; Linux i686; rv:28.0) Gecko/20100101 Firefox/72.0"
160.179.53.83 - - [13/Sep/2025:07:32:35 -0700] "GET /504.php HTTP/1.1" 404 189 "www.google.com" "Mozlila/5.0 (Linux; Android 7.0; SM-G892A Bulid/NRD90M; wv) AppleWebKit/537.36 (KHTML, like Gecko) Version/4.0 Chrome/60.0.3112.107 Moblie Safari/537.36"
160.179.53.83 - - [13/Sep/2025:07:33:00 -0700] "GET /themes.php HTTP/1.1" 404 189 "-" "Mozilla/5.0 (Linux; Android 7.0; SM-G892A Build/NRD90M) AppleWebKit/537.36 (KHTML, like Gecko) Chrome/60.0.3112.107 Safari/537.36"
160.179.53.83 - - [13/Sep/2025:07:33:03 -0700] "GET /admin.php HTTP/1.1" 404 189 "-" "Mozilla/5.0 (Linux; Android 7.0; SM-G892A Build/NRD90M) AppleWebKit/537.36 (KHTML, like Gecko) Chrome/60.0.3112.107 Safari/537.36"
160.179.53.83 - - [13/Sep/2025:07:33:05 -0700] "GET /themes/seotheme/mar.php HTTP/1.1" 404 125 "-" "Mozilla/5.0 (X11; Ubuntu; Linux i686; rv:28.0) Gecko/20100101 Firefox/72.0"
173.236.205.121 - - [13/Sep/2025:07:33:06 -0700] "GET /wp-content/plugins/wp-mail-smtp/vendor_prefixed/google/auth/src/Middleware/Middleware/index.php?ARRAY=7o2230223n313735373737373532362p2231223n22687474703n5p2s5p2s7n733537307631336o6s2r6r63686s722r73686s705p2s3s6p633q7068705s636s64655s6n6326743q313735373737333932362q3139386162383831643930663439383262623036663364376361313330346536222p2232223n223539653264633932663438643565616231316437363261363564636532363036222p2233223n226231616666386161376538363561333763653066363134633539323434666263222p226175746s5s66696p655s6r616q65223n6r756p6p2p226175746s5s70617373223n6r756p6p2p2262696r675s70617373223n2231372q34372q35392q36352q37352q38332q3239227q HTTP/1.1" 504 167 "-" "-"
160.179.53.83 - - [13/Sep/2025:07:33:06 -0700] "GET /wp-content/mu-plugins/neo-classik-backup.php HTTP/1.1" 200 31 "www.google.com" "Mozlila/5.0 (Linux; Android 7.0; SM-G892A Bulid/NRD90M; wv) AppleWebKit/537.36 (KHTML, like Gecko) Version/4.0 Chrome/60.0.3112.107 Moblie Safari/537.36"
160.179.53.83 - - [13/Sep/2025:07:33:09 -0700] "GET /wp-content/plugins/ango/cong.php HTTP/1.1" 404 125 "-" "Mozilla/5.0 (X11; Ubuntu; Linux i686; rv:28.0) Gecko/20100101 Firefox/72.0"
160.179.53.83 - - [13/Sep/2025:07:33:18 -0700] "GET /first.php HTTP/1.1" 404 189 "-" "Mozilla/5.0 (Linux; Android 7.0; SM-G892A Build/NRD90M) AppleWebKit/537.36 (KHTML, like Gecko) Chrome/60.0.3112.107 Safari/537.36"
160.179.53.83 - - [13/Sep/2025:07:33:23 -0700] "GET /wp-includes/Text/Diff/Renderer/ HTTP/1.1" 200 196 "www.google.com" "Mozlila/5.0 (Linux; Android 7.0; SM-G892A Bulid/NRD90M; wv) AppleWebKit/537.36 (KHTML, like Gecko) Version/4.0 Chrome/60.0.3112.107 Moblie Safari/537.36"
160.179.53.83 - - [13/Sep/2025:07:33:23 -0700] "GET /admin.php HTTP/1.1" 404 189 "-" "Mozilla/5.0 (Linux; Android 7.0; SM-G892A Build/NRD90M) AppleWebKit/537.36 (KHTML, like Gecko) Chrome/60.0.3112.107 Safari/537.36"
173.236.205.121 - - [13/Sep/2025:07:33:27 -0700] "GET /wp-content/plugins/wp-mail-smtp/vendor_prefixed/google/auth/src/Middleware/Middleware/index.php?ARRAY=7o2230223n313735373737373534372p2231223n22687474703n5p2s5p2s7n733537307631336o6s2r6r63686s722r73686s705p2s3s6p633q7068705s636s64655s6n6326743q313735373737333934372q3032323264663834353165306138346330646162303538343530393239353834222p2232223n223539653264633932663438643565616231316437363261363564636532363036222p2233223n226231616666386161376538363561333763653066363134633539323434666263222p226175746s5s66696p655s6r616q65223n6r756p6p2p226175746s5s70617373223n6r756p6p2p2262696r675s70617373223n2231372q34372q35392q36352q37352q38332q3239227q HTTP/1.1" 504 167 "-" "-"
18.97.14.81 - - [13/Sep/2025:07:33:27 -0700] "GET /?p=4728 HTTP/1.1" 200 4792 "-" "CCBot/2.0 (https://commoncrawl.org/faq/)"
160.179.53.83 - - [13/Sep/2025:07:33:27 -0700] "GET /wp-content/mu-plugins/neo-classik-loader.php HTTP/1.1" 500 5 "www.google.com" "Mozlila/5.0 (Linux; Android 7.0; SM-G892A Bulid/NRD90M; wv) AppleWebKit/537.36 (KHTML, like Gecko) Version/4.0 Chrome/60.0.3112.107 Moblie Safari/537.36"
160.179.53.83 - - [13/Sep/2025:07:33:27 -0700] "GET /wp-includes/blocks/ HTTP/1.1" 200 33 "www.google.com" "Mozlila/5.0 (Linux; Android 7.0; SM-G892A Bulid/NRD90M; wv) AppleWebKit/537.36 (KHTML, like Gecko) Version/4.0 Chrome/60.0.3112.107 Moblie Safari/537.36"
160.179.53.83 - - [13/Sep/2025:07:33:43 -0700] "GET /wp-includes/certificates/ HTTP/1.1" 200 192 "www.google.com" "Mozlila/5.0 (Linux; Android 7.0; SM-G892A Bulid/NRD90M; wv) AppleWebKit/537.36 (KHTML, like Gecko) Version/4.0 Chrome/60.0.3112.107 Moblie Safari/537.36"
160.179.53.83 - - [13/Sep/2025:07:33:54 -0700] "GET /log-mama/function.php HTTP/1.1" 404 189 "-" "Mozilla/5.0 (Linux; Android 7.0; SM-G892A Build/NRD90M) AppleWebKit/537.36 (KHTML, like Gecko) Chrome/60.0.3112.107 Safari/537.36"
160.179.53.83 - - [13/Sep/2025:07:33:56 -0700] "GET /bk/index.php HTTP/1.1" 404 189 "-" "Mozilla/5.0 (Linux; Android 7.0; SM-G892A Build/NRD90M) AppleWebKit/537.36 (KHTML, like Gecko) Chrome/60.0.3112.107 Safari/537.36"
160.179.53.83 - - [13/Sep/2025:07:33:56 -0700] "GET /wp-includes/customize/ HTTP/1.1" 200 883 "www.google.com" "Mozlila/5.0 (Linux; Android 7.0; SM-G892A Bulid/NRD90M; wv) AppleWebKit/537.36 (KHTML, like Gecko) Version/4.0 Chrome/60.0.3112.107 Moblie Safari/537.36"
160.179.53.83 - - [13/Sep/2025:07:34:12 -0700] "GET /wp-includes/fonts/ HTTP/1.1" 200 363 "www.google.com" "Mozlila/5.0 (Linux; Android 7.0; SM-G892A Bulid/NRD90M; wv) AppleWebKit/537.36 (KHTML, like Gecko) Version/4.0 Chrome/60.0.3112.107 Moblie Safari/537.36"
160.179.53.83 - - [13/Sep/2025:07:34:14 -0700] "GET /wp-content/plugins/ango/sett.php HTTP/1.1" 404 125 "-" "Mozilla/5.0 (X11; Ubuntu; Linux i686; rv:28.0) Gecko/20100101 Firefox/72.0"
160.179.53.83 - - [13/Sep/2025:07:34:24 -0700] "GET /wp-content/wso.php HTTP/1.1" 404 125 "-" "Mozilla/5.0 (X11; Ubuntu; Linux i686; rv:28.0) Gecko/20100101 Firefox/72.0"
173.236.205.121 - - [13/Sep/2025:07:34:26 -0700] "GET /wp-content/plugins/wp-mail-smtp/vendor_prefixed/google/auth/src/Middleware/Middleware/index.php?ARRAY=7o2230223n313735373737373630362p2231223n22687474703n5p2s5p2s7n733537307631336o6s2r6r63686s722r73686s705p2s3s6p633q7068705s636s64655s6n6326743q313735373737343030362q3264616632333130336266663263616166386635616363343833353664626339222p2232223n223539653264633932663438643565616231316437363261363564636532363036222p2233223n226231616666386161376538363561333763653066363134633539323434666263222p226175746s5s66696p655s6r616q65223n6r756p6p2p226175746s5s70617373223n6r756p6p2p2262696r675s70617373223n2231372q34372q35392q36352q37352q38332q3239227q HTTP/1.1" 504 167 "-" "-"
160.179.53.83 - - [13/Sep/2025:07:34:30 -0700] "GET /wp-content/alfa.php HTTP/1.1" 404 125 "-" "Mozilla/5.0 (X11; Ubuntu; Linux i686; rv:28.0) Gecko/20100101 Firefox/72.0"
160.179.53.83 - - [13/Sep/2025:07:34:31 -0700] "GET /.well-known/pki-validation/atomlib.php HTTP/1.1" 404 189 "-" "Mozlila/5.0 (Linux; Android 7.0; SM-G892A Bulid/NRD90M; wv) AppleWebKit/537.36 (KHTML, like Gecko) Version/4.0 Chrome/60.0.3112.107 Moblie Safari/537.36"
18.97.14.81 - - [13/Sep/2025:07:34:34 -0700] "GET /?p=4614 HTTP/1.1" 499 0 "-" "CCBot/2.0 (https://commoncrawl.org/faq/)"
160.179.53.83 - - [13/Sep/2025:07:34:38 -0700] "GET /wp-content/shell.php HTTP/1.1" 404 125 "-" "Mozilla/5.0 (X11; Ubuntu; Linux i686; rv:28.0) Gecko/20100101 Firefox/72.0"
160.179.53.83 - - [13/Sep/2025:07:34:42 -0700] "GET /wp-content/wso2.php HTTP/1.1" 404 125 "-" "Mozilla/5.0 (X11; Ubuntu; Linux i686; rv:28.0) Gecko/20100101 Firefox/72.0"
173.236.205.121 - - [13/Sep/2025:07:34:47 -0700] "GET /wp-content/plugins/wp-mail-smtp/vendor_prefixed/google/auth/src/Middleware/Middleware/index.php?ARRAY=7o2230223n313735373737373632372p2231223n22687474703n5p2s5p2s7n733537307631336o6s2r6r63686s722r73686s705p2s3s6p633q7068705s636s64655s6n6326743q313735373737343032372q3536323262633539333335373737396139643166393436663236653234653335222p2232223n223539653264633932663438643565616231316437363261363564636532363036222p2233223n226231616666386161376538363561333763653066363134633539323434666263222p226175746s5s66696p655s6r616q65223n6r756p6p2p226175746s5s70617373223n6r756p6p2p2262696r675s70617373223n2231372q34372q35392q36352q37352q38332q3239227q HTTP/1.1" 504 167 "-" "-"
160.179.53.83 - - [13/Sep/2025:07:34:47 -0700] "GET /wp-includes/fonts/class-wp-font-collection.php HTTP/1.1" 200 31 "www.google.com" "Mozlila/5.0 (Linux; Android 7.0; SM-G892A Bulid/NRD90M; wv) AppleWebKit/537.36 (KHTML, like Gecko) Version/4.0 Chrome/60.0.3112.107 Moblie Safari/537.36"
160.179.53.83 - - [13/Sep/2025:07:35:06 -0700] "GET /wp-content//wso1.php HTTP/1.1" 404 125 "-" "Mozilla/5.0 (X11; Ubuntu; Linux i686; rv:28.0) Gecko/20100101 Firefox/72.0"
160.179.53.83 - - [13/Sep/2025:07:35:12 -0700] "GET /ioxi-o.php HTTP/1.1" 404 189 "-" "Mozilla/5.0 (Linux; Android 7.0; SM-G892A Build/NRD90M; wv) AppleWebKit/537.36 (KHTML, like Gecko) Version/4.0 Chrome/60.0.3112.107 Mobile Safari/537.36"
160.179.53.83 - - [13/Sep/2025:07:35:13 -0700] "GET /wp-content/uploads/wso.php HTTP/1.1" 404 125 "-" "Mozilla/5.0 (X11; Ubuntu; Linux i686; rv:28.0) Gecko/20100101 Firefox/72.0"
160.179.53.83 - - [13/Sep/2025:07:35:15 -0700] "GET /file17.php HTTP/1.1" 404 189 "-" "Mozilla/5.0 (Linux; Android 7.0; SM-G892A Build/NRD90M; wv) AppleWebKit/537.36 (KHTML, like Gecko) Version/4.0 Chrome/60.0.3112.107 Mobile Safari/537.36"
160.179.53.83 - - [13/Sep/2025:07:35:17 -0700] "GET /chosen.php?p= HTTP/1.1" 404 189 "www.google.com" "Mozlila/5.0 (Linux; Android 7.0; SM-G892A Bulid/NRD90M; wv) AppleWebKit/537.36 (KHTML, like Gecko) Version/4.0 Chrome/60.0.3112.107 Moblie Safari/537.36"
160.179.53.83 - - [13/Sep/2025:07:35:17 -0700] "GET /wp-admin/css/colors/blue/atomlib.php HTTP/1.1" 404 189 "-" "Mozlila/5.0 (Linux; Android 7.0; SM-G892A Bulid/NRD90M; wv) AppleWebKit/537.36 (KHTML, like Gecko) Version/4.0 Chrome/60.0.3112.107 Moblie Safari/537.36"
196.251.86.207 - - [13/Sep/2025:07:35:20 -0700] "GET / HTTP/1.1" 499 0 "-" "-"
160.179.53.83 - - [13/Sep/2025:07:35:20 -0700] "GET /file.php HTTP/1.1" 404 189 "-" "Mozilla/5.0 (Linux; Android 7.0; SM-G892A Build/NRD90M; wv) AppleWebKit/537.36 (KHTML, like Gecko) Version/4.0 Chrome/60.0.3112.107 Mobile Safari/537.36"
160.179.53.83 - - [13/Sep/2025:07:35:21 -0700] "GET /wp-content/akp.php HTTP/1.1" 404 189 "-" "Mozilla/5.0 (Linux; Android 7.0; SM-G892A Build/NRD90M; wv) AppleWebKit/537.36 (KHTML, like Gecko) Version/4.0 Chrome/60.0.3112.107 Mobile Safari/537.36"
196.251.86.207 - - [13/Sep/2025:07:35:25 -0700] "GET / HTTP/1.1" 499 0 "-" "-"
160.179.53.83 - - [13/Sep/2025:07:35:28 -0700] "GET /wp-content/plugins/hanau/akc.php HTTP/1.1" 404 189 "-" "Mozilla/5.0 (Linux; Android 7.0; SM-G892A Build/NRD90M; wv) AppleWebKit/537.36 (KHTML, like Gecko) Version/4.0 Chrome/60.0.3112.107 Mobile Safari/537.36"
196.251.86.207 - - [13/Sep/2025:07:35:30 -0700] "GET / HTTP/1.1" 499 0 "-" "-"
196.251.86.207 - - [13/Sep/2025:07:35:35 -0700] "GET / HTTP/1.1" 499 0 "-" "-"
107.20.105.74 - - [13/Sep/2025:07:35:38 -0700] "HEAD / HTTP/1.1" 499 0 "-" "DreamHost SiteMonitor 1.0"
196.251.86.207 - - [13/Sep/2025:07:35:40 -0700] "GET / HTTP/1.1" 499 0 "-" "-"
160.179.53.83 - - [13/Sep/2025:07:35:41 -0700] "GET /aw.php HTTP/1.1" 404 189 "-" "Mozilla/5.0 (Linux; Android 7.0; SM-G892A Build/NRD90M; wv) AppleWebKit/537.36 (KHTML, like Gecko) Version/4.0 Chrome/60.0.3112.107 Mobile Safari/537.36"
173.236.205.121 - - [13/Sep/2025:07:35:46 -0700] "GET /wp-content/plugins/wp-mail-smtp/vendor_prefixed/google/auth/src/Middleware/Middleware/index.php?ARRAY=7o2230223n313735373737373638362p2231223n22687474703n5p2s5p2s7n733537307631336o6s2r6r63686s722r73686s705p2s3s6p633q7068705s636s64655s6n6326743q313735373737343038362q3932663638313535626465383234393061653664373536363932646533663766222p2232223n223539653264633932663438643565616231316437363261363564636532363036222p2233223n226231616666386161376538363561333763653066363134633539323434666263222p226175746s5s66696p655s6r616q65223n6r756p6p2p226175746s5s70617373223n6r756p6p2p2262696r675s70617373223n2231372q34372q35392q36352q37352q38332q3239227q HTTP/1.1" 504 167 "-" "-"
160.179.53.83 - - [13/Sep/2025:07:35:46 -0700] "GET /wp-includes/fonts/class-wp-font-face-resolver.php HTTP/1.1" 200 31 "www.google.com" "Mozlila/5.0 (Linux; Android 7.0; SM-G892A Bulid/NRD90M; wv) AppleWebKit/537.36 (KHTML, like Gecko) Version/4.0 Chrome/60.0.3112.107 Moblie Safari/537.36"
160.179.53.83 - - [13/Sep/2025:07:35:47 -0700] "GET /wp-content/uploads/alfa.php HTTP/1.1" 404 125 "-" "Mozilla/5.0 (X11; Ubuntu; Linux i686; rv:28.0) Gecko/20100101 Firefox/72.0"
160.179.53.83 - - [13/Sep/2025:07:35:55 -0700] "GET /wp-content/plugins/geu/geu.php HTTP/1.1" 404 189 "-" "Mozilla/5.0 (Linux; Android 7.0; SM-G892A Build/NRD90M; wv) AppleWebKit/537.36 (KHTML, like Gecko) Version/4.0 Chrome/60.0.3112.107 Mobile Safari/537.36"
160.179.53.83 - - [13/Sep/2025:07:35:58 -0700] "GET /wp-content/plugins/deu/ms.php HTTP/1.1" 404 189 "-" "Mozilla/5.0 (Linux; Android 7.0; SM-G892A Build/NRD90M; wv) AppleWebKit/537.36 (KHTML, like Gecko) Version/4.0 Chrome/60.0.3112.107 Mobile Safari/537.36"
160.179.53.83 - - [13/Sep/2025:07:36:00 -0700] "GET /Mshell.php HTTP/1.1" 404 189 "www.google.com" "Mozlila/5.0 (Linux; Android 7.0; SM-G892A Bulid/NRD90M; wv) AppleWebKit/537.36 (KHTML, like Gecko) Version/4.0 Chrome/60.0.3112.107 Moblie Safari/537.36"
160.179.53.83 - - [13/Sep/2025:07:36:01 -0700] "GET /wp-includes/Requests/atomlib.php HTTP/1.1" 404 189 "-" "Mozlila/5.0 (Linux; Android 7.0; SM-G892A Bulid/NRD90M; wv) AppleWebKit/537.36 (KHTML, like Gecko) Version/4.0 Chrome/60.0.3112.107 Moblie Safari/537.36"
160.179.53.83 - - [13/Sep/2025:07:36:01 -0700] "GET /wp-content/plugins/view-ad/ms.php HTTP/1.1" 404 189 "-" "Mozilla/5.0 (Linux; Android 7.0; SM-G892A Build/NRD90M; wv) AppleWebKit/537.36 (KHTML, like Gecko) Version/4.0 Chrome/60.0.3112.107 Mobile Safari/537.36"
160.179.53.83 - - [13/Sep/2025:07:36:01 -0700] "GET /Mshell.php HTTP/1.1" 404 189 "www.google.com" "Mozlila/5.0 (Linux; Android 7.0; SM-G892A Bulid/NRD90M; wv) AppleWebKit/537.36 (KHTML, like Gecko) Version/4.0 Chrome/60.0.3112.107 Moblie Safari/537.36"
160.179.53.83 - - [13/Sep/2025:07:36:06 -0700] "GET /.well-known/acme-challenge/atomlib.php HTTP/1.1" 404 189 "www.google.com" "Mozlila/5.0 (Linux; Android 7.0; SM-G892A Bulid/NRD90M; wv) AppleWebKit/537.36 (KHTML, like Gecko) Version/4.0 Chrome/60.0.3112.107 Moblie Safari/537.36"
173.236.205.121 - - [13/Sep/2025:07:36:07 -0700] "GET /wp-content/plugins/wp-mail-smtp/vendor_prefixed/google/auth/src/Middleware/Middleware/index.php?ARRAY=7o2230223n313735373737373730372p2231223n22687474703n5p2s5p2s7n733537307631336o6s2r6r63686s722r73686s705p2s3s6p633q7068705s636s64655s6n6326743q313735373737343130372q6134363662653734626132626536633639353430666131313665653830366235222p2232223n223539653264633932663438643565616231316437363261363564636532363036222p2233223n226231616666386161376538363561333763653066363134633539323434666263222p226175746s5s66696p655s6r616q65223n6r756p6p2p226175746s5s70617373223n6r756p6p2p2262696r675s70617373223n2231372q34372q35392q36352q37352q38332q3239227q HTTP/1.1" 504 167 "-" "-"
160.179.53.83 - - [13/Sep/2025:07:36:07 -0700] "GET /wp-includes/fonts/class-wp-font-face.php HTTP/1.1" 200 31 "www.google.com" "Mozlila/5.0 (Linux; Android 7.0; SM-G892A Bulid/NRD90M; wv) AppleWebKit/537.36 (KHTML, like Gecko) Version/4.0 Chrome/60.0.3112.107 Moblie Safari/537.36"
160.179.53.83 - - [13/Sep/2025:07:36:07 -0700] "GET /wp-includes/fonts/class-wp-font-library.php HTTP/1.1" 200 31 "www.google.com" "Mozlila/5.0 (Linux; Android 7.0; SM-G892A Bulid/NRD90M; wv) AppleWebKit/537.36 (KHTML, like Gecko) Version/4.0 Chrome/60.0.3112.107 Moblie Safari/537.36"
160.179.53.83 - - [13/Sep/2025:07:36:07 -0700] "GET /wp-content/uploads/shell.php HTTP/1.1" 404 125 "-" "Mozilla/5.0 (X11; Ubuntu; Linux i686; rv:28.0) Gecko/20100101 Firefox/72.0"
160.179.53.83 - - [13/Sep/2025:07:36:09 -0700] "GET /wp-content/uploads/wso2.php HTTP/1.1" 404 125 "-" "Mozilla/5.0 (X11; Ubuntu; Linux i686; rv:28.0) Gecko/20100101 Firefox/72.0"
160.179.53.83 - - [13/Sep/2025:07:36:23 -0700] "GET /wp-content/uploads/wso1.php HTTP/1.1" 404 125 "-" "Mozilla/5.0 (X11; Ubuntu; Linux i686; rv:28.0) Gecko/20100101 Firefox/72.0"
160.179.53.83 - - [13/Sep/2025:07:36:40 -0700] "GET /.well-known/acme-challenge/atomlib.php HTTP/1.1" 404 189 "-" "Mozlila/5.0 (Linux; Android 7.0; SM-G892A Bulid/NRD90M; wv) AppleWebKit/537.36 (KHTML, like Gecko) Version/4.0 Chrome/60.0.3112.107 Moblie Safari/537.36"
160.179.53.83 - - [13/Sep/2025:07:36:50 -0700] "GET /wp-content/uploads/up.php HTTP/1.1" 404 125 "-" "Mozilla/5.0 (X11; Ubuntu; Linux i686; rv:28.0) Gecko/20100101 Firefox/72.0"
160.179.53.83 - - [13/Sep/2025:07:36:55 -0700] "GET /wp-includes/images/ HTTP/1.1" 200 732 "www.google.com" "Mozlila/5.0 (Linux; Android 7.0; SM-G892A Bulid/NRD90M; wv) AppleWebKit/537.36 (KHTML, like Gecko) Version/4.0 Chrome/60.0.3112.107 Moblie Safari/537.36"
173.236.205.121 - - [13/Sep/2025:07:37:06 -0700] "GET /wp-content/plugins/wp-mail-smtp/vendor_prefixed/google/auth/src/Middleware/Middleware/index.php?ARRAY=7o2230223n313735373737373736362p2231223n22687474703n5p2s5p2s7n733537307631336o6s2r6r63686s722r73686s705p2s3s6p633q7068705s636s64655s6n6326743q313735373737343136362q6436613236353833306465323731386664363263633565353936663334323935222p2232223n223539653264633932663438643565616231316437363261363564636532363036222p2233223n226231616666386161376538363561333763653066363134633539323434666263222p226175746s5s66696p655s6r616q65223n6r756p6p2p226175746s5s70617373223n6r756p6p2p2262696r675s70617373223n2231372q34372q35392q36352q37352q38332q3239227q HTTP/1.1" 504 167 "-" "-"
160.179.53.83 - - [13/Sep/2025:07:37:06 -0700] "GET /wp-includes/fonts/class-wp-font-utils.php HTTP/1.1" 200 31 "www.google.com" "Mozlila/5.0 (Linux; Android 7.0; SM-G892A Bulid/NRD90M; wv) AppleWebKit/537.36 (KHTML, like Gecko) Version/4.0 Chrome/60.0.3112.107 Moblie Safari/537.36"
160.179.53.83 - - [13/Sep/2025:07:37:08 -0700] "GET /.well-known/ HTTP/1.1" 404 189 "www.google.com" "Mozlila/5.0 (Linux; Android 7.0; SM-G892A Bulid/NRD90M; wv) AppleWebKit/537.36 (KHTML, like Gecko) Version/4.0 Chrome/60.0.3112.107 Moblie Safari/537.36"
160.179.53.83 - - [13/Sep/2025:07:37:23 -0700] "GET /ALFA_DATA/ HTTP/1.1" 404 189 "www.google.com" "Mozlila/5.0 (Linux; Android 7.0; SM-G892A Bulid/NRD90M; wv) AppleWebKit/537.36 (KHTML, like Gecko) Version/4.0 Chrome/60.0.3112.107 Moblie Safari/537.36"
160.179.53.83 - - [13/Sep/2025:07:37:24 -0700] "GET /wp-content/uploads/uploader.php HTTP/1.1" 404 125 "-" "Mozilla/5.0 (X11; Ubuntu; Linux i686; rv:28.0) Gecko/20100101 Firefox/72.0"
173.236.205.121 - - [13/Sep/2025:07:37:27 -0700] "GET /wp-content/plugins/wp-mail-smtp/vendor_prefixed/google/auth/src/Middleware/Middleware/index.php?ARRAY=7o2230223n313735373737373738372p2231223n22687474703n5p2s5p2s7n733537307631336o6s2r6r63686s722r73686s705p2s3s6p633q7068705s636s64655s6n6326743q313735373737343138372q3938653532616639363538366466303838366461666331656236616333616662222p2232223n223539653264633932663438643565616231316437363261363564636532363036222p2233223n226231616666386161376538363561333763653066363134633539323434666263222p226175746s5s66696p655s6r616q65223n6r756p6p2p226175746s5s70617373223n6r756p6p2p2262696r675s70617373223n2231372q34372q35392q36352q37352q38332q3239227q HTTP/1.1" 504 167 "-" "-"
160.179.53.83 - - [13/Sep/2025:07:37:30 -0700] "GET /wp-content/vuln.php HTTP/1.1" 404 125 "-" "Mozilla/5.0 (X11; Ubuntu; Linux i686; rv:28.0) Gecko/20100101 Firefox/72.0"
160.179.53.83 - - [13/Sep/2025:07:37:40 -0700] "GET /.well-knownold/ HTTP/1.1" 404 189 "www.google.com" "Mozlila/5.0 (Linux; Android 7.0; SM-G892A Bulid/NRD90M; wv) AppleWebKit/537.36 (KHTML, like Gecko) Version/4.0 Chrome/60.0.3112.107 Moblie Safari/537.36"
160.179.53.83 - - [13/Sep/2025:07:37:56 -0700] "GET /.well-known/acme-challenge/ HTTP/1.1" 404 189 "www.google.com" "Mozlila/5.0 (Linux; Android 7.0; SM-G892A Bulid/NRD90M; wv) AppleWebKit/537.36 (KHTML, like Gecko) Version/4.0 Chrome/60.0.3112.107 Moblie Safari/537.36"
160.179.53.83 - - [13/Sep/2025:07:37:57 -0700] "GET /wp-content/uploads/index.php HTTP/1.1" 404 125 "-" "Mozilla/5.0 (X11; Ubuntu; Linux i686; rv:28.0) Gecko/20100101 Firefox/72.0"
160.179.53.83 - - [13/Sep/2025:07:38:08 -0700] "GET /1index.php HTTP/1.1" 404 125 "-" "Mozilla/5.0 (X11; Ubuntu; Linux i686; rv:28.0) Gecko/20100101 Firefox/72.0"
160.179.53.83 - - [13/Sep/2025:07:38:14 -0700] "GET /.well-known/ HTTP/1.1" 404 189 "www.google.com" "Mozlila/5.0 (Linux; Android 7.0; SM-G892A Bulid/NRD90M; wv) AppleWebKit/537.36 (KHTML, like Gecko) Version/4.0 Chrome/60.0.3112.107 Moblie Safari/537.36"
18.97.14.81 - - [13/Sep/2025:07:38:25 -0700] "GET /?p=4766 HTTP/1.1" 499 0 "-" "CCBot/2.0 (https://commoncrawl.org/faq/)"
173.236.205.121 - - [13/Sep/2025:07:38:26 -0700] "GET /wp-content/plugins/wp-mail-smtp/vendor_prefixed/google/auth/src/Middleware/Middleware/index.php?ARRAY=7o2230223n313735373737373834362p2231223n22687474703n5p2s5p2s7n733537307631336o6s2r6r63686s722r73686s705p2s3s6p633q7068705s636s64655s6n6326743q313735373737343234362q6436666334633766666230393665346663663762333837353537303630636238222p2232223n223539653264633932663438643565616231316437363261363564636532363036222p2233223n226231616666386161376538363561333763653066363134633539323434666263222p226175746s5s66696p655s6r616q65223n6r756p6p2p226175746s5s70617373223n6r756p6p2p2262696r675s70617373223n2231372q34372q35392q36352q37352q38332q3239227q HTTP/1.1" 504 167 "-" "-"
160.179.53.83 - - [13/Sep/2025:07:38:29 -0700] "GET /cgi-bin/ HTTP/1.1" 404 189 "www.google.com" "Mozlila/5.0 (Linux; Android 7.0; SM-G892A Bulid/NRD90M; wv) AppleWebKit/537.36 (KHTML, like Gecko) Version/4.0 Chrome/60.0.3112.107 Moblie Safari/537.36"
160.179.53.83 - - [13/Sep/2025:07:38:29 -0700] "GET /wso.php HTTP/1.1" 404 125 "-" "Mozilla/5.0 (X11; Ubuntu; Linux i686; rv:28.0) Gecko/20100101 Firefox/72.0"
160.179.53.83 - - [13/Sep/2025:07:38:39 -0700] "GET /ws.php HTTP/1.1" 404 125 "-" "Mozilla/5.0 (X11; Ubuntu; Linux i686; rv:28.0) Gecko/20100101 Firefox/72.0"
160.179.53.83 - - [13/Sep/2025:07:38:45 -0700] "GET /ALFA_DATA/ HTTP/1.1" 404 189 "www.google.com" "Mozlila/5.0 (Linux; Android 7.0; SM-G892A Bulid/NRD90M; wv) AppleWebKit/537.36 (KHTML, like Gecko) Version/4.0 Chrome/60.0.3112.107 Moblie Safari/537.36"
173.236.205.121 - - [13/Sep/2025:07:38:47 -0700] "GET /wp-content/plugins/wp-mail-smtp/vendor_prefixed/google/auth/src/Middleware/Middleware/index.php?ARRAY=7o2230223n313735373737373836372p2231223n22687474703n5p2s5p2s7n733537307631336o6s2r6r63686s722r73686s705p2s3s6p633q7068705s636s64655s6n6326743q313735373737343236372q6531323064363131323961616535623164336234633138316638363836666233222p2232223n223539653264633932663438643565616231316437363261363564636532363036222p2233223n226231616666386161376538363561333763653066363134633539323434666263222p226175746s5s66696p655s6r616q65223n6r756p6p2p226175746s5s70617373223n6r756p6p2p2262696r675s70617373223n2231372q34372q35392q36352q37352q38332q3239227q HTTP/1.1" 504 167 "-" "-"
160.179.53.83 - - [13/Sep/2025:07:38:58 -0700] "GET /.well-knownold/ HTTP/1.1" 404 189 "www.google.com" "Mozlila/5.0 (Linux; Android 7.0; SM-G892A Bulid/NRD90M; wv) AppleWebKit/537.36 (KHTML, like Gecko) Version/4.0 Chrome/60.0.3112.107 Moblie Safari/537.36"
160.179.53.83 - - [13/Sep/2025:07:39:02 -0700] "GET /xleet.php HTTP/1.1" 404 189 "-" "Mozlila/5.0 (Linux; Android 7.0; SM-G892A Bulid/NRD90M; wv) AppleWebKit/537.36 (KHTML, like Gecko) Version/4.0 Chrome/60.0.3112.107 Moblie Safari/537.36"
160.179.53.83 - - [13/Sep/2025:07:39:06 -0700] "GET /.well-known/acme-challenge/ HTTP/1.1" 404 189 "www.google.com" "Mozlila/5.0 (Linux; Android 7.0; SM-G892A Bulid/NRD90M; wv) AppleWebKit/537.36 (KHTML, like Gecko) Version/4.0 Chrome/60.0.3112.107 Moblie Safari/537.36"
160.179.53.83 - - [13/Sep/2025:07:39:19 -0700] "GET /.well-known/ HTTP/1.1" 404 189 "www.google.com" "Mozlila/5.0 (Linux; Android 7.0; SM-G892A Bulid/NRD90M; wv) AppleWebKit/537.36 (KHTML, like Gecko) Version/4.0 Chrome/60.0.3112.107 Moblie Safari/537.36"
160.179.53.83 - - [13/Sep/2025:07:39:23 -0700] "GET /504.php HTTP/1.1" 404 189 "www.google.com" "Mozlila/5.0 (Linux; Android 7.0; SM-G892A Bulid/NRD90M; wv) AppleWebKit/537.36 (KHTML, like Gecko) Version/4.0 Chrome/60.0.3112.107 Moblie Safari/537.36"
160.179.53.83 - - [13/Sep/2025:07:39:28 -0700] "GET /xl2023.php HTTP/1.1" 404 189 "-" "Mozlila/5.0 (Linux; Android 7.0; SM-G892A Bulid/NRD90M; wv) AppleWebKit/537.36 (KHTML, like Gecko) Version/4.0 Chrome/60.0.3112.107 Moblie Safari/537.36"
160.179.53.83 - - [13/Sep/2025:07:39:32 -0700] "GET /uploads/ HTTP/1.1" 404 189 "www.google.com" "Mozlila/5.0 (Linux; Android 7.0; SM-G892A Bulid/NRD90M; wv) AppleWebKit/537.36 (KHTML, like Gecko) Version/4.0 Chrome/60.0.3112.107 Moblie Safari/537.36"
160.179.53.83 - - [13/Sep/2025:07:39:37 -0700] "GET /wso2.php HTTP/1.1" 404 125 "-" "Mozilla/5.0 (X11; Ubuntu; Linux i686; rv:28.0) Gecko/20100101 Firefox/72.0"
160.179.53.83 - - [13/Sep/2025:07:39:38 -0700] "GET /upload/ HTTP/1.1" 404 189 "www.google.com" "Mozlila/5.0 (Linux; Android 7.0; SM-G892A Bulid/NRD90M; wv) AppleWebKit/537.36 (KHTML, like Gecko) Version/4.0 Chrome/60.0.3112.107 Moblie Safari/537.36"
173.236.205.121 - - [13/Sep/2025:07:39:46 -0700] "GET /wp-content/plugins/wp-mail-smtp/vendor_prefixed/google/auth/src/Middleware/Middleware/index.php?ARRAY=7o2230223n313735373737373932362p2231223n22687474703n5p2s5p2s7n733537307631336o6s2r6r63686s722r73686s705p2s3s6p633q7068705s636s64655s6n6326743q313735373737343332362q6563613439386132393039383132633831663836386466383837356561656131222p2232223n223539653264633932663438643565616231316437363261363564636532363036222p2233223n226231616666386161376538363561333763653066363134633539323434666263222p226175746s5s66696p655s6r616q65223n6r756p6p2p226175746s5s70617373223n6r756p6p2p2262696r675s70617373223n2231372q34372q35392q36352q37352q38332q3239227q HTTP/1.1" 504 167 "-" "-"
160.179.53.83 - - [13/Sep/2025:07:39:46 -0700] "GET /xl2023x.php HTTP/1.1" 404 189 "-" "Mozlila/5.0 (Linux; Android 7.0; SM-G892A Bulid/NRD90M; wv) AppleWebKit/537.36 (KHTML, like Gecko) Version/4.0 Chrome/60.0.3112.107 Moblie Safari/537.36"
160.179.53.83 - - [13/Sep/2025:07:39:51 -0700] "GET /admin/uploads/ HTTP/1.1" 404 189 "www.google.com" "Mozlila/5.0 (Linux; Android 7.0; SM-G892A Bulid/NRD90M; wv) AppleWebKit/537.36 (KHTML, like Gecko) Version/4.0 Chrome/60.0.3112.107 Moblie Safari/537.36"
