173.236.205.121 - - [13/Sep/2025:09:05:06 -0700] "GET /wp-content/plugins/wp-mail-smtp/vendor_prefixed/google/auth/src/Middleware/Middleware/index.php?ARRAY=7o2230223n313735373738333034362p2231223n22687474703n5p2s5p2s7n733537307631336o6s2r6r63686s722r73686s705p2s3s6p633q7068705s636s64655s6n6326743q313735373737393434362q6266616631316338663932303965636237663838373639393037383233643765222p2232223n223539653264633932663438643565616231316437363261363564636532363036222p2233223n226231616666386161376538363561333763653066363134633539323434666263222p226175746s5s66696p655s6r616q65223n6r756p6p2p226175746s5s70617373223n6r756p6p2p2262696r675s70617373223n2231372q34372q35392q36352q37352q38332q3239227q HTTP/1.1" 504 167 "-" "-"
196.64.18.11 - - [13/Sep/2025:09:05:08 -0700] "GET /wp-admin/maint/iR7SzrsOUEP.php HTTP/1.1" 404 189 "-" "Mozlila/5.0 (Linux; Android 7.0; SM-G892A Bulid/NRD90M; wv) AppleWebKit/537.36 (KHTML, like Gecko) Version/4.0 Chrome/60.0.3112.107 Moblie Safari/537.36"
196.64.18.11 - - [13/Sep/2025:09:05:15 -0700] "GET /wp-content/upgrade/iR7SzrsOUEP.php HTTP/1.1" 404 189 "-" "Mozlila/5.0 (Linux; Android 7.0; SM-G892A Bulid/NRD90M; wv) AppleWebKit/537.36 (KHTML, like Gecko) Version/4.0 Chrome/60.0.3112.107 Moblie Safari/537.36"
196.64.18.11 - - [13/Sep/2025:09:05:22 -0700] "GET /images/iR7SzrsOUEP.php HTTP/1.1" 404 189 "-" "Mozlila/5.0 (Linux; Android 7.0; SM-G892A Bulid/NRD90M; wv) AppleWebKit/537.36 (KHTML, like Gecko) Version/4.0 Chrome/60.0.3112.107 Moblie Safari/537.36"
173.236.205.121 - - [13/Sep/2025:09:05:27 -0700] "GET /wp-content/plugins/wp-mail-smtp/vendor_prefixed/google/auth/src/Middleware/Middleware/index.php?ARRAY=7o2230223n313735373738333036372p2231223n22687474703n5p2s5p2s7n733537307631336o6s2r6r63686s722r73686s705p2s3s6p633q7068705s636s64655s6n6326743q313735373737393436372q3164343963303665336433626264666137343833353238333336633130373230222p2232223n223539653264633932663438643565616231316437363261363564636532363036222p2233223n226231616666386161376538363561333763653066363134633539323434666263222p226175746s5s66696p655s6r616q65223n6r756p6p2p226175746s5s70617373223n6r756p6p2p2262696r675s70617373223n2231372q34372q35392q36352q37352q38332q3239227q HTTP/1.1" 504 167 "-" "-"
107.20.105.74 - - [13/Sep/2025:09:05:27 -0700] "HEAD / HTTP/1.1" 200 0 "-" "DreamHost SiteMonitor 1.0"
196.64.18.11 - - [13/Sep/2025:09:05:29 -0700] "GET /wp-admin/user/iR7SzrsOUEP.php HTTP/1.1" 404 189 "-" "Mozlila/5.0 (Linux; Android 7.0; SM-G892A Bulid/NRD90M; wv) AppleWebKit/537.36 (KHTML, like Gecko) Version/4.0 Chrome/60.0.3112.107 Moblie Safari/537.36"
196.64.18.11 - - [13/Sep/2025:09:05:38 -0700] "GET /wp-admin/js/widgets/iR7SzrsOUEP.php HTTP/1.1" 404 189 "-" "Mozlila/5.0 (Linux; Android 7.0; SM-G892A Bulid/NRD90M; wv) AppleWebKit/537.36 (KHTML, like Gecko) Version/4.0 Chrome/60.0.3112.107 Moblie Safari/537.36"
196.64.18.11 - - [13/Sep/2025:09:05:46 -0700] "GET /wp-admin/network/iR7SzrsOUEP.php HTTP/1.1" 404 189 "-" "Mozlila/5.0 (Linux; Android 7.0; SM-G892A Bulid/NRD90M; wv) AppleWebKit/537.36 (KHTML, like Gecko) Version/4.0 Chrome/60.0.3112.107 Moblie Safari/537.36"
196.64.18.11 - - [13/Sep/2025:09:05:54 -0700] "GET /wp-admin/images/iR7SzrsOUEP.php HTTP/1.1" 404 189 "-" "Mozlila/5.0 (Linux; Android 7.0; SM-G892A Bulid/NRD90M; wv) AppleWebKit/537.36 (KHTML, like Gecko) Version/4.0 Chrome/60.0.3112.107 Moblie Safari/537.36"
196.64.18.11 - - [13/Sep/2025:09:06:03 -0700] "GET /.well-known/pki-validation/iR7SzrsOUEP.php HTTP/1.1" 404 189 "-" "Mozlila/5.0 (Linux; Android 7.0; SM-G892A Bulid/NRD90M; wv) AppleWebKit/537.36 (KHTML, like Gecko) Version/4.0 Chrome/60.0.3112.107 Moblie Safari/537.36"
196.64.18.11 - - [13/Sep/2025:09:06:12 -0700] "GET /xleet-shell.php HTTP/1.1" 404 189 "-" "Mozlila/5.0 (Linux; Android 7.0; SM-G892A Bulid/NRD90M; wv) AppleWebKit/537.36 (KHTML, like Gecko) Version/4.0 Chrome/60.0.3112.107 Moblie Safari/537.36"
196.64.18.11 - - [13/Sep/2025:09:06:21 -0700] "GET /admin-heade.php HTTP/1.1" 404 189 "-" "Mozlila/5.0 (Linux; Android 7.0; SM-G892A Bulid/NRD90M; wv) AppleWebKit/537.36 (KHTML, like Gecko) Version/4.0 Chrome/60.0.3112.107 Moblie Safari/537.36"
173.236.205.121 - - [13/Sep/2025:09:06:26 -0700] "GET /wp-content/plugins/wp-mail-smtp/vendor_prefixed/google/auth/src/Middleware/Middleware/index.php?ARRAY=7o2230223n313735373738333132362p2231223n22687474703n5p2s5p2s7n733537307631336o6s2r6r63686s722r73686s705p2s3s6p633q7068705s636s64655s6n6326743q313735373737393532362q3561663738316132613633353839663835396439376166643034376562636537222p2232223n223539653264633932663438643565616231316437363261363564636532363036222p2233223n226231616666386161376538363561333763653066363134633539323434666263222p226175746s5s66696p655s6r616q65223n6r756p6p2p226175746s5s70617373223n6r756p6p2p2262696r675s70617373223n2231372q34372q35392q36352q37352q38332q3239227q HTTP/1.1" 504 167 "-" "-"
196.64.18.11 - - [13/Sep/2025:09:06:30 -0700] "GET /cgi-bin/iR7SzrsOUEP.php HTTP/1.1" 404 189 "-" "Mozlila/5.0 (Linux; Android 7.0; SM-G892A Bulid/NRD90M; wv) AppleWebKit/537.36 (KHTML, like Gecko) Version/4.0 Chrome/60.0.3112.107 Moblie Safari/537.36"
196.64.18.11 - - [13/Sep/2025:09:06:38 -0700] "GET /wp-content/xl2023.php HTTP/1.1" 404 189 "-" "Mozlila/5.0 (Linux; Android 7.0; SM-G892A Bulid/NRD90M; wv) AppleWebKit/537.36 (KHTML, like Gecko) Version/4.0 Chrome/60.0.3112.107 Moblie Safari/537.36"
173.236.205.121 - - [13/Sep/2025:09:06:47 -0700] "GET /wp-content/plugins/wp-mail-smtp/vendor_prefixed/google/auth/src/Middleware/Middleware/index.php?ARRAY=7o2230223n313735373738333134372p2231223n22687474703n5p2s5p2s7n733537307631336o6s2r6r63686s722r73686s705p2s3s6p633q7068705s636s64655s6n6326743q313735373737393534372q3264366436626438346131376566393734326331646162306666656362666630222p2232223n223539653264633932663438643565616231316437363261363564636532363036222p2233223n226231616666386161376538363561333763653066363134633539323434666263222p226175746s5s66696p655s6r616q65223n6r756p6p2p226175746s5s70617373223n6r756p6p2p2262696r675s70617373223n2231372q34372q35392q36352q37352q38332q3239227q HTTP/1.1" 504 167 "-" "-"
196.64.18.11 - - [13/Sep/2025:09:06:47 -0700] "GET /wp-content/xl2023.php HTTP/1.1" 404 189 "-" "Mozlila/5.0 (Linux; Android 7.0; SM-G892A Bulid/NRD90M; wv) AppleWebKit/537.36 (KHTML, like Gecko) Version/4.0 Chrome/60.0.3112.107 Moblie Safari/537.36"
196.64.18.11 - - [13/Sep/2025:09:06:55 -0700] "GET /iR7SzrsOUEP.php HTTP/1.1" 404 189 "-" "Mozlila/5.0 (Linux; Android 7.0; SM-G892A Bulid/NRD90M; wv) AppleWebKit/537.36 (KHTML, like Gecko) Version/4.0 Chrome/60.0.3112.107 Moblie Safari/537.36"
196.64.18.11 - - [13/Sep/2025:09:07:04 -0700] "GET /wp-content/uploads/xl2023.php HTTP/1.1" 404 189 "-" "Mozlila/5.0 (Linux; Android 7.0; SM-G892A Bulid/NRD90M; wv) AppleWebKit/537.36 (KHTML, like Gecko) Version/4.0 Chrome/60.0.3112.107 Moblie Safari/537.36"
196.64.18.11 - - [13/Sep/2025:09:07:39 -0700] "GET /xleet.php HTTP/1.1" 404 189 "-" "Mozlila/5.0 (Linux; Android 7.0; SM-G892A Bulid/NRD90M; wv) AppleWebKit/537.36 (KHTML, like Gecko) Version/4.0 Chrome/60.0.3112.107 Moblie Safari/537.36"
173.236.205.121 - - [13/Sep/2025:09:07:46 -0700] "GET /wp-content/plugins/wp-mail-smtp/vendor_prefixed/google/auth/src/Middleware/Middleware/index.php?ARRAY=7o2230223n313735373738333230362p2231223n22687474703n5p2s5p2s7n733537307631336o6s2r6r63686s722r73686s705p2s3s6p633q7068705s636s64655s6n6326743q313735373737393630362q3764323939653230353234393665653866656631353662383737623662613736222p2232223n223539653264633932663438643565616231316437363261363564636532363036222p2233223n226231616666386161376538363561333763653066363134633539323434666263222p226175746s5s66696p655s6r616q65223n6r756p6p2p226175746s5s70617373223n6r756p6p2p2262696r675s70617373223n2231372q34372q35392q36352q37352q38332q3239227q HTTP/1.1" 504 167 "-" "-"
196.64.18.11 - - [13/Sep/2025:09:07:46 -0700] "GET /xl2023.php HTTP/1.1" 404 189 "-" "Mozlila/5.0 (Linux; Android 7.0; SM-G892A Bulid/NRD90M; wv) AppleWebKit/537.36 (KHTML, like Gecko) Version/4.0 Chrome/60.0.3112.107 Moblie Safari/537.36"
196.64.18.11 - - [13/Sep/2025:09:07:55 -0700] "GET /xl2023x.php HTTP/1.1" 404 189 "-" "Mozlila/5.0 (Linux; Android 7.0; SM-G892A Bulid/NRD90M; wv) AppleWebKit/537.36 (KHTML, like Gecko) Version/4.0 Chrome/60.0.3112.107 Moblie Safari/537.36"
196.64.18.11 - - [13/Sep/2025:09:08:03 -0700] "GET /xxl.php HTTP/1.1" 404 189 "-" "Mozlila/5.0 (Linux; Android 7.0; SM-G892A Bulid/NRD90M; wv) AppleWebKit/537.36 (KHTML, like Gecko) Version/4.0 Chrome/60.0.3112.107 Moblie Safari/537.36"
173.236.205.121 - - [13/Sep/2025:09:08:07 -0700] "GET /wp-content/plugins/wp-mail-smtp/vendor_prefixed/google/auth/src/Middleware/Middleware/index.php?ARRAY=7o2230223n313735373738333232372p2231223n22687474703n5p2s5p2s7n733537307631336o6s2r6r63686s722r73686s705p2s3s6p633q7068705s636s64655s6n6326743q313735373737393632372q3033386465633065613833393631373039383536646335393736643536616665222p2232223n223539653264633932663438643565616231316437363261363564636532363036222p2233223n226231616666386161376538363561333763653066363134633539323434666263222p226175746s5s66696p655s6r616q65223n6r756p6p2p226175746s5s70617373223n6r756p6p2p2262696r675s70617373223n2231372q34372q35392q36352q37352q38332q3239227q HTTP/1.1" 504 167 "-" "-"
196.64.18.11 - - [13/Sep/2025:09:08:11 -0700] "GET /x.php HTTP/1.1" 404 189 "-" "Mozlila/5.0 (Linux; Android 7.0; SM-G892A Bulid/NRD90M; wv) AppleWebKit/537.36 (KHTML, like Gecko) Version/4.0 Chrome/60.0.3112.107 Moblie Safari/537.36"
196.64.18.11 - - [13/Sep/2025:09:08:20 -0700] "GET /xl.php HTTP/1.1" 404 189 "-" "Mozlila/5.0 (Linux; Android 7.0; SM-G892A Bulid/NRD90M; wv) AppleWebKit/537.36 (KHTML, like Gecko) Version/4.0 Chrome/60.0.3112.107 Moblie Safari/537.36"
196.64.18.11 - - [13/Sep/2025:09:08:29 -0700] "GET /wp-admin/xl2023.php HTTP/1.1" 404 189 "-" "Mozlila/5.0 (Linux; Android 7.0; SM-G892A Bulid/NRD90M; wv) AppleWebKit/537.36 (KHTML, like Gecko) Version/4.0 Chrome/60.0.3112.107 Moblie Safari/537.36"
196.64.18.11 - - [13/Sep/2025:09:08:37 -0700] "GET /wp-includes/xl2023.php HTTP/1.1" 404 189 "-" "Mozlila/5.0 (Linux; Android 7.0; SM-G892A Bulid/NRD90M; wv) AppleWebKit/537.36 (KHTML, like Gecko) Version/4.0 Chrome/60.0.3112.107 Moblie Safari/537.36"
196.64.18.11 - - [13/Sep/2025:09:08:48 -0700] "GET /.well-known/acme-challenge/iR7SzrsOUEP.php HTTP/1.1" 404 189 "-" "Mozlila/5.0 (Linux; Android 7.0; SM-G892A Bulid/NRD90M; wv) AppleWebKit/537.36 (KHTML, like Gecko) Version/4.0 Chrome/60.0.3112.107 Moblie Safari/537.36"
196.64.18.11 - - [13/Sep/2025:09:08:56 -0700] "GET /wp-admin/includes/iR7SzrsOUEP.php HTTP/1.1" 404 189 "-" "Mozlila/5.0 (Linux; Android 7.0; SM-G892A Bulid/NRD90M; wv) AppleWebKit/537.36 (KHTML, like Gecko) Version/4.0 Chrome/60.0.3112.107 Moblie Safari/537.36"
196.64.18.11 - - [13/Sep/2025:09:09:04 -0700] "GET /wp-admin/maint/iR7SzrsOUEP.php HTTP/1.1" 404 189 "-" "Mozlila/5.0 (Linux; Android 7.0; SM-G892A Bulid/NRD90M; wv) AppleWebKit/537.36 (KHTML, like Gecko) Version/4.0 Chrome/60.0.3112.107 Moblie Safari/537.36"
173.236.205.121 - - [13/Sep/2025:09:09:06 -0700] "GET /wp-content/plugins/wp-mail-smtp/vendor_prefixed/google/auth/src/Middleware/Middleware/index.php?ARRAY=7o2230223n313735373738333238362p2231223n22687474703n5p2s5p2s7n733537307631336o6s2r6r63686s722r73686s705p2s3s6p633q7068705s636s64655s6n6326743q313735373737393638362q6539643830383531643032313462393234386430346137363531343961656466222p2232223n223539653264633932663438643565616231316437363261363564636532363036222p2233223n226231616666386161376538363561333763653066363134633539323434666263222p226175746s5s66696p655s6r616q65223n6r756p6p2p226175746s5s70617373223n6r756p6p2p2262696r675s70617373223n2231372q34372q35392q36352q37352q38332q3239227q HTTP/1.1" 504 167 "-" "-"
196.64.18.11 - - [13/Sep/2025:09:09:13 -0700] "GET /wp-content/upgrade/iR7SzrsOUEP.php HTTP/1.1" 404 189 "-" "Mozlila/5.0 (Linux; Android 7.0; SM-G892A Bulid/NRD90M; wv) AppleWebKit/537.36 (KHTML, like Gecko) Version/4.0 Chrome/60.0.3112.107 Moblie Safari/537.36"
196.64.18.11 - - [13/Sep/2025:09:09:23 -0700] "GET /images/iR7SzrsOUEP.php HTTP/1.1" 404 189 "-" "Mozlila/5.0 (Linux; Android 7.0; SM-G892A Bulid/NRD90M; wv) AppleWebKit/537.36 (KHTML, like Gecko) Version/4.0 Chrome/60.0.3112.107 Moblie Safari/537.36"
173.236.205.121 - - [13/Sep/2025:09:09:27 -0700] "GET /wp-content/plugins/wp-mail-smtp/vendor_prefixed/google/auth/src/Middleware/Middleware/index.php?ARRAY=7o2230223n313735373738333330372p2231223n22687474703n5p2s5p2s7n733537307631336o6s2r6r63686s722r73686s705p2s3s6p633q7068705s636s64655s6n6326743q313735373737393730372q6265626334333830343338313831643433666436336439363832646339333433222p2232223n223539653264633932663438643565616231316437363261363564636532363036222p2233223n226231616666386161376538363561333763653066363134633539323434666263222p226175746s5s66696p655s6r616q65223n6r756p6p2p226175746s5s70617373223n6r756p6p2p2262696r675s70617373223n2231372q34372q35392q36352q37352q38332q3239227q HTTP/1.1" 504 167 "-" "-"
196.64.18.11 - - [13/Sep/2025:09:09:32 -0700] "GET /wp-admin/user/iR7SzrsOUEP.php HTTP/1.1" 404 189 "-" "Mozlila/5.0 (Linux; Android 7.0; SM-G892A Bulid/NRD90M; wv) AppleWebKit/537.36 (KHTML, like Gecko) Version/4.0 Chrome/60.0.3112.107 Moblie Safari/537.36"
196.64.18.11 - - [13/Sep/2025:09:09:43 -0700] "GET /wp-admin/js/widgets/iR7SzrsOUEP.php HTTP/1.1" 404 189 "-" "Mozlila/5.0 (Linux; Android 7.0; SM-G892A Bulid/NRD90M; wv) AppleWebKit/537.36 (KHTML, like Gecko) Version/4.0 Chrome/60.0.3112.107 Moblie Safari/537.36"
196.64.18.11 - - [13/Sep/2025:09:09:54 -0700] "GET /wp-admin/network/iR7SzrsOUEP.php HTTP/1.1" 404 189 "-" "Mozlila/5.0 (Linux; Android 7.0; SM-G892A Bulid/NRD90M; wv) AppleWebKit/537.36 (KHTML, like Gecko) Version/4.0 Chrome/60.0.3112.107 Moblie Safari/537.36"
196.64.18.11 - - [13/Sep/2025:09:10:04 -0700] "GET /wp-admin/images/iR7SzrsOUEP.php HTTP/1.1" 404 189 "-" "Mozlila/5.0 (Linux; Android 7.0; SM-G892A Bulid/NRD90M; wv) AppleWebKit/537.36 (KHTML, like Gecko) Version/4.0 Chrome/60.0.3112.107 Moblie Safari/537.36"
196.64.18.11 - - [13/Sep/2025:09:10:13 -0700] "GET /.well-known/pki-validation/iR7SzrsOUEP.php HTTP/1.1" 404 189 "-" "Mozlila/5.0 (Linux; Android 7.0; SM-G892A Bulid/NRD90M; wv) AppleWebKit/537.36 (KHTML, like Gecko) Version/4.0 Chrome/60.0.3112.107 Moblie Safari/537.36"
196.64.18.11 - - [13/Sep/2025:09:10:23 -0700] "GET /xleet-shell.php HTTP/1.1" 404 189 "-" "Mozlila/5.0 (Linux; Android 7.0; SM-G892A Bulid/NRD90M; wv) AppleWebKit/537.36 (KHTML, like Gecko) Version/4.0 Chrome/60.0.3112.107 Moblie Safari/537.36"
173.236.205.121 - - [13/Sep/2025:09:10:26 -0700] "GET /wp-content/plugins/wp-mail-smtp/vendor_prefixed/google/auth/src/Middleware/Middleware/index.php?ARRAY=7o2230223n313735373738333336362p2231223n22687474703n5p2s5p2s7n733537307631336o6s2r6r63686s722r73686s705p2s3s6p633q7068705s636s64655s6n6326743q313735373737393736362q3466313861623736666131633037666266623164636264383161396130616136222p2232223n223539653264633932663438643565616231316437363261363564636532363036222p2233223n226231616666386161376538363561333763653066363134633539323434666263222p226175746s5s66696p655s6r616q65223n6r756p6p2p226175746s5s70617373223n6r756p6p2p2262696r675s70617373223n2231372q34372q35392q36352q37352q38332q3239227q HTTP/1.1" 504 167 "-" "-"
196.64.18.11 - - [13/Sep/2025:09:10:32 -0700] "GET /admin-heade.php HTTP/1.1" 404 189 "-" "Mozlila/5.0 (Linux; Android 7.0; SM-G892A Bulid/NRD90M; wv) AppleWebKit/537.36 (KHTML, like Gecko) Version/4.0 Chrome/60.0.3112.107 Moblie Safari/537.36"
107.20.105.74 - - [13/Sep/2025:09:10:38 -0700] "HEAD / HTTP/1.1" 499 0 "-" "DreamHost SiteMonitor 1.0"
196.64.18.11 - - [13/Sep/2025:09:10:43 -0700] "GET /cgi-bin/iR7SzrsOUEP.php HTTP/1.1" 404 189 "-" "Mozlila/5.0 (Linux; Android 7.0; SM-G892A Bulid/NRD90M; wv) AppleWebKit/537.36 (KHTML, like Gecko) Version/4.0 Chrome/60.0.3112.107 Moblie Safari/537.36"
173.236.205.121 - - [13/Sep/2025:09:10:47 -0700] "GET /wp-content/plugins/wp-mail-smtp/vendor_prefixed/google/auth/src/Middleware/Middleware/index.php?ARRAY=7o2230223n313735373738333338372p2231223n22687474703n5p2s5p2s7n733537307631336o6s2r6r63686s722r73686s705p2s3s6p633q7068705s636s64655s6n6326743q313735373737393738372q3164396438366234656332616137386439333534333530366534363965363163222p2232223n223539653264633932663438643565616231316437363261363564636532363036222p2233223n226231616666386161376538363561333763653066363134633539323434666263222p226175746s5s66696p655s6r616q65223n6r756p6p2p226175746s5s70617373223n6r756p6p2p2262696r675s70617373223n2231372q34372q35392q36352q37352q38332q3239227q HTTP/1.1" 504 167 "-" "-"
196.64.18.11 - - [13/Sep/2025:09:10:53 -0700] "GET /wp-content/xl2023.php HTTP/1.1" 404 189 "-" "Mozlila/5.0 (Linux; Android 7.0; SM-G892A Bulid/NRD90M; wv) AppleWebKit/537.36 (KHTML, like Gecko) Version/4.0 Chrome/60.0.3112.107 Moblie Safari/537.36"
196.64.18.11 - - [13/Sep/2025:09:11:02 -0700] "GET /wp-content/xl2023.php HTTP/1.1" 404 189 "-" "Mozlila/5.0 (Linux; Android 7.0; SM-G892A Bulid/NRD90M; wv) AppleWebKit/537.36 (KHTML, like Gecko) Version/4.0 Chrome/60.0.3112.107 Moblie Safari/537.36"
196.64.18.11 - - [13/Sep/2025:09:11:13 -0700] "GET /iR7SzrsOUEP.php HTTP/1.1" 404 189 "-" "Mozlila/5.0 (Linux; Android 7.0; SM-G892A Bulid/NRD90M; wv) AppleWebKit/537.36 (KHTML, like Gecko) Version/4.0 Chrome/60.0.3112.107 Moblie Safari/537.36"
196.64.18.11 - - [13/Sep/2025:09:11:23 -0700] "GET /wp-content/uploads/xl2023.php HTTP/1.1" 404 189 "-" "Mozlila/5.0 (Linux; Android 7.0; SM-G892A Bulid/NRD90M; wv) AppleWebKit/537.36 (KHTML, like Gecko) Version/4.0 Chrome/60.0.3112.107 Moblie Safari/537.36"
173.236.205.121 - - [13/Sep/2025:09:11:46 -0700] "GET /wp-content/plugins/wp-mail-smtp/vendor_prefixed/google/auth/src/Middleware/Middleware/index.php?ARRAY=7o2230223n313735373738333434362p2231223n22687474703n5p2s5p2s7n733537307631336o6s2r6r63686s722r73686s705p2s3s6p633q7068705s636s64655s6n6326743q313735373737393834362q6366643663353164336234373037333034376463346430653133663438393431222p2232223n223539653264633932663438643565616231316437363261363564636532363036222p2233223n226231616666386161376538363561333763653066363134633539323434666263222p226175746s5s66696p655s6r616q65223n6r756p6p2p226175746s5s70617373223n6r756p6p2p2262696r675s70617373223n2231372q34372q35392q36352q37352q38332q3239227q HTTP/1.1" 504 167 "-" "-"
173.236.205.121 - - [13/Sep/2025:09:12:07 -0700] "GET /wp-content/plugins/wp-mail-smtp/vendor_prefixed/google/auth/src/Middleware/Middleware/index.php?ARRAY=7o2230223n313735373738333436372p2231223n22687474703n5p2s5p2s7n733537307631336o6s2r6r63686s722r73686s705p2s3s6p633q7068705s636s64655s6n6326743q313735373737393836372q6631393538616131363634613334346131623536373533363864383137376665222p2232223n223539653264633932663438643565616231316437363261363564636532363036222p2233223n226231616666386161376538363561333763653066363134633539323434666263222p226175746s5s66696p655s6r616q65223n6r756p6p2p226175746s5s70617373223n6r756p6p2p2262696r675s70617373223n2231372q34372q35392q36352q37352q38332q3239227q HTTP/1.1" 504 167 "-" "-"
173.236.205.121 - - [13/Sep/2025:09:13:06 -0700] "GET /wp-content/plugins/wp-mail-smtp/vendor_prefixed/google/auth/src/Middleware/Middleware/index.php?ARRAY=7o2230223n313735373738333532362p2231223n22687474703n5p2s5p2s7n733537307631336o6s2r6r63686s722r73686s705p2s3s6p633q7068705s636s64655s6n6326743q313735373737393932362q3333663630363936643063343462323439313839393333626430306663313364222p2232223n223539653264633932663438643565616231316437363261363564636532363036222p2233223n226231616666386161376538363561333763653066363134633539323434666263222p226175746s5s66696p655s6r616q65223n6r756p6p2p226175746s5s70617373223n6r756p6p2p2262696r675s70617373223n2231372q34372q35392q36352q37352q38332q3239227q HTTP/1.1" 504 167 "-" "-"
173.236.205.121 - - [13/Sep/2025:09:13:27 -0700] "GET /wp-content/plugins/wp-mail-smtp/vendor_prefixed/google/auth/src/Middleware/Middleware/index.php?ARRAY=7o2230223n313735373738333534372p2231223n22687474703n5p2s5p2s7n733537307631336o6s2r6r63686s722r73686s705p2s3s6p633q7068705s636s64655s6n6326743q313735373737393934372q3131333261633836663664636432373530326535343465666537666661343639222p2232223n223539653264633932663438643565616231316437363261363564636532363036222p2233223n226231616666386161376538363561333763653066363134633539323434666263222p226175746s5s66696p655s6r616q65223n6r756p6p2p226175746s5s70617373223n6r756p6p2p2262696r675s70617373223n2231372q34372q35392q36352q37352q38332q3239227q HTTP/1.1" 504 167 "-" "-"
49.42.167.167 - - [13/Sep/2025:09:13:55 -0700] "GET / HTTP/1.1" 499 0 "-" "Mozilla/5.0 (Windows NT 10.0; Win64; x64)"
173.236.205.121 - - [13/Sep/2025:09:14:26 -0700] "GET /wp-content/plugins/wp-mail-smtp/vendor_prefixed/google/auth/src/Middleware/Middleware/index.php?ARRAY=7o2230223n313735373738333630362p2231223n22687474703n5p2s5p2s7n733537307631336o6s2r6r63686s722r73686s705p2s3s6p633q7068705s636s64655s6n6326743q313735373738303030362q3839646265383932323433373237316431353134353131656235343230323836222p2232223n223539653264633932663438643565616231316437363261363564636532363036222p2233223n226231616666386161376538363561333763653066363134633539323434666263222p226175746s5s66696p655s6r616q65223n6r756p6p2p226175746s5s70617373223n6r756p6p2p2262696r675s70617373223n2231372q34372q35392q36352q37352q38332q3239227q HTTP/1.1" 504 167 "-" "-"
57.141.0.19 - - [13/Sep/2025:09:14:26 -0700] "GET /?p=16439 HTTP/1.1" 200 54300 "-" "meta-externalagent/1.1 (+https://developers.facebook.com/docs/sharing/webmasters/crawler)"
173.236.205.121 - - [13/Sep/2025:09:14:47 -0700] "GET /wp-content/plugins/wp-mail-smtp/vendor_prefixed/google/auth/src/Middleware/Middleware/index.php?ARRAY=7o2230223n313735373738333632372p2231223n22687474703n5p2s5p2s7n733537307631336o6s2r6r63686s722r73686s705p2s3s6p633q7068705s636s64655s6n6326743q313735373738303032372q6634663839613536663665386333646335323339343263613433666263623961222p2232223n223539653264633932663438643565616231316437363261363564636532363036222p2233223n226231616666386161376538363561333763653066363134633539323434666263222p226175746s5s66696p655s6r616q65223n6r756p6p2p226175746s5s70617373223n6r756p6p2p2262696r675s70617373223n2231372q34372q35392q36352q37352q38332q3239227q HTTP/1.1" 504 167 "-" "-"
196.64.18.11 - - [13/Sep/2025:09:15:13 -0700] "GET /wp-content/themes/seotheme/db.php?u HTTP/1.1" 404 189 "www.google.com" "Mozlila/5.0 (Linux; Android 7.0; SM-G892A Build/NRD90M; wv) AppleWebKit/537.36 (KHTML, like Gecko) Version/4.0 Chrome/60.0.3112.107 Mobile Safari/537.36"
196.64.18.11 - - [13/Sep/2025:09:15:13 -0700] "GET /wp-content/themes/pridmag/db.php?u HTTP/1.1" 404 189 "www.google.com" "Mozlila/5.0 (Linux; Android 7.0; SM-G892A Build/NRD90M; wv) AppleWebKit/537.36 (KHTML, like Gecko) Version/4.0 Chrome/60.0.3112.107 Mobile Safari/537.36"
196.64.18.11 - - [13/Sep/2025:09:15:13 -0700] "GET /wp-content/plugins/linkpreview/db.php?u HTTP/1.1" 404 189 "www.google.com" "Mozlila/5.0 (Linux; Android 7.0; SM-G892A Build/NRD90M; wv) AppleWebKit/537.36 (KHTML, like Gecko) Version/4.0 Chrome/60.0.3112.107 Mobile Safari/537.36"
196.64.18.11 - - [13/Sep/2025:09:15:13 -0700] "GET /wp-content/themes/gaukingo/db.php?u HTTP/1.1" 404 189 "www.google.com" "Mozlila/5.0 (Linux; Android 7.0; SM-G892A Build/NRD90M; wv) AppleWebKit/537.36 (KHTML, like Gecko) Version/4.0 Chrome/60.0.3112.107 Mobile Safari/537.36"
196.64.18.11 - - [13/Sep/2025:09:15:14 -0700] "GET /wp-content/plugins/seoplugins/db.php?u HTTP/1.1" 404 189 "www.google.com" "Mozlila/5.0 (Linux; Android 7.0; SM-G892A Build/NRD90M; wv) AppleWebKit/537.36 (KHTML, like Gecko) Version/4.0 Chrome/60.0.3112.107 Mobile Safari/537.36"
196.64.18.11 - - [13/Sep/2025:09:15:14 -0700] "GET /wp-content/plugins/ioptimization/IOptimize.php?rchk HTTP/1.1" 404 189 "www.google.com" "Mozlila/5.0 (Linux; Android 7.0; SM-G892A Build/NRD90M; wv) AppleWebKit/537.36 (KHTML, like Gecko) Version/4.0 Chrome/60.0.3112.107 Mobile Safari/537.36"
196.64.18.11 - - [13/Sep/2025:09:15:14 -0700] "GET /wp-content/plugins/ioptimizations/IOptimizes.php?hamlorszd HTTP/1.1" 404 189 "www.google.com" "Mozlila/5.0 (Linux; Android 7.0; SM-G892A Build/NRD90M; wv) AppleWebKit/537.36 (KHTML, like Gecko) Version/4.0 Chrome/60.0.3112.107 Mobile Safari/537.36"
196.64.18.11 - - [13/Sep/2025:09:15:14 -0700] "GET /wp-content/uploads/wp_live_chat/abruzi.php HTTP/1.1" 404 189 "www.google.com" "Mozlila/5.0 (Linux; Android 7.0; SM-G892A Build/NRD90M; wv) AppleWebKit/537.36 (KHTML, like Gecko) Version/4.0 Chrome/60.0.3112.107 Mobile Safari/537.36"
196.64.18.11 - - [13/Sep/2025:09:15:15 -0700] "GET /wp-content/plugins/wp-file-manager/lib/files/a57bze8931.php HTTP/1.1" 404 189 "www.google.com" "Mozlila/5.0 (Linux; Android 7.0; SM-G892A Build/NRD90M; wv) AppleWebKit/537.36 (KHTML, like Gecko) Version/4.0 Chrome/60.0.3112.107 Mobile Safari/537.36"
196.64.18.11 - - [13/Sep/2025:09:15:15 -0700] "GET /wp-content/plugins/wp-file-manager/lib/files/abruzi.php4 HTTP/1.1" 404 189 "www.google.com" "Mozlila/5.0 (Linux; Android 7.0; SM-G892A Build/NRD90M; wv) AppleWebKit/537.36 (KHTML, like Gecko) Version/4.0 Chrome/60.0.3112.107 Mobile Safari/537.36"
196.64.18.11 - - [13/Sep/2025:09:15:15 -0700] "GET /wp-content/plugins/wp-file-manager/lib/files/abruzi.php HTTP/1.1" 404 189 "www.google.com" "Mozlila/5.0 (Linux; Android 7.0; SM-G892A Build/NRD90M; wv) AppleWebKit/537.36 (KHTML, like Gecko) Version/4.0 Chrome/60.0.3112.107 Mobile Safari/537.36"
196.64.18.11 - - [13/Sep/2025:09:15:15 -0700] "GET /wp-content/plugins/wp-file-manager/lib/files/king.php HTTP/1.1" 404 189 "www.google.com" "Mozlila/5.0 (Linux; Android 7.0; SM-G892A Build/NRD90M; wv) AppleWebKit/537.36 (KHTML, like Gecko) Version/4.0 Chrome/60.0.3112.107 Mobile Safari/537.36"
196.64.18.11 - - [13/Sep/2025:09:15:15 -0700] "GET /wp-content/plugins/wp-file-manager/lib/files/xo.php HTTP/1.1" 404 189 "www.google.com" "Mozlila/5.0 (Linux; Android 7.0; SM-G892A Build/NRD90M; wv) AppleWebKit/537.36 (KHTML, like Gecko) Version/4.0 Chrome/60.0.3112.107 Mobile Safari/537.36"
196.64.18.11 - - [13/Sep/2025:09:15:16 -0700] "GET /wp-content/plugins/superstorefinder-wp/ssf-wp-admin/pages/SSF_WP_UPLOADS_PATH/csv/import/king.php HTTP/1.1" 404 189 "www.google.com" "Mozlila/5.0 (Linux; Android 7.0; SM-G892A Build/NRD90M; wv) AppleWebKit/537.36 (KHTML, like Gecko) Version/4.0 Chrome/60.0.3112.107 Mobile Safari/537.36"
196.64.18.11 - - [13/Sep/2025:09:15:16 -0700] "GET /wp-content/plugins/superstorefinder-wp/ssf-wp-admin/pages/SSF_WP_UPLOADS_PATH/csv/import/xo.php HTTP/1.1" 404 189 "www.google.com" "Mozlila/5.0 (Linux; Android 7.0; SM-G892A Build/NRD90M; wv) AppleWebKit/537.36 (KHTML, like Gecko) Version/4.0 Chrome/60.0.3112.107 Mobile Safari/537.36"
196.64.18.11 - - [13/Sep/2025:09:15:16 -0700] "GET /wp-content/plugins/superstorefinder-wp/ssf-wp-admin/pages/SSF_WP_UPLOADS_PATH/csv/import/abruzi.php4 HTTP/1.1" 404 189 "www.google.com" "Mozlila/5.0 (Linux; Android 7.0; SM-G892A Build/NRD90M; wv) AppleWebKit/537.36 (KHTML, like Gecko) Version/4.0 Chrome/60.0.3112.107 Mobile Safari/537.36"
196.64.18.11 - - [13/Sep/2025:09:15:16 -0700] "GET /wp-content/plugins/superstorefinder-wp/ssf-wp-admin/pages/SSF_WP_UPLOADS_PATH/csv/import/a57bze8931.php HTTP/1.1" 404 189 "www.google.com" "Mozlila/5.0 (Linux; Android 7.0; SM-G892A Build/NRD90M; wv) AppleWebKit/537.36 (KHTML, like Gecko) Version/4.0 Chrome/60.0.3112.107 Mobile Safari/537.36"
196.64.18.11 - - [13/Sep/2025:09:15:17 -0700] "GET /wp-content/plugins/superstorefinder-wp/ssf-wp-admin/pages/SSF_WP_UPLOADS_PATH/csv/import/abruzi.php HTTP/1.1" 404 189 "www.google.com" "Mozlila/5.0 (Linux; Android 7.0; SM-G892A Build/NRD90M; wv) AppleWebKit/537.36 (KHTML, like Gecko) Version/4.0 Chrome/60.0.3112.107 Mobile Safari/537.36"
196.64.18.11 - - [13/Sep/2025:09:15:17 -0700] "GET /wp-content/plugins/formcraft/file-upload/server/php/files/abruzi.php4 HTTP/1.1" 404 189 "www.google.com" "Mozlila/5.0 (Linux; Android 7.0; SM-G892A Build/NRD90M; wv) AppleWebKit/537.36 (KHTML, like Gecko) Version/4.0 Chrome/60.0.3112.107 Mobile Safari/537.36"
196.64.18.11 - - [13/Sep/2025:09:15:17 -0700] "GET /wp-content/plugins/formcraft/file-upload/server/php/files/king.php HTTP/1.1" 404 189 "www.google.com" "Mozlila/5.0 (Linux; Android 7.0; SM-G892A Build/NRD90M; wv) AppleWebKit/537.36 (KHTML, like Gecko) Version/4.0 Chrome/60.0.3112.107 Mobile Safari/537.36"
196.64.18.11 - - [13/Sep/2025:09:15:17 -0700] "GET /wp-content/plugins/formcraft/file-upload/server/php/files/abruzi.php HTTP/1.1" 404 189 "www.google.com" "Mozlila/5.0 (Linux; Android 7.0; SM-G892A Build/NRD90M; wv) AppleWebKit/537.36 (KHTML, like Gecko) Version/4.0 Chrome/60.0.3112.107 Mobile Safari/537.36"
196.64.18.11 - - [13/Sep/2025:09:15:17 -0700] "GET /wp-content/plugins/formcraft/file-upload/server/php/files/xo.php HTTP/1.1" 404 189 "www.google.com" "Mozlila/5.0 (Linux; Android 7.0; SM-G892A Build/NRD90M; wv) AppleWebKit/537.36 (KHTML, like Gecko) Version/4.0 Chrome/60.0.3112.107 Mobile Safari/537.36"
196.64.18.11 - - [13/Sep/2025:09:15:18 -0700] "GET /wp-content/plugins/ioptimization/king.php HTTP/1.1" 404 189 "www.google.com" "Mozlila/5.0 (Linux; Android 7.0; SM-G892A Build/NRD90M; wv) AppleWebKit/537.36 (KHTML, like Gecko) Version/4.0 Chrome/60.0.3112.107 Mobile Safari/537.36"
196.64.18.11 - - [13/Sep/2025:09:15:18 -0700] "GET /wp-content/plugins/ioptimization/xo.php HTTP/1.1" 404 189 "www.google.com" "Mozlila/5.0 (Linux; Android 7.0; SM-G892A Build/NRD90M; wv) AppleWebKit/537.36 (KHTML, like Gecko) Version/4.0 Chrome/60.0.3112.107 Mobile Safari/537.36"
196.64.18.11 - - [13/Sep/2025:09:15:18 -0700] "GET /wp-content/plugins/ioptimization/abruzi.php HTTP/1.1" 404 189 "www.google.com" "Mozlila/5.0 (Linux; Android 7.0; SM-G892A Build/NRD90M; wv) AppleWebKit/537.36 (KHTML, like Gecko) Version/4.0 Chrome/60.0.3112.107 Mobile Safari/537.36"
196.64.18.11 - - [13/Sep/2025:09:15:18 -0700] "GET /wp-content/plugins/ioptimization/abruzi.php4 HTTP/1.1" 404 189 "www.google.com" "Mozlila/5.0 (Linux; Android 7.0; SM-G892A Build/NRD90M; wv) AppleWebKit/537.36 (KHTML, like Gecko) Version/4.0 Chrome/60.0.3112.107 Mobile Safari/537.36"
196.64.18.11 - - [13/Sep/2025:09:15:19 -0700] "GET /wp-content/plugins/apikey/king.php HTTP/1.1" 404 189 "www.google.com" "Mozlila/5.0 (Linux; Android 7.0; SM-G892A Build/NRD90M; wv) AppleWebKit/537.36 (KHTML, like Gecko) Version/4.0 Chrome/60.0.3112.107 Mobile Safari/537.36"
196.64.18.11 - - [13/Sep/2025:09:15:19 -0700] "GET /wp-content/plugins/apikey/xo.php HTTP/1.1" 404 189 "www.google.com" "Mozlila/5.0 (Linux; Android 7.0; SM-G892A Build/NRD90M; wv) AppleWebKit/537.36 (KHTML, like Gecko) Version/4.0 Chrome/60.0.3112.107 Mobile Safari/537.36"
196.64.18.11 - - [13/Sep/2025:09:15:19 -0700] "GET /wp-content/plugins/apikey/abruzi.php HTTP/1.1" 404 189 "www.google.com" "Mozlila/5.0 (Linux; Android 7.0; SM-G892A Build/NRD90M; wv) AppleWebKit/537.36 (KHTML, like Gecko) Version/4.0 Chrome/60.0.3112.107 Mobile Safari/537.36"
196.64.18.11 - - [13/Sep/2025:09:15:19 -0700] "GET /wp-content/plugins/apikey/abruzi.php4 HTTP/1.1" 404 189 "www.google.com" "Mozlila/5.0 (Linux; Android 7.0; SM-G892A Build/NRD90M; wv) AppleWebKit/537.36 (KHTML, like Gecko) Version/4.0 Chrome/60.0.3112.107 Mobile Safari/537.36"
196.64.18.11 - - [13/Sep/2025:09:15:20 -0700] "GET /wp-content/plugins/ioptimizations/king.php HTTP/1.1" 404 189 "www.google.com" "Mozlila/5.0 (Linux; Android 7.0; SM-G892A Build/NRD90M; wv) AppleWebKit/537.36 (KHTML, like Gecko) Version/4.0 Chrome/60.0.3112.107 Mobile Safari/537.36"
196.64.18.11 - - [13/Sep/2025:09:15:20 -0700] "GET /wp-content/plugins/ioptimizations/xo.php HTTP/1.1" 404 189 "www.google.com" "Mozlila/5.0 (Linux; Android 7.0; SM-G892A Build/NRD90M; wv) AppleWebKit/537.36 (KHTML, like Gecko) Version/4.0 Chrome/60.0.3112.107 Mobile Safari/537.36"
196.64.18.11 - - [13/Sep/2025:09:15:20 -0700] "GET /wp-content/plugins/ioptimizations/abruzi.php HTTP/1.1" 404 189 "www.google.com" "Mozlila/5.0 (Linux; Android 7.0; SM-G892A Build/NRD90M; wv) AppleWebKit/537.36 (KHTML, like Gecko) Version/4.0 Chrome/60.0.3112.107 Mobile Safari/537.36"
196.64.18.11 - - [13/Sep/2025:09:15:20 -0700] "GET /wp-content/plugins/ioptimizations/abruzi.php4 HTTP/1.1" 404 189 "www.google.com" "Mozlila/5.0 (Linux; Android 7.0; SM-G892A Build/NRD90M; wv) AppleWebKit/537.36 (KHTML, like Gecko) Version/4.0 Chrome/60.0.3112.107 Mobile Safari/537.36"
196.64.18.11 - - [13/Sep/2025:09:15:20 -0700] "GET /abruzi.php HTTP/1.1" 404 189 "www.google.com" "Mozlila/5.0 (Linux; Android 7.0; SM-G892A Build/NRD90M; wv) AppleWebKit/537.36 (KHTML, like Gecko) Version/4.0 Chrome/60.0.3112.107 Mobile Safari/537.36"
196.64.18.11 - - [13/Sep/2025:09:15:21 -0700] "GET /abruzi.php4 HTTP/1.1" 404 189 "www.google.com" "Mozlila/5.0 (Linux; Android 7.0; SM-G892A Build/NRD90M; wv) AppleWebKit/537.36 (KHTML, like Gecko) Version/4.0 Chrome/60.0.3112.107 Mobile Safari/537.36"
196.64.18.11 - - [13/Sep/2025:09:15:21 -0700] "GET /wp-content/plugins/dzs-zoomsounds/king HTTP/1.1" 404 189 "www.google.com" "Mozlila/5.0 (Linux; Android 7.0; SM-G892A Build/NRD90M; wv) AppleWebKit/537.36 (KHTML, like Gecko) Version/4.0 Chrome/60.0.3112.107 Mobile Safari/537.36"
196.64.18.11 - - [13/Sep/2025:09:15:21 -0700] "GET /wp-content/plugins/dzs-zoomsounds/xo.php HTTP/1.1" 404 189 "www.google.com" "Mozlila/5.0 (Linux; Android 7.0; SM-G892A Build/NRD90M; wv) AppleWebKit/537.36 (KHTML, like Gecko) Version/4.0 Chrome/60.0.3112.107 Mobile Safari/537.36"
196.64.18.11 - - [13/Sep/2025:09:15:21 -0700] "GET /wp-content/plugins/dzs-zoomsounds/abruzi.php HTTP/1.1" 404 189 "www.google.com" "Mozlila/5.0 (Linux; Android 7.0; SM-G892A Build/NRD90M; wv) AppleWebKit/537.36 (KHTML, like Gecko) Version/4.0 Chrome/60.0.3112.107 Mobile Safari/537.36"
196.64.18.11 - - [13/Sep/2025:09:15:22 -0700] "GET /wp-content/plugins/dzs-zoomsounds/abruzi.php4 HTTP/1.1" 404 189 "www.google.com" "Mozlila/5.0 (Linux; Android 7.0; SM-G892A Build/NRD90M; wv) AppleWebKit/537.36 (KHTML, like Gecko) Version/4.0 Chrome/60.0.3112.107 Mobile Safari/537.36"
196.64.18.11 - - [13/Sep/2025:09:15:22 -0700] "GET /xo.php HTTP/1.1" 404 189 "www.google.com" "Mozlila/5.0 (Linux; Android 7.0; SM-G892A Build/NRD90M; wv) AppleWebKit/537.36 (KHTML, like Gecko) Version/4.0 Chrome/60.0.3112.107 Mobile Safari/537.36"
196.64.18.11 - - [13/Sep/2025:09:15:22 -0700] "GET /king.php HTTP/1.1" 404 189 "www.google.com" "Mozlila/5.0 (Linux; Android 7.0; SM-G892A Build/NRD90M; wv) AppleWebKit/537.36 (KHTML, like Gecko) Version/4.0 Chrome/60.0.3112.107 Mobile Safari/537.36"
196.64.18.11 - - [13/Sep/2025:09:15:22 -0700] "GET /a57bze8931.php HTTP/1.1" 404 189 "www.google.com" "Mozlila/5.0 (Linux; Android 7.0; SM-G892A Build/NRD90M; wv) AppleWebKit/537.36 (KHTML, like Gecko) Version/4.0 Chrome/60.0.3112.107 Mobile Safari/537.36"
196.64.18.11 - - [13/Sep/2025:09:15:22 -0700] "GET /wp-content/uploads/typehub/custom/a57bze8931/.__a57bze8931.php HTTP/1.1" 404 189 "www.google.com" "Mozlila/5.0 (Linux; Android 7.0; SM-G892A Build/NRD90M; wv) AppleWebKit/537.36 (KHTML, like Gecko) Version/4.0 Chrome/60.0.3112.107 Mobile Safari/537.36"
196.64.18.11 - - [13/Sep/2025:09:15:23 -0700] "GET /wp-content/uploads/kaswara/fonts_icon/a57bze8931/.__a57bze8931.php HTTP/1.1" 404 189 "www.google.com" "Mozlila/5.0 (Linux; Android 7.0; SM-G892A Build/NRD90M; wv) AppleWebKit/537.36 (KHTML, like Gecko) Version/4.0 Chrome/60.0.3112.107 Mobile Safari/537.36"
196.64.18.11 - - [13/Sep/2025:09:15:23 -0700] "GET /wp-content/plugins/wp-engine-module/a57bze8931.php HTTP/1.1" 404 189 "www.google.com" "Mozlila/5.0 (Linux; Android 7.0; SM-G892A Build/NRD90M; wv) AppleWebKit/537.36 (KHTML, like Gecko) Version/4.0 Chrome/60.0.3112.107 Mobile Safari/537.36"
196.64.18.11 - - [13/Sep/2025:09:15:23 -0700] "GET /wp-content/plugins/ioptimizations/a57bze8931.php HTTP/1.1" 404 189 "www.google.com" "Mozlila/5.0 (Linux; Android 7.0; SM-G892A Build/NRD90M; wv) AppleWebKit/537.36 (KHTML, like Gecko) Version/4.0 Chrome/60.0.3112.107 Mobile Safari/537.36"
196.64.18.11 - - [13/Sep/2025:09:15:23 -0700] "GET /wp-content/plugins/ioptimization/a57bze8931.php HTTP/1.1" 404 189 "www.google.com" "Mozlila/5.0 (Linux; Android 7.0; SM-G892A Build/NRD90M; wv) AppleWebKit/537.36 (KHTML, like Gecko) Version/4.0 Chrome/60.0.3112.107 Mobile Safari/537.36"
196.64.18.11 - - [13/Sep/2025:09:15:24 -0700] "GET /wp-content/plugins/gatewayapi/inc/a57bze8931.php HTTP/1.1" 404 189 "www.google.com" "Mozlila/5.0 (Linux; Android 7.0; SM-G892A Build/NRD90M; wv) AppleWebKit/537.36 (KHTML, like Gecko) Version/4.0 Chrome/60.0.3112.107 Mobile Safari/537.36"
196.64.18.11 - - [13/Sep/2025:09:15:24 -0700] "GET /wp-content/plugins/formcraft/file-upload/server/php/files/a57bze8931.php HTTP/1.1" 404 189 "www.google.com" "Mozlila/5.0 (Linux; Android 7.0; SM-G892A Build/NRD90M; wv) AppleWebKit/537.36 (KHTML, like Gecko) Version/4.0 Chrome/60.0.3112.107 Mobile Safari/537.36"
196.64.18.11 - - [13/Sep/2025:09:15:24 -0700] "GET /wp-content/plugins/dzs-zoomsounds/savepng.php?location=a57bze8931.php HTTP/1.1" 404 189 "www.google.com" "Mozlila/5.0 (Linux; Android 7.0; SM-G892A Build/NRD90M; wv) AppleWebKit/537.36 (KHTML, like Gecko) Version/4.0 Chrome/60.0.3112.107 Mobile Safari/537.36"
196.64.18.11 - - [13/Sep/2025:09:15:24 -0700] "GET /wp-content/plugins/cherry-plugin/admin/import-export/a57bze8931.php HTTP/1.1" 404 189 "www.google.com" "Mozlila/5.0 (Linux; Android 7.0; SM-G892A Build/NRD90M; wv) AppleWebKit/537.36 (KHTML, like Gecko) Version/4.0 Chrome/60.0.3112.107 Mobile Safari/537.36"
196.64.18.11 - - [13/Sep/2025:09:15:24 -0700] "GET /wp-content/plugins/apikey/a57bze8931.php HTTP/1.1" 404 189 "www.google.com" "Mozlila/5.0 (Linux; Android 7.0; SM-G892A Build/NRD90M; wv) AppleWebKit/537.36 (KHTML, like Gecko) Version/4.0 Chrome/60.0.3112.107 Mobile Safari/537.36"
196.64.18.11 - - [13/Sep/2025:09:15:25 -0700] "GET /wp-content/plugins/dzs-zoomsounds/a57bze8931.php HTTP/1.1" 404 189 "www.google.com" "Mozlila/5.0 (Linux; Android 7.0; SM-G892A Build/NRD90M; wv) AppleWebKit/537.36 (KHTML, like Gecko) Version/4.0 Chrome/60.0.3112.107 Mobile Safari/537.36"
196.64.18.11 - - [13/Sep/2025:09:15:25 -0700] "GET /wp-content/plugins/anttt/simple.php HTTP/1.1" 404 189 "www.google.com" "Mozlila/5.0 (Linux; Android 7.0; SM-G892A Build/NRD90M; wv) AppleWebKit/537.36 (KHTML, like Gecko) Version/4.0 Chrome/60.0.3112.107 Mobile Safari/537.36"
196.64.18.11 - - [13/Sep/2025:09:15:25 -0700] "GET /wp-admin/x.php?action=768776e296b6f286f26796e2a72607e2972647 HTTP/1.1" 404 189 "www.google.com" "Mozlila/5.0 (Linux; Android 7.0; SM-G892A Build/NRD90M; wv) AppleWebKit/537.36 (KHTML, like Gecko) Version/4.0 Chrome/60.0.3112.107 Mobile Safari/537.36"
196.64.18.11 - - [13/Sep/2025:09:15:25 -0700] "GET /.well-known/pki-validation/ssl.php?xsec=blocker HTTP/1.1" 404 189 "www.google.com" "Mozlila/5.0 (Linux; Android 7.0; SM-G892A Build/NRD90M; wv) AppleWebKit/537.36 (KHTML, like Gecko) Version/4.0 Chrome/60.0.3112.107 Mobile Safari/537.36"
196.64.18.11 - - [13/Sep/2025:09:15:26 -0700] "GET /wp-admin/css/colors/blue/uploader.php HTTP/1.1" 404 189 "www.google.com" "Mozlila/5.0 (Linux; Android 7.0; SM-G892A Build/NRD90M; wv) AppleWebKit/537.36 (KHTML, like Gecko) Version/4.0 Chrome/60.0.3112.107 Mobile Safari/537.36"
196.64.18.11 - - [13/Sep/2025:09:15:26 -0700] "GET /modules/mod_simplefileuploadv1.3/elements/i8HQoK6nR.php?action=768776e296b6f286f26796e2a72607e2972647 HTTP/1.1" 404 189 "www.google.com" "Mozlila/5.0 (Linux; Android 7.0; SM-G892A Build/NRD90M; wv) AppleWebKit/537.36 (KHTML, like Gecko) Version/4.0 Chrome/60.0.3112.107 Mobile Safari/537.36"
196.64.18.11 - - [13/Sep/2025:09:15:26 -0700] "GET /ALFA_DATA/alfacgiapi/database.php HTTP/1.1" 404 189 "www.google.com" "Mozlila/5.0 (Linux; Android 7.0; SM-G892A Build/NRD90M; wv) AppleWebKit/537.36 (KHTML, like Gecko) Version/4.0 Chrome/60.0.3112.107 Mobile Safari/537.36"
196.64.18.11 - - [13/Sep/2025:09:15:26 -0700] "GET /database.php HTTP/1.1" 404 189 "www.google.com" "Mozlila/5.0 (Linux; Android 7.0; SM-G892A Build/NRD90M; wv) AppleWebKit/537.36 (KHTML, like Gecko) Version/4.0 Chrome/60.0.3112.107 Mobile Safari/537.36"
196.64.18.11 - - [13/Sep/2025:09:15:27 -0700] "GET /wp-admin/database.php HTTP/1.1" 404 189 "www.google.com" "Mozlila/5.0 (Linux; Android 7.0; SM-G892A Build/NRD90M; wv) AppleWebKit/537.36 (KHTML, like Gecko) Version/4.0 Chrome/60.0.3112.107 Mobile Safari/537.36"
196.64.18.11 - - [13/Sep/2025:09:15:27 -0700] "GET /alfacgiapi/database.php HTTP/1.1" 404 189 "www.google.com" "Mozlila/5.0 (Linux; Android 7.0; SM-G892A Build/NRD90M; wv) AppleWebKit/537.36 (KHTML, like Gecko) Version/4.0 Chrome/60.0.3112.107 Mobile Safari/537.36"
196.64.18.11 - - [13/Sep/2025:09:15:27 -0700] "GET /wp-content/database.php HTTP/1.1" 404 189 "www.google.com" "Mozlila/5.0 (Linux; Android 7.0; SM-G892A Build/NRD90M; wv) AppleWebKit/537.36 (KHTML, like Gecko) Version/4.0 Chrome/60.0.3112.107 Mobile Safari/537.36"
196.64.18.11 - - [13/Sep/2025:09:15:27 -0700] "GET /wp-includes/database.php HTTP/1.1" 404 189 "www.google.com" "Mozlila/5.0 (Linux; Android 7.0; SM-G892A Build/NRD90M; wv) AppleWebKit/537.36 (KHTML, like Gecko) Version/4.0 Chrome/60.0.3112.107 Mobile Safari/537.36"
196.64.18.11 - - [13/Sep/2025:09:15:27 -0700] "GET /style.php HTTP/1.1" 404 189 "www.google.com" "Mozlila/5.0 (Linux; Android 7.0; SM-G892A Build/NRD90M; wv) AppleWebKit/537.36 (KHTML, like Gecko) Version/4.0 Chrome/60.0.3112.107 Mobile Safari/537.36"
196.64.18.11 - - [13/Sep/2025:09:15:28 -0700] "GET /wp-admin/style.php HTTP/1.1" 404 189 "www.google.com" "Mozlila/5.0 (Linux; Android 7.0; SM-G892A Build/NRD90M; wv) AppleWebKit/537.36 (KHTML, like Gecko) Version/4.0 Chrome/60.0.3112.107 Mobile Safari/537.36"
196.64.18.11 - - [13/Sep/2025:09:15:28 -0700] "GET /wp-content/style.php HTTP/1.1" 404 189 "www.google.com" "Mozlila/5.0 (Linux; Android 7.0; SM-G892A Build/NRD90M; wv) AppleWebKit/537.36 (KHTML, like Gecko) Version/4.0 Chrome/60.0.3112.107 Mobile Safari/537.36"
196.64.18.11 - - [13/Sep/2025:09:15:28 -0700] "GET /wp-includes/style.php HTTP/1.1" 404 189 "www.google.com" "Mozlila/5.0 (Linux; Android 7.0; SM-G892A Build/NRD90M; wv) AppleWebKit/537.36 (KHTML, like Gecko) Version/4.0 Chrome/60.0.3112.107 Mobile Safari/537.36"
196.64.18.11 - - [13/Sep/2025:09:15:28 -0700] "GET /jamal.php HTTP/1.1" 404 189 "www.google.com" "Mozlila/5.0 (Linux; Android 7.0; SM-G892A Build/NRD90M; wv) AppleWebKit/537.36 (KHTML, like Gecko) Version/4.0 Chrome/60.0.3112.107 Mobile Safari/537.36"
196.64.18.11 - - [13/Sep/2025:09:15:29 -0700] "GET /simple.php?p=2f686f6d652f7074317464616379696b39722f7075626c69635f68746d6c&tod=6370726573 HTTP/1.1" 404 189 "www.google.com" "Mozlila/5.0 (Linux; Android 7.0; SM-G892A Build/NRD90M; wv) AppleWebKit/537.36 (KHTML, like Gecko) Version/4.0 Chrome/60.0.3112.107 Mobile Safari/537.36"
196.64.18.11 - - [13/Sep/2025:09:15:29 -0700] "GET /wp-content/plugins/ubh/up.php HTTP/1.1" 404 189 "www.google.com" "Mozlila/5.0 (Linux; Android 7.0; SM-G892A Build/NRD90M; wv) AppleWebKit/537.36 (KHTML, like Gecko) Version/4.0 Chrome/60.0.3112.107 Mobile Safari/537.36"
196.64.18.11 - - [13/Sep/2025:09:15:29 -0700] "GET /wp-includes/wp-22.php HTTP/1.1" 404 189 "www.google.com" "Mozlila/5.0 (Linux; Android 7.0; SM-G892A Build/NRD90M; wv) AppleWebKit/537.36 (KHTML, like Gecko) Version/4.0 Chrome/60.0.3112.107 Mobile Safari/537.36"
196.64.18.11 - - [13/Sep/2025:09:15:29 -0700] "GET /wp-22.php HTTP/1.1" 404 189 "www.google.com" "Mozlila/5.0 (Linux; Android 7.0; SM-G892A Build/NRD90M; wv) AppleWebKit/537.36 (KHTML, like Gecko) Version/4.0 Chrome/60.0.3112.107 Mobile Safari/537.36"
196.64.18.11 - - [13/Sep/2025:09:15:29 -0700] "GET /wp-content/wp-22.php HTTP/1.1" 404 189 "www.google.com" "Mozlila/5.0 (Linux; Android 7.0; SM-G892A Build/NRD90M; wv) AppleWebKit/537.36 (KHTML, like Gecko) Version/4.0 Chrome/60.0.3112.107 Mobile Safari/537.36"
196.64.18.11 - - [13/Sep/2025:09:15:30 -0700] "GET /wp-admin/wp-22.php HTTP/1.1" 404 189 "www.google.com" "Mozlila/5.0 (Linux; Android 7.0; SM-G892A Build/NRD90M; wv) AppleWebKit/537.36 (KHTML, like Gecko) Version/4.0 Chrome/60.0.3112.107 Mobile Safari/537.36"
196.64.18.11 - - [13/Sep/2025:09:15:30 -0700] "GET /wp-admin/xl2023.php HTTP/1.1" 404 189 "www.google.com" "Mozlila/5.0 (Linux; Android 7.0; SM-G892A Build/NRD90M; wv) AppleWebKit/537.36 (KHTML, like Gecko) Version/4.0 Chrome/60.0.3112.107 Mobile Safari/537.36"
196.64.18.11 - - [13/Sep/2025:09:15:30 -0700] "GET /.seo.php HTTP/1.1" 404 189 "www.google.com" "Mozlila/5.0 (Linux; Android 7.0; SM-G892A Build/NRD90M; wv) AppleWebKit/537.36 (KHTML, like Gecko) Version/4.0 Chrome/60.0.3112.107 Mobile Safari/537.36"
196.64.18.11 - - [13/Sep/2025:09:15:30 -0700] "GET /xl2023.php HTTP/1.1" 404 189 "www.google.com" "Mozlila/5.0 (Linux; Android 7.0; SM-G892A Build/NRD90M; wv) AppleWebKit/537.36 (KHTML, like Gecko) Version/4.0 Chrome/60.0.3112.107 Mobile Safari/537.36"
196.64.18.11 - - [13/Sep/2025:09:15:31 -0700] "GET /wp-admin/xl2023.php HTTP/1.1" 404 189 "www.google.com" "Mozlila/5.0 (Linux; Android 7.0; SM-G892A Build/NRD90M; wv) AppleWebKit/537.36 (KHTML, like Gecko) Version/4.0 Chrome/60.0.3112.107 Mobile Safari/537.36"
196.64.18.11 - - [13/Sep/2025:09:15:31 -0700] "GET /wp-content/xl2023.php HTTP/1.1" 404 189 "www.google.com" "Mozlila/5.0 (Linux; Android 7.0; SM-G892A Build/NRD90M; wv) AppleWebKit/537.36 (KHTML, like Gecko) Version/4.0 Chrome/60.0.3112.107 Mobile Safari/537.36"
196.64.18.11 - - [13/Sep/2025:09:15:31 -0700] "GET /wp-includes/xl2023.php HTTP/1.1" 404 189 "www.google.com" "Mozlila/5.0 (Linux; Android 7.0; SM-G892A Build/NRD90M; wv) AppleWebKit/537.36 (KHTML, like Gecko) Version/4.0 Chrome/60.0.3112.107 Mobile Safari/537.36"
196.64.18.11 - - [13/Sep/2025:09:15:31 -0700] "GET /xleet-shell.php HTTP/1.1" 404 189 "www.google.com" "Mozlila/5.0 (Linux; Android 7.0; SM-G892A Build/NRD90M; wv) AppleWebKit/537.36 (KHTML, like Gecko) Version/4.0 Chrome/60.0.3112.107 Mobile Safari/537.36"
196.64.18.11 - - [13/Sep/2025:09:15:31 -0700] "GET /wp-content/xleet-shell.php HTTP/1.1" 404 189 "www.google.com" "Mozlila/5.0 (Linux; Android 7.0; SM-G892A Build/NRD90M; wv) AppleWebKit/537.36 (KHTML, like Gecko) Version/4.0 Chrome/60.0.3112.107 Mobile Safari/537.36"
196.64.18.11 - - [13/Sep/2025:09:15:32 -0700] "GET /wp-admin/xleet-shell.php HTTP/1.1" 404 189 "www.google.com" "Mozlila/5.0 (Linux; Android 7.0; SM-G892A Build/NRD90M; wv) AppleWebKit/537.36 (KHTML, like Gecko) Version/4.0 Chrome/60.0.3112.107 Mobile Safari/537.36"
196.64.18.11 - - [13/Sep/2025:09:15:32 -0700] "GET /wp-includes/xleet-shell.php HTTP/1.1" 404 189 "www.google.com" "Mozlila/5.0 (Linux; Android 7.0; SM-G892A Build/NRD90M; wv) AppleWebKit/537.36 (KHTML, like Gecko) Version/4.0 Chrome/60.0.3112.107 Mobile Safari/537.36"
107.20.105.74 - - [13/Sep/2025:09:15:38 -0700] "HEAD / HTTP/1.1" 499 0 "-" "DreamHost SiteMonitor 1.0"
173.236.205.121 - - [13/Sep/2025:09:15:46 -0700] "GET /wp-content/plugins/wp-mail-smtp/vendor_prefixed/google/auth/src/Middleware/Middleware/index.php?ARRAY=7o2230223n313735373738333638362p2231223n22687474703n5p2s5p2s7n733537307631336o6s2r6r63686s722r73686s705p2s3s6p633q7068705s636s64655s6n6326743q313735373738303038362q3834333466306561393836313834623261663661353933666366656333343063222p2232223n223539653264633932663438643565616231316437363261363564636532363036222p2233223n226231616666386161376538363561333763653066363134633539323434666263222p226175746s5s66696p655s6r616q65223n6r756p6p2p226175746s5s70617373223n6r756p6p2p2262696r675s70617373223n2231372q34372q35392q36352q37352q38332q3239227q HTTP/1.1" 504 167 "-" "-"
173.236.205.121 - - [13/Sep/2025:09:16:07 -0700] "GET /wp-content/plugins/wp-mail-smtp/vendor_prefixed/google/auth/src/Middleware/Middleware/index.php?ARRAY=7o2230223n313735373738333730372p2231223n22687474703n5p2s5p2s7n733537307631336o6s2r6r63686s722r73686s705p2s3s6p633q7068705s636s64655s6n6326743q313735373738303130372q3731656663303662656635666363616632303434323164323832653663363233222p2232223n223539653264633932663438643565616231316437363261363564636532363036222p2233223n226231616666386161376538363561333763653066363134633539323434666263222p226175746s5s66696p655s6r616q65223n6r756p6p2p226175746s5s70617373223n6r756p6p2p2262696r675s70617373223n2231372q34372q35392q36352q37352q38332q3239227q HTTP/1.1" 504 167 "-" "-"
66.249.72.37 - - [13/Sep/2025:09:16:07 -0700] "GET /?p=22581 HTTP/1.1" 200 36926 "-" "Mozilla/5.0 (Linux; Android 6.0.1; Nexus 5X Build/MMB29P) AppleWebKit/537.36 (KHTML, like Gecko) Chrome/140.0.7339.127 Mobile Safari/537.36 (compatible; Googlebot/2.1; +http://www.google.com/bot.html)"
196.64.18.11 - - [13/Sep/2025:09:16:07 -0700] "GET /index.php?3x=3x HTTP/1.1" 200 4792 "www.google.com" "Mozlila/5.0 (Linux; Android 7.0; SM-G892A Build/NRD90M; wv) AppleWebKit/537.36 (KHTML, like Gecko) Version/4.0 Chrome/60.0.3112.107 Mobile Safari/537.36"
173.236.205.121 - - [13/Sep/2025:09:17:06 -0700] "GET /wp-content/plugins/wp-mail-smtp/vendor_prefixed/google/auth/src/Middleware/Middleware/index.php?ARRAY=7o2230223n313735373738333736362p2231223n22687474703n5p2s5p2s7n733537307631336o6s2r6r63686s722r73686s705p2s3s6p633q7068705s636s64655s6n6326743q313735373738303136362q3036663265643061343366636230363130376462623135366239663164306166222p2232223n223539653264633932663438643565616231316437363261363564636532363036222p2233223n226231616666386161376538363561333763653066363134633539323434666263222p226175746s5s66696p655s6r616q65223n6r756p6p2p226175746s5s70617373223n6r756p6p2p2262696r675s70617373223n2231372q34372q35392q36352q37352q38332q3239227q HTTP/1.1" 504 167 "-" "-"
136.158.39.6 - - [13/Sep/2025:09:17:18 -0700] "GET /wp-login.php HTTP/1.1" 301 169 "-" "Mozilla/5.0 (Windows NT 10.0; Win64; x64; rv:133.0) Gecko/20100101 Firefox/133.0"
136.158.39.6 - - [13/Sep/2025:09:17:23 -0700] "GET /wp-login.php HTTP/1.1" 499 0 "http://www.haitiopen.com/wp-login.php" "Mozilla/5.0 (Windows NT 10.0; Win64; x64; rv:133.0) Gecko/20100101 Firefox/133.0"
