HEX
Server: Apache
System: Linux vps35971 6.8.0-79-generic #79~22.04.1-Ubuntu SMP PREEMPT_DYNAMIC Fri Aug 15 16:54:53 UTC 2 x86_64
User: haitiopendh (6209306)
PHP: 8.1.32
Disabled: NONE
Upload Files
File: /home/haitiopendh/logs/haitiopen.com/http/access.log.0
66.249.72.39 - - [13/Sep/2025:00:57:30 -0700] "GET /?p=7338 HTTP/1.1" 200 36866 "-" "Mozilla/5.0 (Linux; Android 6.0.1; Nexus 5X Build/MMB29P) AppleWebKit/537.36 (KHTML, like Gecko) Chrome/140.0.7339.127 Mobile Safari/537.36 (compatible; Googlebot/2.1; +http://www.google.com/bot.html)"
114.119.151.70 - - [13/Sep/2025:00:57:31 -0700] "GET /?p=16751 HTTP/1.1" 200 4734 "https://haitiopen.com/sitemap14.xml" "Mozilla/5.0 (Linux; Android 7.0;) AppleWebKit/537.36 (KHTML, like Gecko) Mobile Safari/537.36 (compatible; PetalBot;+https://webmaster.petalsearch.com/site/petalbot)"
114.119.146.100 - - [13/Sep/2025:00:59:05 -0700] "GET /?p=16243 HTTP/1.1" 200 4734 "https://haitiopen.com/sitemap14.xml" "Mozilla/5.0 (Linux; Android 7.0;) AppleWebKit/537.36 (KHTML, like Gecko) Mobile Safari/537.36 (compatible; PetalBot;+https://webmaster.petalsearch.com/site/petalbot)"
43.167.245.18 - - [13/Sep/2025:00:59:49 -0700] "GET /?fileloc=/home/haitiopendh/haitiopendh/wp-includes/blocks.php&path=/home/haitiopendh/haitiopendh/wp-includes HTTP/1.1" 200 33361 "-" "Mozilla/5.0 (iPhone; CPU iPhone OS 13_2_3 like Mac OS X) AppleWebKit/605.1.15 (KHTML, like Gecko) Version/13.0.3 Mobile/15E148 Safari/604.1"
107.20.105.74 - - [13/Sep/2025:00:59:53 -0700] "HEAD / HTTP/1.1" 200 0 "-" "DreamHost SiteMonitor 1.0"
51.195.201.11 - - [13/Sep/2025:01:00:06 -0700] "GET /wp-admin/includes/BDKR.txt HTTP/1.1" 404 189 "-" "Mozilla/5.0 (Windows NT 10.0; Win64; x64) AppleWebKit/537.36 (KHTML, like Gecko) Chrome/133.0.0.0 Safari/537.36 Edg/131.0.2903.86"
185.220.100.243 - - [13/Sep/2025:01:00:46 -0700] "GET /wp-admin/includes/BDKR.txt HTTP/1.1" 404 125 "-" "Mozilla/5.0 (Windows NT 6.3; Trident/7.0; rv:11.0) like Gecko"
51.195.201.11 - - [13/Sep/2025:01:00:47 -0700] "GET /wp-admin/includes/BDKR.txt HTTP/1.1" 404 125 "-" "Mozilla/5.0 (Windows NT 6.3; Trident/7.0; rv:11.0) like Gecko"
114.119.157.17 - - [13/Sep/2025:01:00:48 -0700] "GET /?p=16070 HTTP/1.1" 200 4734 "https://haitiopen.com/sitemap14.xml" "Mozilla/5.0 (Linux; Android 7.0;) AppleWebKit/537.36 (KHTML, like Gecko) Mobile Safari/537.36 (compatible; PetalBot;+https://webmaster.petalsearch.com/site/petalbot)"
103.131.71.46 - - [13/Sep/2025:01:00:49 -0700] "GET /robots.txt HTTP/1.1" 200 92 "-" "Mozilla/5.0 (compatible; coccocbot-image/1.0; +http://help.coccoc.com/searchengine)"
51.195.201.11 - - [13/Sep/2025:01:01:10 -0700] "HEAD / HTTP/1.1" 200 0 "-" "Mozilla/5.0 (Windows NT 6.3; Trident/7.0; rv:11.0) like Gecko"
114.119.154.161 - - [13/Sep/2025:01:02:32 -0700] "GET /?p=15979 HTTP/1.1" 200 4734 "https://haitiopen.com/sitemap14.xml" "Mozilla/5.0 (Linux; Android 7.0;) AppleWebKit/537.36 (KHTML, like Gecko) Mobile Safari/537.36 (compatible; PetalBot;+https://webmaster.petalsearch.com/site/petalbot)"
192.99.37.132 - - [13/Sep/2025:01:03:35 -0700] "GET /robots.txt HTTP/1.1" 200 92 "-" "Mozilla/5.0 (compatible; MJ12bot/v1.4.8; http://mj12bot.com/)"
192.99.37.132 - - [13/Sep/2025:01:03:39 -0700] "GET /?fileloc=//sbin/fsck.xfs&path=//sbin HTTP/1.1" 200 4037 "-" "Mozilla/5.0 (compatible; MJ12bot/v1.4.8; http://mj12bot.com/)"
192.99.37.132 - - [13/Sep/2025:01:03:43 -0700] "GET /?fileloc=/home/haitiopendh/haitiopendh/wp-content/plugins/akismet/class-akismet-compatible-plugins.php&path=/home/haitiopendh/haitiopendh/wp-content/plugins/akismet HTTP/1.1" 200 5867 "-" "Mozilla/5.0 (compatible; MJ12bot/v1.4.8; http://mj12bot.com/)"
192.99.37.132 - - [13/Sep/2025:01:03:47 -0700] "GET /?fileloc=/home/haitiopendh/haitiopendh/wp-content/plugins/akismet/class.akismet-admin.php&path=/home/haitiopendh/haitiopendh/wp-content/plugins/akismet HTTP/1.1" 200 22709 "-" "Mozilla/5.0 (compatible; MJ12bot/v1.4.8; http://mj12bot.com/)"
114.119.133.192 - - [13/Sep/2025:01:04:19 -0700] "GET /?p=15886 HTTP/1.1" 200 4734 "https://haitiopen.com/sitemap14.xml" "Mozilla/5.0 (Linux; Android 7.0;) AppleWebKit/537.36 (KHTML, like Gecko) Mobile Safari/537.36 (compatible; PetalBot;+https://webmaster.petalsearch.com/site/petalbot)"
107.20.105.74 - - [13/Sep/2025:01:04:53 -0700] "HEAD / HTTP/1.1" 200 0 "-" "DreamHost SiteMonitor 1.0"
66.249.72.37 - - [13/Sep/2025:01:05:32 -0700] "GET /?p=17988 HTTP/1.1" 200 36849 "-" "Mozilla/5.0 (Linux; Android 6.0.1; Nexus 5X Build/MMB29P) AppleWebKit/537.36 (KHTML, like Gecko) Chrome/140.0.7339.127 Mobile Safari/537.36 (compatible; Googlebot/2.1; +http://www.google.com/bot.html)"
66.249.72.39 - - [13/Sep/2025:01:06:00 -0700] "GET /ctg/apiAllLCate/ HTTP/1.1" 404 189 "http://haitiopen.com/?p=17988" "Mozilla/5.0 (Linux; Android 6.0.1; Nexus 5X Build/MMB29P) AppleWebKit/537.36 (KHTML, like Gecko) Chrome/139.0.7258.127 Mobile Safari/537.36 (compatible; Googlebot/2.1; +http://www.google.com/bot.html)"
66.249.72.39 - - [13/Sep/2025:01:06:01 -0700] "GET /resource/js/json/megadrop_2015new.json HTTP/1.1" 404 189 "http://haitiopen.com/?p=17988" "Mozilla/5.0 (Linux; Android 6.0.1; Nexus 5X Build/MMB29P) AppleWebKit/537.36 (KHTML, like Gecko) Chrome/139.0.7258.127 Mobile Safari/537.36 (compatible; Googlebot/2.1; +http://www.google.com/bot.html)"
114.119.146.100 - - [13/Sep/2025:01:06:03 -0700] "GET /?p=15818 HTTP/1.1" 200 4734 "https://haitiopen.com/sitemap14.xml" "Mozilla/5.0 (Linux; Android 7.0;) AppleWebKit/537.36 (KHTML, like Gecko) Mobile Safari/537.36 (compatible; PetalBot;+https://webmaster.petalsearch.com/site/petalbot)"
114.119.157.17 - - [13/Sep/2025:01:07:47 -0700] "GET /?p=15725 HTTP/1.1" 200 4734 "https://haitiopen.com/sitemap14.xml" "Mozilla/5.0 (Linux; Android 7.0;) AppleWebKit/537.36 (KHTML, like Gecko) Mobile Safari/537.36 (compatible; PetalBot;+https://webmaster.petalsearch.com/site/petalbot)"
114.119.135.201 - - [13/Sep/2025:01:09:38 -0700] "GET /?p=15688 HTTP/1.1" 200 4734 "https://haitiopen.com/sitemap14.xml" "Mozilla/5.0 (Linux; Android 7.0;) AppleWebKit/537.36 (KHTML, like Gecko) Mobile Safari/537.36 (compatible; PetalBot;+https://webmaster.petalsearch.com/site/petalbot)"
107.20.105.74 - - [13/Sep/2025:01:09:53 -0700] "HEAD / HTTP/1.1" 200 0 "-" "DreamHost SiteMonitor 1.0"
114.119.154.161 - - [13/Sep/2025:01:11:18 -0700] "GET /?p=11822 HTTP/1.1" 200 4734 "https://haitiopen.com/sitemap11.xml" "Mozilla/5.0 (Linux; Android 7.0;) AppleWebKit/537.36 (KHTML, like Gecko) Mobile Safari/537.36 (compatible; PetalBot;+https://webmaster.petalsearch.com/site/petalbot)"
43.166.253.94 - - [13/Sep/2025:01:11:38 -0700] "GET /?fileloc=/home/haitiopendh/haitiopendh/wp-includes/bookmark-template.php&path=/home/haitiopendh/haitiopendh/wp-includes HTTP/1.1" 200 7009 "-" "Mozilla/5.0 (iPhone; CPU iPhone OS 13_2_3 like Mac OS X) AppleWebKit/605.1.15 (KHTML, like Gecko) Version/13.0.3 Mobile/15E148 Safari/604.1"
114.119.133.192 - - [13/Sep/2025:01:13:06 -0700] "GET /?p=11165 HTTP/1.1" 200 4734 "https://haitiopen.com/sitemap11.xml" "Mozilla/5.0 (Linux; Android 7.0;) AppleWebKit/537.36 (KHTML, like Gecko) Mobile Safari/537.36 (compatible; PetalBot;+https://webmaster.petalsearch.com/site/petalbot)"
111.172.249.49 - - [13/Sep/2025:01:13:17 -0700] "GET / HTTP/1.1" 301 169 "-" "Mozilla/5.0 (iPhone; CPU iPhone OS 13_2_3 like Mac OS X) AppleWebKit/605.1.15 (KHTML, like Gecko) Version/13.0.3 Mobile/15E148 Safari/604.1"
111.172.249.49 - - [13/Sep/2025:01:13:26 -0700] "GET / HTTP/1.1" 200 4734 "http://www.haitiopen.com" "Mozilla/5.0 (iPhone; CPU iPhone OS 13_2_3 like Mac OS X) AppleWebKit/605.1.15 (KHTML, like Gecko) Version/13.0.3 Mobile/15E148 Safari/604.1"
114.119.135.201 - - [13/Sep/2025:01:14:50 -0700] "GET /?p=10741 HTTP/1.1" 200 4734 "https://haitiopen.com/sitemap11.xml" "Mozilla/5.0 (Linux; Android 7.0;) AppleWebKit/537.36 (KHTML, like Gecko) Mobile Safari/537.36 (compatible; PetalBot;+https://webmaster.petalsearch.com/site/petalbot)"
107.20.105.74 - - [13/Sep/2025:01:14:53 -0700] "HEAD / HTTP/1.1" 200 0 "-" "DreamHost SiteMonitor 1.0"
216.244.66.247 - - [13/Sep/2025:01:16:20 -0700] "GET /robots.txt HTTP/1.1" 301 169 "-" "Mozilla/5.0 (compatible; DotBot/1.2; +https://opensiteexplorer.org/dotbot; help@moz.com)"
216.244.66.247 - - [13/Sep/2025:01:16:20 -0700] "GET /robots.txt HTTP/1.1" 200 92 "-" "Mozilla/5.0 (compatible; DotBot/1.2; +https://opensiteexplorer.org/dotbot; help@moz.com)"
216.244.66.247 - - [13/Sep/2025:01:16:20 -0700] "GET /robots.txt HTTP/1.1" 200 92 "-" "Mozilla/5.0 (compatible; DotBot/1.2; +https://opensiteexplorer.org/dotbot; help@moz.com)"
114.119.146.100 - - [13/Sep/2025:01:16:32 -0700] "GET /?p=10055 HTTP/1.1" 200 4734 "https://haitiopen.com/sitemap11.xml" "Mozilla/5.0 (Linux; Android 7.0;) AppleWebKit/537.36 (KHTML, like Gecko) Mobile Safari/537.36 (compatible; PetalBot;+https://webmaster.petalsearch.com/site/petalbot)"
89.248.172.183 - - [13/Sep/2025:01:19:41 -0700] "POST /wp-json/tdw/save_css HTTP/1.1" 404 555 "-" "Mozilla/5.0 (Windows NT 10.0) AppleWebKit/537.36 (KHTML, like Gecko) Chrome/104.0.0.0 Safari/537.36"
107.20.105.74 - - [13/Sep/2025:01:19:53 -0700] "HEAD / HTTP/1.1" 200 0 "-" "DreamHost SiteMonitor 1.0"
89.248.172.183 - - [13/Sep/2025:01:20:08 -0700] "POST /wp-json/tdw/save_css HTTP/1.1" 404 555 "-" "Mozilla/5.0 (Windows NT 10.0) AppleWebKit/537.36 (KHTML, like Gecko) Chrome/104.0.0.0 Safari/537.36"
66.249.72.37 - - [13/Sep/2025:01:20:20 -0700] "GET /?p=16699 HTTP/1.1" 200 36984 "-" "Mozilla/5.0 (Linux; Android 6.0.1; Nexus 5X Build/MMB29P) AppleWebKit/537.36 (KHTML, like Gecko) Chrome/140.0.7339.127 Mobile Safari/537.36 (compatible; Googlebot/2.1; +http://www.google.com/bot.html)"
66.249.72.39 - - [13/Sep/2025:01:20:20 -0700] "GET /?p=21880 HTTP/1.1" 200 37016 "-" "Mozilla/5.0 (Linux; Android 6.0.1; Nexus 5X Build/MMB29P) AppleWebKit/537.36 (KHTML, like Gecko) Chrome/140.0.7339.127 Mobile Safari/537.36 (compatible; Googlebot/2.1; +http://www.google.com/bot.html)"
66.249.72.39 - - [13/Sep/2025:01:20:20 -0700] "GET /?p=4697 HTTP/1.1" 200 36898 "-" "Mozilla/5.0 (Linux; Android 6.0.1; Nexus 5X Build/MMB29P) AppleWebKit/537.36 (KHTML, like Gecko) Chrome/140.0.7339.127 Mobile Safari/537.36 (compatible; Googlebot/2.1; +http://www.google.com/bot.html)"
94.191.43.82 - - [13/Sep/2025:01:21:46 -0700] "GET / HTTP/1.1" 200 4734 "http://www.haitiopen.net" "Mozilla/5.0 (iPhone; CPU iPhone OS 13_2_3 like Mac OS X) AppleWebKit/605.1.15 (KHTML, like Gecko) Version/13.0.3 Mobile/15E148 Safari/604.1"
150.109.119.38 - - [13/Sep/2025:01:22:45 -0700] "GET /?fileloc=/home/haitiopendh/haitiopendh/wp-includes/bookmark.php&path=/home/haitiopendh/haitiopendh/wp-includes HTTP/1.1" 200 8249 "-" "Mozilla/5.0 (iPhone; CPU iPhone OS 13_2_3 like Mac OS X) AppleWebKit/605.1.15 (KHTML, like Gecko) Version/13.0.3 Mobile/15E148 Safari/604.1"
66.249.72.37 - - [13/Sep/2025:01:23:21 -0700] "GET /?p=21687 HTTP/1.1" 200 37069 "-" "Mozilla/5.0 (Linux; Android 6.0.1; Nexus 5X Build/MMB29P) AppleWebKit/537.36 (KHTML, like Gecko) Chrome/140.0.7339.127 Mobile Safari/537.36 (compatible; Googlebot/2.1; +http://www.google.com/bot.html)"
66.249.72.37 - - [13/Sep/2025:01:23:25 -0700] "GET /odr/order/apiGetCartItems/ HTTP/1.1" 404 189 "http://haitiopen.com/?p=21687" "Mozilla/5.0 (Linux; Android 6.0.1; Nexus 5X Build/MMB29P) AppleWebKit/537.36 (KHTML, like Gecko) Chrome/139.0.7258.127 Mobile Safari/537.36 (compatible; Googlebot/2.1; +http://www.google.com/bot.html)"
197.1.55.15 - - [13/Sep/2025:01:24:39 -0700] "GET /.well-known/index.php HTTP/1.1" 404 125 "-" "Go-http-client/1.1"
197.1.55.15 - - [13/Sep/2025:01:24:39 -0700] "GET /wp-content/themes/too.php HTTP/1.1" 404 125 "-" "Go-http-client/1.1"
197.1.55.15 - - [13/Sep/2025:01:24:39 -0700] "GET /radio.php HTTP/1.1" 404 125 "-" "Go-http-client/1.1"
197.1.55.15 - - [13/Sep/2025:01:24:39 -0700] "GET /wp-content/plugins/index.php HTTP/1.1" 500 5 "-" "Go-http-client/1.1"
197.1.55.15 - - [13/Sep/2025:01:24:39 -0700] "GET /.well-known/acme-challenge/index.php HTTP/1.1" 404 125 "-" "Go-http-client/1.1"
197.1.55.15 - - [13/Sep/2025:01:24:39 -0700] "GET /.well-known/index.php HTTP/1.1" 404 125 "-" "Go-http-client/1.1"
197.1.55.15 - - [13/Sep/2025:01:24:39 -0700] "GET /makeasmtp.php?p= HTTP/1.1" 404 125 "-" "Go-http-client/1.1"
197.1.55.15 - - [13/Sep/2025:01:24:40 -0700] "GET /wp-content/uploads/makeasmtp.php?p= HTTP/1.1" 404 125 "-" "Go-http-client/1.1"
197.1.55.15 - - [13/Sep/2025:01:24:40 -0700] "GET /wp-includes/rest-api/about.php HTTP/1.1" 404 125 "-" "Go-http-client/1.1"
197.1.55.15 - - [13/Sep/2025:01:24:40 -0700] "GET /wp-content/languages/about.php HTTP/1.1" 404 125 "-" "Go-http-client/1.1"
197.1.55.15 - - [13/Sep/2025:01:24:40 -0700] "GET /wp-content/banners/about.php HTTP/1.1" 404 125 "-" "Go-http-client/1.1"
197.1.55.15 - - [13/Sep/2025:01:24:40 -0700] "GET /wp-includes/Text/about.php HTTP/1.1" 404 125 "-" "Go-http-client/1.1"
197.1.55.15 - - [13/Sep/2025:01:24:40 -0700] "GET /asd.php HTTP/1.1" 404 125 "-" "Go-http-client/1.1"
197.1.55.15 - - [13/Sep/2025:01:24:40 -0700] "GET /1.php HTTP/1.1" 404 125 "-" "Go-http-client/1.1"
197.1.55.15 - - [13/Sep/2025:01:24:41 -0700] "GET /ws.php HTTP/1.1" 404 125 "-" "Go-http-client/1.1"
197.1.55.15 - - [13/Sep/2025:01:24:41 -0700] "GET /wp-includes/css/index.php HTTP/1.1" 404 125 "-" "Go-http-client/1.1"
197.1.55.15 - - [13/Sep/2025:01:24:41 -0700] "GET /cgi-bin/wp-login.php HTTP/1.1" 404 125 "-" "Go-http-client/1.1"
197.1.55.15 - - [13/Sep/2025:01:24:41 -0700] "GET /wp-content/cong.php HTTP/1.1" 404 125 "-" "Go-http-client/1.1"
197.1.55.15 - - [13/Sep/2025:01:24:41 -0700] "GET /wp-admin/classwithtostring.php HTTP/1.1" 404 125 "-" "Go-http-client/1.1"
197.1.55.15 - - [13/Sep/2025:01:24:41 -0700] "GET /wp-includes/images/wp-login.php HTTP/1.1" 404 125 "-" "Go-http-client/1.1"
197.1.55.15 - - [13/Sep/2025:01:24:42 -0700] "GET /wp-includes/Requests/network.php HTTP/1.1" 404 125 "-" "Go-http-client/1.1"
197.1.55.15 - - [13/Sep/2025:01:24:42 -0700] "GET /wp-content/radio.php HTTP/1.1" 404 125 "-" "Go-http-client/1.1"
197.1.55.15 - - [13/Sep/2025:01:24:42 -0700] "GET /wp-admin/dropdown.php HTTP/1.1" 404 125 "-" "Go-http-client/1.1"
197.1.55.15 - - [13/Sep/2025:01:24:42 -0700] "GET /login.php HTTP/1.1" 404 125 "-" "Go-http-client/1.1"
197.1.55.15 - - [13/Sep/2025:01:24:42 -0700] "GET /hehehehe.php HTTP/1.1" 404 125 "-" "Go-http-client/1.1"
197.1.55.15 - - [13/Sep/2025:01:24:42 -0700] "GET /simple.php HTTP/1.1" 404 125 "-" "Go-http-client/1.1"
197.1.55.15 - - [13/Sep/2025:01:24:42 -0700] "GET /wp-includes/fonts/about.php HTTP/1.1" 404 125 "-" "Go-http-client/1.1"
197.1.55.15 - - [13/Sep/2025:01:24:43 -0700] "GET /wp-content/admin.php HTTP/1.1" 404 125 "-" "Go-http-client/1.1"
197.1.55.15 - - [13/Sep/2025:01:24:43 -0700] "GET /xmlrpc.php HTTP/1.1" 200 4734 "-" "Go-http-client/1.1"
149.154.161.217 - - [13/Sep/2025:01:24:44 -0700] "GET /xmlrpc.php HTTP/1.1" 200 4734 "-" "TelegramBot (like TwitterBot)"
107.20.105.74 - - [13/Sep/2025:01:24:53 -0700] "HEAD / HTTP/1.1" 200 0 "-" "DreamHost SiteMonitor 1.0"
66.249.72.37 - - [13/Sep/2025:01:25:22 -0700] "GET /?p=21238 HTTP/1.1" 200 37022 "-" "Mozilla/5.0 (Linux; Android 6.0.1; Nexus 5X Build/MMB29P) AppleWebKit/537.36 (KHTML, like Gecko) Chrome/140.0.7339.127 Mobile Safari/537.36 (compatible; Googlebot/2.1; +http://www.google.com/bot.html)"
66.249.72.39 - - [13/Sep/2025:01:25:24 -0700] "GET /odr/order/apiGetCartItems/ HTTP/1.1" 404 189 "http://haitiopen.com/?p=21238" "Mozilla/5.0 (Linux; Android 6.0.1; Nexus 5X Build/MMB29P) AppleWebKit/537.36 (KHTML, like Gecko) Chrome/139.0.7258.127 Mobile Safari/537.36 (compatible; Googlebot/2.1; +http://www.google.com/bot.html)"
197.1.55.15 - - [13/Sep/2025:01:25:26 -0700] "GET /xmlrpc.php HTTP/1.1" 200 4734 "-" "Mozilla/5.0 (Windows NT 10.0; Win64; x64) AppleWebKit/537.36 (KHTML, like Gecko) Chrome/140.0.0.0 Safari/537.36"
197.1.55.15 - - [13/Sep/2025:01:25:38 -0700] "GET /favicon.ico HTTP/1.1" 404 189 "http://haitiopen.com/xmlrpc.php" "Mozilla/5.0 (Windows NT 10.0; Win64; x64) AppleWebKit/537.36 (KHTML, like Gecko) Chrome/140.0.0.0 Safari/537.36"
197.1.55.15 - - [13/Sep/2025:01:27:59 -0700] "GET /wp-content/themes/too.php HTTP/1.1" 404 125 "-" "Go-http-client/1.1"
197.1.55.15 - - [13/Sep/2025:01:27:59 -0700] "GET /radio.php HTTP/1.1" 404 125 "-" "Go-http-client/1.1"
197.1.55.15 - - [13/Sep/2025:01:27:59 -0700] "GET /wp-content/plugins/index.php HTTP/1.1" 500 5 "-" "Go-http-client/1.1"
197.1.55.15 - - [13/Sep/2025:01:27:59 -0700] "GET /.well-known/acme-challenge/index.php HTTP/1.1" 404 125 "-" "Go-http-client/1.1"
197.1.55.15 - - [13/Sep/2025:01:27:59 -0700] "GET /.well-known/index.php HTTP/1.1" 404 125 "-" "Go-http-client/1.1"
197.1.55.15 - - [13/Sep/2025:01:28:00 -0700] "GET /makeasmtp.php?p= HTTP/1.1" 404 125 "-" "Go-http-client/1.1"
197.1.55.15 - - [13/Sep/2025:01:28:00 -0700] "GET /wp-content/uploads/makeasmtp.php?p= HTTP/1.1" 404 125 "-" "Go-http-client/1.1"
197.1.55.15 - - [13/Sep/2025:01:28:00 -0700] "GET /wp-includes/rest-api/about.php HTTP/1.1" 404 125 "-" "Go-http-client/1.1"
197.1.55.15 - - [13/Sep/2025:01:28:00 -0700] "GET /wp-content/languages/about.php HTTP/1.1" 404 125 "-" "Go-http-client/1.1"
197.1.55.15 - - [13/Sep/2025:01:28:00 -0700] "GET /wp-content/banners/about.php HTTP/1.1" 404 125 "-" "Go-http-client/1.1"
197.1.55.15 - - [13/Sep/2025:01:28:00 -0700] "GET /wp-includes/Text/about.php HTTP/1.1" 404 125 "-" "Go-http-client/1.1"
197.1.55.15 - - [13/Sep/2025:01:28:00 -0700] "GET /asd.php HTTP/1.1" 404 125 "-" "Go-http-client/1.1"
197.1.55.15 - - [13/Sep/2025:01:28:01 -0700] "GET /1.php HTTP/1.1" 404 125 "-" "Go-http-client/1.1"
197.1.55.15 - - [13/Sep/2025:01:28:01 -0700] "GET /ws.php HTTP/1.1" 404 125 "-" "Go-http-client/1.1"
197.1.55.15 - - [13/Sep/2025:01:28:01 -0700] "GET /wp-includes/css/index.php HTTP/1.1" 404 125 "-" "Go-http-client/1.1"
197.1.55.15 - - [13/Sep/2025:01:28:01 -0700] "GET /cgi-bin/wp-login.php HTTP/1.1" 404 125 "-" "Go-http-client/1.1"
197.1.55.15 - - [13/Sep/2025:01:28:01 -0700] "GET /wp-content/cong.php HTTP/1.1" 404 125 "-" "Go-http-client/1.1"
197.1.55.15 - - [13/Sep/2025:01:28:01 -0700] "GET /wp-admin/classwithtostring.php HTTP/1.1" 404 125 "-" "Go-http-client/1.1"
197.1.55.15 - - [13/Sep/2025:01:28:01 -0700] "GET /wp-includes/images/wp-login.php HTTP/1.1" 404 125 "-" "Go-http-client/1.1"
197.1.55.15 - - [13/Sep/2025:01:28:02 -0700] "GET /wp-includes/Requests/network.php HTTP/1.1" 404 125 "-" "Go-http-client/1.1"
197.1.55.15 - - [13/Sep/2025:01:28:02 -0700] "GET /wp-content/radio.php HTTP/1.1" 404 125 "-" "Go-http-client/1.1"
197.1.55.15 - - [13/Sep/2025:01:28:02 -0700] "GET /wp-admin/dropdown.php HTTP/1.1" 404 125 "-" "Go-http-client/1.1"
197.1.55.15 - - [13/Sep/2025:01:28:02 -0700] "GET /login.php HTTP/1.1" 404 125 "-" "Go-http-client/1.1"
197.1.55.15 - - [13/Sep/2025:01:28:02 -0700] "GET /hehehehe.php HTTP/1.1" 404 125 "-" "Go-http-client/1.1"
197.1.55.15 - - [13/Sep/2025:01:28:02 -0700] "GET /simple.php HTTP/1.1" 404 125 "-" "Go-http-client/1.1"
197.1.55.15 - - [13/Sep/2025:01:28:02 -0700] "GET /wp-includes/fonts/about.php HTTP/1.1" 404 125 "-" "Go-http-client/1.1"
197.1.55.15 - - [13/Sep/2025:01:28:02 -0700] "GET /wp-content/admin.php HTTP/1.1" 404 125 "-" "Go-http-client/1.1"
197.1.55.15 - - [13/Sep/2025:01:28:03 -0700] "GET /xmlrpc.php HTTP/1.1" 200 4734 "-" "Go-http-client/1.1"
197.1.55.15 - - [13/Sep/2025:01:28:47 -0700] "GET /b.php HTTP/1.1" 404 125 "-" "Go-http-client/1.1"
197.1.55.15 - - [13/Sep/2025:01:28:47 -0700] "GET /index/function.php HTTP/1.1" 404 125 "-" "Go-http-client/1.1"
197.1.55.15 - - [13/Sep/2025:01:28:47 -0700] "GET /wp-content/plugins/phpad/as.php HTTP/1.1" 404 125 "-" "Go-http-client/1.1"
197.1.55.15 - - [13/Sep/2025:01:28:47 -0700] "GET /wp-content/plugins/ioxi/ioxi/dropdown.php HTTP/1.1" 404 125 "-" "Go-http-client/1.1"
197.1.55.15 - - [13/Sep/2025:01:28:47 -0700] "GET /wp-content/plugins/phpadmin/acp.php HTTP/1.1" 404 125 "-" "Go-http-client/1.1"
197.1.55.15 - - [13/Sep/2025:01:28:48 -0700] "GET /plugins/function.php HTTP/1.1" 404 125 "-" "Go-http-client/1.1"
197.1.55.15 - - [13/Sep/2025:01:28:48 -0700] "GET /file/function.php HTTP/1.1" 404 125 "-" "Go-http-client/1.1"
197.1.55.15 - - [13/Sep/2025:01:28:48 -0700] "GET /as/function HTTP/1.1" 404 125 "-" "Go-http-client/1.1"
197.1.55.15 - - [13/Sep/2025:01:28:48 -0700] "GET /mah/function.php HTTP/1.1" 404 125 "-" "Go-http-client/1.1"
197.1.55.15 - - [13/Sep/2025:01:28:48 -0700] "GET /admin/function.php HTTP/1.1" 404 125 "-" "Go-http-client/1.1"
197.1.55.15 - - [13/Sep/2025:01:28:48 -0700] "GET /doc/function.php HTTP/1.1" 404 125 "-" "Go-http-client/1.1"
197.1.55.15 - - [13/Sep/2025:01:28:49 -0700] "GET /about/function.php HTTP/1.1" 404 125 "-" "Go-http-client/1.1"
197.1.55.15 - - [13/Sep/2025:01:28:49 -0700] "GET /index/function.php HTTP/1.1" 404 125 "-" "Go-http-client/1.1"
197.1.55.15 - - [13/Sep/2025:01:28:49 -0700] "GET /wp-content/themes/hideo/network.php HTTP/1.1" 404 125 "-" "Go-http-client/1.1"
197.1.55.15 - - [13/Sep/2025:01:28:49 -0700] "GET /wp-includes/ID3/index.php HTTP/1.1" 404 125 "-" "Go-http-client/1.1"
197.1.55.15 - - [13/Sep/2025:01:28:49 -0700] "GET /wp-content/plugins/index.php HTTP/1.1" 500 5 "-" "Go-http-client/1.1"
197.1.55.15 - - [13/Sep/2025:01:28:50 -0700] "GET /wp-admin/network/index.php HTTP/1.1" 200 4950 "-" "Go-http-client/1.1"
149.154.161.217 - - [13/Sep/2025:01:28:52 -0700] "GET /wp-admin/network/index.php HTTP/1.1" 200 4950 "-" "TelegramBot (like TwitterBot)"
109.123.250.225 - - [13/Sep/2025:01:29:21 -0700] "GET /robots.txt HTTP/1.1" 200 92 "-" "Mozilla/5.0 (compatible; MJ12bot/v1.4.8; http://mj12bot.com/)"
109.123.250.225 - - [13/Sep/2025:01:29:29 -0700] "GET /?fileloc=//sbin/fsfreeze&path=//sbin HTTP/1.1" 200 7262 "-" "Mozilla/5.0 (compatible; MJ12bot/v1.4.8; http://mj12bot.com/)"
109.123.250.225 - - [13/Sep/2025:01:29:34 -0700] "GET /?fileloc=/home/haitiopendh/haitiopendh/wp-content/plugins/akismet/class.akismet-cli.php&path=/home/haitiopendh/haitiopendh/wp-content/plugins/akismet HTTP/1.1" 200 4879 "-" "Mozilla/5.0 (compatible; MJ12bot/v1.4.8; http://mj12bot.com/)"
109.123.250.225 - - [13/Sep/2025:01:29:39 -0700] "GET /?fileloc=/home/haitiopendh/haitiopendh/wp-content/plugins/akismet/class.akismet-rest-api.php&path=/home/haitiopendh/haitiopendh/wp-content/plugins/akismet HTTP/1.1" 200 8147 "-" "Mozilla/5.0 (compatible; MJ12bot/v1.4.8; http://mj12bot.com/)"
109.123.250.225 - - [13/Sep/2025:01:29:45 -0700] "GET /?fileloc=/home/haitiopendh/haitiopendh/wp-content/plugins/akismet/class.akismet-widget.php&path=/home/haitiopendh/haitiopendh/wp-content/plugins/akismet HTTP/1.1" 200 4871 "-" "Mozilla/5.0 (compatible; MJ12bot/v1.4.8; http://mj12bot.com/)"
109.123.250.225 - - [13/Sep/2025:01:29:51 -0700] "GET /?fileloc=/home/haitiopendh/haitiopendh/wp-content/plugins/akismet/class.akismet.php&path=/home/haitiopendh/haitiopendh/wp-content/plugins/akismet HTTP/1.1" 200 27967 "-" "Mozilla/5.0 (compatible; MJ12bot/v1.4.8; http://mj12bot.com/)"
74.125.216.1 - - [13/Sep/2025:01:29:51 -0700] "GET /privacy-policy HTTP/1.1" 301 169 "-" "PlayStore-Google"
74.125.216.37 - - [13/Sep/2025:01:29:52 -0700] "GET /privacy-policy HTTP/1.1" 404 125 "-" "PlayStore-Google"
74.125.216.8 - - [13/Sep/2025:01:29:52 -0700] "GET /privacy-policy HTTP/1.1" 301 169 "-" "PlayStore-Google"
74.125.216.37 - - [13/Sep/2025:01:29:53 -0700] "GET /privacy-policy HTTP/1.1" 404 125 "-" "PlayStore-Google"
107.20.105.74 - - [13/Sep/2025:01:29:53 -0700] "HEAD / HTTP/1.1" 200 0 "-" "DreamHost SiteMonitor 1.0"
69.171.230.8 - - [13/Sep/2025:01:30:34 -0700] "GET /robots.txt HTTP/1.1" 206 92 "-" "facebookexternalhit/1.1 (+http://www.facebook.com/externalhit_uatext.php)"
57.141.0.39 - - [13/Sep/2025:01:30:36 -0700] "GET /?p=15962 HTTP/1.1" 200 52816 "-" "meta-externalagent/1.1 (+https://developers.facebook.com/docs/sharing/webmasters/crawler)"
35.211.166.124 - - [13/Sep/2025:01:34:01 -0700] "GET /ads.txt HTTP/1.1" 404 125 "-" "bidswitchbot/1.0"
107.20.105.74 - - [13/Sep/2025:01:34:53 -0700] "HEAD / HTTP/1.1" 200 0 "-" "DreamHost SiteMonitor 1.0"
107.20.105.74 - - [13/Sep/2025:01:39:53 -0700] "HEAD / HTTP/1.1" 200 0 "-" "DreamHost SiteMonitor 1.0"
216.244.66.247 - - [13/Sep/2025:01:40:02 -0700] "GET /feed/?attachment_id=1456 HTTP/1.1" 404 153 "-" "Mozilla/5.0 (compatible; DotBot/1.2; +https://opensiteexplorer.org/dotbot; help@moz.com)"
216.244.66.247 - - [13/Sep/2025:01:40:17 -0700] "GET /?pid=louboutin-sale-cheap-4618.html HTTP/1.1" 301 169 "-" "Mozilla/5.0 (compatible; DotBot/1.2; +https://opensiteexplorer.org/dotbot; help@moz.com)"
107.20.105.74 - - [13/Sep/2025:01:44:53 -0700] "HEAD / HTTP/1.1" 200 0 "-" "DreamHost SiteMonitor 1.0"
66.249.72.38 - - [13/Sep/2025:01:48:41 -0700] "GET /?p=20916 HTTP/1.1" 200 37071 "-" "Mozilla/5.0 (Linux; Android 6.0.1; Nexus 5X Build/MMB29P) AppleWebKit/537.36 (KHTML, like Gecko) Chrome/140.0.7339.127 Mobile Safari/537.36 (compatible; Googlebot/2.1; +http://www.google.com/bot.html)"
66.249.72.38 - - [13/Sep/2025:01:49:10 -0700] "GET /ctg/apiAllLCate/ HTTP/1.1" 404 189 "http://haitiopen.com/?p=20916" "Mozilla/5.0 (Linux; Android 6.0.1; Nexus 5X Build/MMB29P) AppleWebKit/537.36 (KHTML, like Gecko) Chrome/139.0.7258.127 Mobile Safari/537.36 (compatible; Googlebot/2.1; +http://www.google.com/bot.html)"
66.249.72.39 - - [13/Sep/2025:01:49:10 -0700] "GET /resource/js/json/megadrop_2015new.json HTTP/1.1" 404 189 "http://haitiopen.com/?p=20916" "Mozilla/5.0 (Linux; Android 6.0.1; Nexus 5X Build/MMB29P) AppleWebKit/537.36 (KHTML, like Gecko) Chrome/139.0.7258.127 Mobile Safari/537.36 (compatible; Googlebot/2.1; +http://www.google.com/bot.html)"
107.20.105.74 - - [13/Sep/2025:01:49:53 -0700] "HEAD / HTTP/1.1" 200 0 "-" "DreamHost SiteMonitor 1.0"
66.249.72.38 - - [13/Sep/2025:01:50:42 -0700] "GET /?p=20706 HTTP/1.1" 200 37076 "-" "Mozilla/5.0 (Linux; Android 6.0.1; Nexus 5X Build/MMB29P) AppleWebKit/537.36 (KHTML, like Gecko) Chrome/140.0.7339.127 Mobile Safari/537.36 (compatible; Googlebot/2.1; +http://www.google.com/bot.html)"
197.1.55.15 - - [13/Sep/2025:01:52:10 -0700] "POST /xmlrpc.php HTTP/1.1" 200 4763 "http://haitiopen.com/xmlrpc.php" "Mozilla/5.0 (Windows NT 10.0; Win64; x64) AppleWebKit/537.36 (KHTML, like Gecko) Chrome/140.0.0.0 Safari/537.36"
66.249.72.38 - - [13/Sep/2025:01:52:42 -0700] "GET /?p=17403 HTTP/1.1" 200 37002 "-" "Mozilla/5.0 (Linux; Android 6.0.1; Nexus 5X Build/MMB29P) AppleWebKit/537.36 (KHTML, like Gecko) Chrome/140.0.7339.127 Mobile Safari/537.36 (compatible; Googlebot/2.1; +http://www.google.com/bot.html)"
197.1.55.15 - - [13/Sep/2025:01:52:53 -0700] "GET /owl.php HTTP/1.1" 200 3520 "-" "Mozilla/5.0 (Windows NT 10.0; Win64; x64) AppleWebKit/537.36 (KHTML, like Gecko) Chrome/140.0.0.0 Safari/537.36"
66.249.72.39 - - [13/Sep/2025:01:53:04 -0700] "GET /odr/order/apiGetCartItems/ HTTP/1.1" 404 189 "http://haitiopen.com/?p=17403" "Mozilla/5.0 (Linux; Android 6.0.1; Nexus 5X Build/MMB29P) AppleWebKit/537.36 (KHTML, like Gecko) Chrome/139.0.7258.127 Mobile Safari/537.36 (compatible; Googlebot/2.1; +http://www.google.com/bot.html)"
66.249.72.38 - - [13/Sep/2025:01:53:16 -0700] "GET /ctg/apiAllLCate/ HTTP/1.1" 404 189 "http://haitiopen.com/?p=17403" "Mozilla/5.0 (Linux; Android 6.0.1; Nexus 5X Build/MMB29P) AppleWebKit/537.36 (KHTML, like Gecko) Chrome/139.0.7258.127 Mobile Safari/537.36 (compatible; Googlebot/2.1; +http://www.google.com/bot.html)"
66.249.72.38 - - [13/Sep/2025:01:53:16 -0700] "GET /resource/js/json/megadrop_2015new.json HTTP/1.1" 404 189 "http://haitiopen.com/?p=17403" "Mozilla/5.0 (Linux; Android 6.0.1; Nexus 5X Build/MMB29P) AppleWebKit/537.36 (KHTML, like Gecko) Chrome/139.0.7258.127 Mobile Safari/537.36 (compatible; Googlebot/2.1; +http://www.google.com/bot.html)"
107.20.105.74 - - [13/Sep/2025:01:54:53 -0700] "HEAD / HTTP/1.1" 200 0 "-" "DreamHost SiteMonitor 1.0"
89.248.172.183 - - [13/Sep/2025:01:55:34 -0700] "POST /wp-json/tdw/save_css HTTP/1.1" 404 555 "-" "Mozilla/5.0 (Windows NT 10.0) AppleWebKit/537.36 (KHTML, like Gecko) Chrome/104.0.0.0 Safari/537.36"
66.249.72.37 - - [13/Sep/2025:01:55:42 -0700] "GET /?p=22502 HTTP/1.1" 200 37049 "-" "Mozilla/5.0 (Linux; Android 6.0.1; Nexus 5X Build/MMB29P) AppleWebKit/537.36 (KHTML, like Gecko) Chrome/140.0.7339.127 Mobile Safari/537.36 (compatible; Googlebot/2.1; +http://www.google.com/bot.html)"
197.1.55.15 - - [13/Sep/2025:01:55:56 -0700] "POST /owl.php HTTP/1.1" 200 33 "http://haitiopen.com/owl.php" "Mozilla/5.0 (Windows NT 10.0; Win64; x64) AppleWebKit/537.36 (KHTML, like Gecko) Chrome/140.0.0.0 Safari/537.36"
197.1.55.15 - - [13/Sep/2025:01:55:56 -0700] "POST /owl.php HTTP/1.1" 200 33 "http://haitiopen.com/owl.php" "Mozilla/5.0 (Windows NT 10.0; Win64; x64) AppleWebKit/537.36 (KHTML, like Gecko) Chrome/140.0.0.0 Safari/537.36"
66.249.72.38 - - [13/Sep/2025:01:57:43 -0700] "GET /?p=6966 HTTP/1.1" 200 36898 "-" "Mozilla/5.0 (Linux; Android 6.0.1; Nexus 5X Build/MMB29P) AppleWebKit/537.36 (KHTML, like Gecko) Chrome/140.0.7339.127 Mobile Safari/537.36 (compatible; Googlebot/2.1; +http://www.google.com/bot.html)"
66.249.72.37 - - [13/Sep/2025:01:58:18 -0700] "GET /post-sitemap6.xml HTTP/1.1" 404 125 "-" "Mozilla/5.0 (compatible; Googlebot/2.1; +http://www.google.com/bot.html)"
152.42.205.226 - - [13/Sep/2025:01:59:28 -0700] "GET /wp-content/plugins/init-help/init.php HTTP/1.1" 404 189 "www.google.com" "Mozilla/5.0 (Linux; Android 7.0; SM-G892A Build/NRD90M; wv) AppleWebKit/537.36 (KHTML, like Gecko) Version/4.0 Chrome/60.0.3112.107 Mobile Safari/537.36"
147.135.213.9 - - [13/Sep/2025:01:59:51 -0700] "GET /robots.txt HTTP/1.1" 200 92 "-" "Mozilla/5.0 (compatible; MJ12bot/v1.4.8; http://mj12bot.com/)"
107.20.105.74 - - [13/Sep/2025:01:59:53 -0700] "HEAD / HTTP/1.1" 200 0 "-" "DreamHost SiteMonitor 1.0"
147.135.213.9 - - [13/Sep/2025:01:59:55 -0700] "GET /?fileloc=//sbin/fstab-decode&path=//sbin HTTP/1.1" 200 5545 "-" "Mozilla/5.0 (compatible; MJ12bot/v1.4.8; http://mj12bot.com/)"
147.135.213.9 - - [13/Sep/2025:01:59:59 -0700] "GET /?fileloc=/home/haitiopendh/haitiopendh/wp-content/plugins/elementor/.htaccess&path=/home/haitiopendh/haitiopendh/wp-content/plugins/elementor HTTP/1.1" 200 3134 "-" "Mozilla/5.0 (compatible; MJ12bot/v1.4.8; http://mj12bot.com/)"
147.135.213.9 - - [13/Sep/2025:02:00:02 -0700] "GET /?fileloc=/home/haitiopendh/haitiopendh/wp-content/plugins/elementor/changelog.txt&path=/home/haitiopendh/haitiopendh/wp-content/plugins/elementor HTTP/1.1" 200 104277 "-" "Mozilla/5.0 (compatible; MJ12bot/v1.4.8; http://mj12bot.com/)"
66.249.72.39 - - [13/Sep/2025:02:01:45 -0700] "GET /?p=16111 HTTP/1.1" 200 37090 "-" "Mozilla/5.0 (Linux; Android 6.0.1; Nexus 5X Build/MMB29P) AppleWebKit/537.36 (KHTML, like Gecko) Chrome/140.0.7339.127 Mobile Safari/537.36 (compatible; Googlebot/2.1; +http://www.google.com/bot.html)"
66.249.72.39 - - [13/Sep/2025:02:02:46 -0700] "GET /post-sitemap2.xml HTTP/1.1" 404 125 "-" "Mozilla/5.0 (compatible; Googlebot/2.1; +http://www.google.com/bot.html)"
89.248.172.183 - - [13/Sep/2025:02:03:13 -0700] "POST /wp-json/tdw/save_css HTTP/1.1" 404 555 "-" "Mozilla/5.0 (Windows NT 10.0) AppleWebKit/537.36 (KHTML, like Gecko) Chrome/104.0.0.0 Safari/537.36"
57.141.0.23 - - [13/Sep/2025:02:03:34 -0700] "GET /?p=19480 HTTP/1.1" 200 54301 "-" "meta-externalagent/1.1 (+https://developers.facebook.com/docs/sharing/webmasters/crawler)"
197.1.55.15 - - [13/Sep/2025:02:04:26 -0700] "GET /index/function.php HTTP/1.1" 404 125 "-" "Go-http-client/1.1"
197.1.55.15 - - [13/Sep/2025:02:04:26 -0700] "GET /wp-content/plugins/phpad/as.php HTTP/1.1" 404 125 "-" "Go-http-client/1.1"
197.1.55.15 - - [13/Sep/2025:02:04:26 -0700] "GET /wp-content/plugins/ioxi/ioxi/dropdown.php HTTP/1.1" 404 125 "-" "Go-http-client/1.1"
197.1.55.15 - - [13/Sep/2025:02:04:26 -0700] "GET /.well-known/acme-challenge/index.php HTTP/1.1" 404 125 "-" "Go-http-client/1.1"
197.1.55.15 - - [13/Sep/2025:02:04:26 -0700] "GET /wp-content/plugins/phpadmin/acp.php HTTP/1.1" 404 125 "-" "Go-http-client/1.1"
197.1.55.15 - - [13/Sep/2025:02:04:26 -0700] "GET /.well-known/index.php HTTP/1.1" 404 125 "-" "Go-http-client/1.1"
197.1.55.15 - - [13/Sep/2025:02:04:26 -0700] "GET /plugins/function.php HTTP/1.1" 404 125 "-" "Go-http-client/1.1"
197.1.55.15 - - [13/Sep/2025:02:04:26 -0700] "GET /makeasmtp.php?p= HTTP/1.1" 404 125 "-" "Go-http-client/1.1"
197.1.55.15 - - [13/Sep/2025:02:04:26 -0700] "GET /file/function.php HTTP/1.1" 404 125 "-" "Go-http-client/1.1"
197.1.55.15 - - [13/Sep/2025:02:04:27 -0700] "GET /as/function HTTP/1.1" 404 125 "-" "Go-http-client/1.1"
197.1.55.15 - - [13/Sep/2025:02:04:27 -0700] "GET /mah/function.php HTTP/1.1" 404 125 "-" "Go-http-client/1.1"
197.1.55.15 - - [13/Sep/2025:02:04:27 -0700] "GET /wp-content/uploads/makeasmtp.php?p= HTTP/1.1" 404 125 "-" "Go-http-client/1.1"
197.1.55.15 - - [13/Sep/2025:02:04:27 -0700] "GET /admin/function.php HTTP/1.1" 404 125 "-" "Go-http-client/1.1"
197.1.55.15 - - [13/Sep/2025:02:04:27 -0700] "GET /wp-includes/rest-api/about.php HTTP/1.1" 404 125 "-" "Go-http-client/1.1"
197.1.55.15 - - [13/Sep/2025:02:04:27 -0700] "GET /doc/function.php HTTP/1.1" 404 125 "-" "Go-http-client/1.1"
197.1.55.15 - - [13/Sep/2025:02:04:27 -0700] "GET /wp-content/languages/about.php HTTP/1.1" 404 125 "-" "Go-http-client/1.1"
197.1.55.15 - - [13/Sep/2025:02:04:27 -0700] "GET /wp-content/banners/about.php HTTP/1.1" 404 125 "-" "Go-http-client/1.1"
197.1.55.15 - - [13/Sep/2025:02:04:27 -0700] "GET /about/function.php HTTP/1.1" 404 125 "-" "Go-http-client/1.1"
197.1.55.15 - - [13/Sep/2025:02:04:28 -0700] "GET /index/function.php HTTP/1.1" 404 125 "-" "Go-http-client/1.1"
197.1.55.15 - - [13/Sep/2025:02:04:29 -0700] "GET /wp-content/themes/hideo/network.php HTTP/1.1" 404 125 "-" "Go-http-client/1.1"
197.1.55.15 - - [13/Sep/2025:02:04:30 -0700] "GET /wp-includes/ID3/index.php HTTP/1.1" 404 125 "-" "Go-http-client/1.1"
197.1.55.15 - - [13/Sep/2025:02:04:30 -0700] "GET /wp-content/plugins/index.php HTTP/1.1" 500 5 "-" "Go-http-client/1.1"
197.1.55.15 - - [13/Sep/2025:02:04:31 -0700] "GET /wp-includes/Text/about.php HTTP/1.1" 404 125 "-" "Go-http-client/1.1"
197.1.55.15 - - [13/Sep/2025:02:04:31 -0700] "GET /wp-admin/network/index.php HTTP/1.1" 200 4950 "-" "Go-http-client/1.1"
197.1.55.15 - - [13/Sep/2025:02:04:34 -0700] "GET /asd.php HTTP/1.1" 404 125 "-" "Go-http-client/1.1"
197.1.55.15 - - [13/Sep/2025:02:04:34 -0700] "GET /1.php HTTP/1.1" 404 125 "-" "Go-http-client/1.1"
197.1.55.15 - - [13/Sep/2025:02:04:35 -0700] "GET /ws.php HTTP/1.1" 404 125 "-" "Go-http-client/1.1"
197.1.55.15 - - [13/Sep/2025:02:04:35 -0700] "GET /wp-includes/css/index.php HTTP/1.1" 404 125 "-" "Go-http-client/1.1"
197.1.55.15 - - [13/Sep/2025:02:04:35 -0700] "GET /cgi-bin/wp-login.php HTTP/1.1" 404 125 "-" "Go-http-client/1.1"
197.1.55.15 - - [13/Sep/2025:02:04:36 -0700] "GET /wp-content/cong.php HTTP/1.1" 404 125 "-" "Go-http-client/1.1"
197.1.55.15 - - [13/Sep/2025:02:04:36 -0700] "GET /wp-admin/classwithtostring.php HTTP/1.1" 404 125 "-" "Go-http-client/1.1"
197.1.55.15 - - [13/Sep/2025:02:04:36 -0700] "GET /wp-includes/images/wp-login.php HTTP/1.1" 404 125 "-" "Go-http-client/1.1"
197.1.55.15 - - [13/Sep/2025:02:04:36 -0700] "GET /wp-includes/Requests/network.php HTTP/1.1" 404 125 "-" "Go-http-client/1.1"
197.1.55.15 - - [13/Sep/2025:02:04:36 -0700] "GET /wp-content/radio.php HTTP/1.1" 404 125 "-" "Go-http-client/1.1"
197.1.55.15 - - [13/Sep/2025:02:04:37 -0700] "GET /wp-admin/dropdown.php HTTP/1.1" 404 125 "-" "Go-http-client/1.1"
197.1.55.15 - - [13/Sep/2025:02:04:37 -0700] "GET /login.php HTTP/1.1" 404 125 "-" "Go-http-client/1.1"
197.1.55.15 - - [13/Sep/2025:02:04:37 -0700] "GET /hehehehe.php HTTP/1.1" 404 125 "-" "Go-http-client/1.1"
197.1.55.15 - - [13/Sep/2025:02:04:38 -0700] "GET /simple.php HTTP/1.1" 404 125 "-" "Go-http-client/1.1"
197.1.55.15 - - [13/Sep/2025:02:04:38 -0700] "GET /wp-includes/fonts/about.php HTTP/1.1" 404 125 "-" "Go-http-client/1.1"
197.1.55.15 - - [13/Sep/2025:02:04:38 -0700] "GET /wp-content/admin.php HTTP/1.1" 404 125 "-" "Go-http-client/1.1"
197.1.55.15 - - [13/Sep/2025:02:04:38 -0700] "GET /xmlrpc.php HTTP/1.1" 200 4782 "-" "Go-http-client/1.1"
66.249.72.37 - - [13/Sep/2025:02:04:46 -0700] "GET /?p=21300 HTTP/1.1" 200 37024 "-" "Mozilla/5.0 (Linux; Android 6.0.1; Nexus 5X Build/MMB29P) AppleWebKit/537.36 (KHTML, like Gecko) Chrome/140.0.7339.127 Mobile Safari/537.36 (compatible; Googlebot/2.1; +http://www.google.com/bot.html)"
107.20.105.74 - - [13/Sep/2025:02:04:53 -0700] "HEAD / HTTP/1.1" 200 0 "-" "DreamHost SiteMonitor 1.0"
138.197.173.224 - - [13/Sep/2025:02:05:39 -0700] "GET /app-ads.txt HTTP/1.1" 301 169 "-" "Mozilla/5.0 (Windows NT 10.0; Win64; x64) AppleWebKit/537.36 (KHTML, like Gecko) Chrome/137.0.0.0 Safari/537.36"
138.197.173.224 - - [13/Sep/2025:02:05:40 -0700] "GET /app-ads.txt HTTP/1.1" 404 189 "http://www.haitiopen.com/app-ads.txt" "Mozilla/5.0 (Windows NT 10.0; Win64; x64) AppleWebKit/537.36 (KHTML, like Gecko) Chrome/137.0.0.0 Safari/537.36"
138.197.173.224 - - [13/Sep/2025:02:05:40 -0700] "GET /app-ads.txt HTTP/1.1" 404 189 "-" "Mozilla/5.0 (Windows NT 10.0; Win64; x64) AppleWebKit/537.36 (KHTML, like Gecko) Chrome/137.0.0.0 Safari/537.36"
138.197.173.224 - - [13/Sep/2025:02:05:40 -0700] "GET /app-ads.txt HTTP/1.1" 301 169 "-" "Mozilla/5.0 (Windows NT 10.0; Win64; x64) AppleWebKit/537.36 (KHTML, like Gecko) Chrome/137.0.0.0 Safari/537.36"
138.197.173.224 - - [13/Sep/2025:02:05:40 -0700] "GET /app-ads.txt HTTP/1.1" 404 189 "http://www.haitiopen.com/app-ads.txt" "Mozilla/5.0 (Windows NT 10.0; Win64; x64) AppleWebKit/537.36 (KHTML, like Gecko) Chrome/137.0.0.0 Safari/537.36"
138.197.173.224 - - [13/Sep/2025:02:05:40 -0700] "GET /app-ads.txt HTTP/1.1" 404 189 "-" "Mozilla/5.0 (Windows NT 10.0; Win64; x64) AppleWebKit/537.36 (KHTML, like Gecko) Chrome/137.0.0.0 Safari/537.36"
138.197.173.224 - - [13/Sep/2025:02:05:40 -0700] "GET / HTTP/1.1" 200 54301 "-" "curl/7.81.0"
107.20.105.74 - - [13/Sep/2025:02:09:53 -0700] "HEAD / HTTP/1.1" 200 0 "-" "DreamHost SiteMonitor 1.0"
98.84.52.32 - - [13/Sep/2025:02:12:34 -0700] "GET / HTTP/1.1" 200 4782 "-" "Mozilla/5.0 (Windows NT 10.0; Win64; x64) AppleWebKit/537.36 (KHTML, like Gecko) Chrome/125.0.0.0 Safari/537.36"
216.244.66.247 - - [13/Sep/2025:02:12:55 -0700] "GET /robots.txt HTTP/1.1" 301 169 "-" "Mozilla/5.0 (compatible; DotBot/1.2; +https://opensiteexplorer.org/dotbot; help@moz.com)"
216.244.66.247 - - [13/Sep/2025:02:12:55 -0700] "GET /robots.txt HTTP/1.1" 200 92 "-" "Mozilla/5.0 (compatible; DotBot/1.2; +https://opensiteexplorer.org/dotbot; help@moz.com)"
66.249.72.37 - - [13/Sep/2025:02:14:23 -0700] "GET /author-sitemap.xml HTTP/1.1" 404 125 "-" "Mozilla/5.0 (compatible; Googlebot/2.1; +http://www.google.com/bot.html)"
107.20.105.74 - - [13/Sep/2025:02:14:53 -0700] "HEAD / HTTP/1.1" 200 0 "-" "DreamHost SiteMonitor 1.0"
66.249.72.39 - - [13/Sep/2025:02:18:23 -0700] "GET /?p=11195 HTTP/1.1" 200 36956 "-" "Mozilla/5.0 (Linux; Android 6.0.1; Nexus 5X Build/MMB29P) AppleWebKit/537.36 (KHTML, like Gecko) Chrome/140.0.7339.127 Mobile Safari/537.36 (compatible; Googlebot/2.1; +http://www.google.com/bot.html)"
197.1.55.15 - - [13/Sep/2025:02:18:28 -0700] "POST /wp-admin/admin-ajax.php?action=wps_membership_csv_file_upload HTTP/1.1" 200 8591 "www.google.com" "Mozilla/5.0 (Linux; Android 7.0; SM-G892A Build/NRD90M; wv) AppleWebKit/537.36 (KHTML, like Gecko) Version/4.0 Chrome/60.0.3112.107 Mobile Safari/537.36"
197.1.55.15 - - [13/Sep/2025:02:18:29 -0700] "GET /wp-content/uploads/mfw-activity-logger/csv-uploads/db.php HTTP/1.1" 404 125 "-" "python-requests/2.32.3"
157.245.50.152 - - [13/Sep/2025:02:19:43 -0700] "GET /wp-content/plugins/init-help/init.php HTTP/1.1" 404 189 "www.google.com" "Mozilla/5.0 (Linux; Android 7.0; SM-G892A Build/NRD90M; wv) AppleWebKit/537.36 (KHTML, like Gecko) Version/4.0 Chrome/60.0.3112.107 Mobile Safari/537.36"
107.20.105.74 - - [13/Sep/2025:02:19:54 -0700] "HEAD / HTTP/1.1" 200 0 "-" "DreamHost SiteMonitor 1.0"
197.1.55.15 - - [13/Sep/2025:02:20:06 -0700] "GET /wp-content/plugins/background-image-cropper/ups.php HTTP/1.1" 404 189 "www.google.com" "Mozilla/5.0 (Linux; Android 7.0; SM-G892A Build/NRD90M; wv) AppleWebKit/537.36 (KHTML, like Gecko) Version/4.0 Chrome/60.0.3112.107 Mobile Safari/537.36"
66.249.72.37 - - [13/Sep/2025:02:21:24 -0700] "GET /?p=9287 HTTP/1.1" 200 36947 "-" "Mozilla/5.0 (Linux; Android 6.0.1; Nexus 5X Build/MMB29P) AppleWebKit/537.36 (KHTML, like Gecko) Chrome/140.0.7339.127 Mobile Safari/537.36 (compatible; Googlebot/2.1; +http://www.google.com/bot.html)"
66.249.72.37 - - [13/Sep/2025:02:21:50 -0700] "GET /odr/order/apiGetCartItems/ HTTP/1.1" 404 189 "http://haitiopen.com/?p=9287" "Mozilla/5.0 (Linux; Android 6.0.1; Nexus 5X Build/MMB29P) AppleWebKit/537.36 (KHTML, like Gecko) Chrome/139.0.7258.127 Mobile Safari/537.36 (compatible; Googlebot/2.1; +http://www.google.com/bot.html)"
66.249.72.39 - - [13/Sep/2025:02:22:13 -0700] "GET /ctg/apiAllLCate/ HTTP/1.1" 404 189 "http://haitiopen.com/?p=9287" "Mozilla/5.0 (Linux; Android 6.0.1; Nexus 5X Build/MMB29P) AppleWebKit/537.36 (KHTML, like Gecko) Chrome/139.0.7258.127 Mobile Safari/537.36 (compatible; Googlebot/2.1; +http://www.google.com/bot.html)"
66.249.72.39 - - [13/Sep/2025:02:22:14 -0700] "GET /resource/js/json/megadrop_2015new.json HTTP/1.1" 404 189 "http://haitiopen.com/?p=9287" "Mozilla/5.0 (Linux; Android 6.0.1; Nexus 5X Build/MMB29P) AppleWebKit/537.36 (KHTML, like Gecko) Chrome/139.0.7258.127 Mobile Safari/537.36 (compatible; Googlebot/2.1; +http://www.google.com/bot.html)"
216.244.66.247 - - [13/Sep/2025:02:22:47 -0700] "GET /destinations/port-au-prince/pap-travel-guide HTTP/1.1" 301 169 "-" "Mozilla/5.0 (compatible; DotBot/1.2; +https://opensiteexplorer.org/dotbot; help@moz.com)"
66.249.72.37 - - [13/Sep/2025:02:23:25 -0700] "GET /?p=21832 HTTP/1.1" 200 37001 "-" "Mozilla/5.0 (Linux; Android 6.0.1; Nexus 5X Build/MMB29P) AppleWebKit/537.36 (KHTML, like Gecko) Chrome/140.0.7339.127 Mobile Safari/537.36 (compatible; Googlebot/2.1; +http://www.google.com/bot.html)"
157.230.253.5 - - [13/Sep/2025:02:23:57 -0700] "GET /wp-content/plugins/init-help/init.php HTTP/1.1" 404 189 "www.google.com" "Mozilla/5.0 (Linux; Android 7.0; SM-G892A Build/NRD90M; wv) AppleWebKit/537.36 (KHTML, like Gecko) Version/4.0 Chrome/60.0.3112.107 Mobile Safari/537.36"
66.249.72.38 - - [13/Sep/2025:02:24:26 -0700] "GET /?p=5174 HTTP/1.1" 200 36916 "-" "Mozilla/5.0 (Linux; Android 6.0.1; Nexus 5X Build/MMB29P) AppleWebKit/537.36 (KHTML, like Gecko) Chrome/140.0.7339.127 Mobile Safari/537.36 (compatible; Googlebot/2.1; +http://www.google.com/bot.html)"
197.1.55.15 - - [13/Sep/2025:02:24:43 -0700] "GET /wp-ver.php HTTP/1.1" 404 189 "-" "Mozilla/5.0 (Windows NT 10.0; Win64; x64) AppleWebKit/537.36 (KHTML, like Gecko) Chrome/58.0.3029.110 Safari/537.3"
197.1.55.15 - - [13/Sep/2025:02:24:44 -0700] "GET /inc.php HTTP/1.1" 404 189 "-" "Mozilla/5.0 (Windows NT 10.0; Win64; x64) AppleWebKit/537.36 (KHTML, like Gecko) Chrome/58.0.3029.110 Safari/537.3"
197.1.55.15 - - [13/Sep/2025:02:24:44 -0700] "GET /inputs.php HTTP/1.1" 404 189 "-" "Mozilla/5.0 (Windows NT 10.0; Win64; x64) AppleWebKit/537.36 (KHTML, like Gecko) Chrome/58.0.3029.110 Safari/537.3"
197.1.55.15 - - [13/Sep/2025:02:24:44 -0700] "GET /atomlib.php HTTP/1.1" 404 189 "-" "Mozilla/5.0 (Windows NT 10.0; Win64; x64) AppleWebKit/537.36 (KHTML, like Gecko) Chrome/58.0.3029.110 Safari/537.3"
197.1.55.15 - - [13/Sep/2025:02:24:44 -0700] "GET /simple.php?p=2f686f6d652f7074317464616379696b39722f7075626c69635f68746d6c&tod=75706c6f6164 HTTP/1.1" 404 189 "-" "Mozilla/5.0 (Windows NT 10.0; Win64; x64) AppleWebKit/537.36 (KHTML, like Gecko) Chrome/58.0.3029.110 Safari/537.3"
197.1.55.15 - - [13/Sep/2025:02:24:45 -0700] "GET /qindex.php HTTP/1.1" 404 189 "-" "Mozilla/5.0 (Windows NT 10.0; Win64; x64) AppleWebKit/537.36 (KHTML, like Gecko) Chrome/58.0.3029.110 Safari/537.3"
197.1.55.15 - - [13/Sep/2025:02:24:45 -0700] "GET /wp-atom.php HTTP/1.1" 404 189 "-" "Mozilla/5.0 (Windows NT 10.0; Win64; x64) AppleWebKit/537.36 (KHTML, like Gecko) Chrome/58.0.3029.110 Safari/537.3"
197.1.55.15 - - [13/Sep/2025:02:24:45 -0700] "GET /unlockindex.php HTTP/1.1" 404 189 "-" "Mozilla/5.0 (Windows NT 10.0; Win64; x64) AppleWebKit/537.36 (KHTML, like Gecko) Chrome/58.0.3029.110 Safari/537.3"
197.1.55.15 - - [13/Sep/2025:02:24:46 -0700] "GET /lockindex.php HTTP/1.1" 404 189 "-" "Mozilla/5.0 (Windows NT 10.0; Win64; x64) AppleWebKit/537.36 (KHTML, like Gecko) Chrome/58.0.3029.110 Safari/537.3"
197.1.55.15 - - [13/Sep/2025:02:24:46 -0700] "GET /csv.php HTTP/1.1" 404 189 "-" "Mozilla/5.0 (Windows NT 10.0; Win64; x64) AppleWebKit/537.36 (KHTML, like Gecko) Chrome/58.0.3029.110 Safari/537.3"
197.1.55.15 - - [13/Sep/2025:02:24:46 -0700] "GET /atomlib.php HTTP/1.1" 404 189 "-" "Mozilla/5.0 (Windows NT 10.0; Win64; x64) AppleWebKit/537.36 (KHTML, like Gecko) Chrome/58.0.3029.110 Safari/537.3"
197.1.55.15 - - [13/Sep/2025:02:24:46 -0700] "GET /nf_tracking.php HTTP/1.1" 404 189 "-" "Mozilla/5.0 (Windows NT 10.0; Win64; x64) AppleWebKit/537.36 (KHTML, like Gecko) Chrome/58.0.3029.110 Safari/537.3"
197.1.55.15 - - [13/Sep/2025:02:24:47 -0700] "GET /alfanew.php7 HTTP/1.1" 404 189 "-" "Mozilla/5.0 (Windows NT 10.0; Win64; x64) AppleWebKit/537.36 (KHTML, like Gecko) Chrome/58.0.3029.110 Safari/537.3"
197.1.55.15 - - [13/Sep/2025:02:24:47 -0700] "GET /wp-info.php HTTP/1.1" 404 189 "-" "Mozilla/5.0 (Windows NT 10.0; Win64; x64) AppleWebKit/537.36 (KHTML, like Gecko) Chrome/58.0.3029.110 Safari/537.3"
197.1.55.15 - - [13/Sep/2025:02:24:47 -0700] "GET /inputs.php HTTP/1.1" 404 189 "-" "Mozilla/5.0 (Windows NT 10.0; Win64; x64) AppleWebKit/537.36 (KHTML, like Gecko) Chrome/58.0.3029.110 Safari/537.3"
197.1.55.15 - - [13/Sep/2025:02:24:47 -0700] "GET /cong.php HTTP/1.1" 404 189 "-" "Mozilla/5.0 (Windows NT 10.0; Win64; x64) AppleWebKit/537.36 (KHTML, like Gecko) Chrome/58.0.3029.110 Safari/537.3"
197.1.55.15 - - [13/Sep/2025:02:24:48 -0700] "GET /style.php HTTP/1.1" 404 189 "-" "Mozilla/5.0 (Windows NT 10.0; Win64; x64) AppleWebKit/537.36 (KHTML, like Gecko) Chrome/58.0.3029.110 Safari/537.3"
197.1.55.15 - - [13/Sep/2025:02:24:48 -0700] "GET /wp-commentin.php?pass=f0aab4595a024d626315fb786dce8282 HTTP/1.1" 404 189 "-" "Mozilla/5.0 (Windows NT 10.0; Win64; x64) AppleWebKit/537.36 (KHTML, like Gecko) Chrome/58.0.3029.110 Safari/537.3"
197.1.55.15 - - [13/Sep/2025:02:24:48 -0700] "GET /x.php?action=768776e296b6f286f26796e2a72607e2972647 HTTP/1.1" 404 189 "-" "Mozilla/5.0 (Windows NT 10.0; Win64; x64) AppleWebKit/537.36 (KHTML, like Gecko) Chrome/58.0.3029.110 Safari/537.3"
107.20.105.74 - - [13/Sep/2025:02:24:53 -0700] "HEAD / HTTP/1.1" 200 0 "-" "DreamHost SiteMonitor 1.0"
197.1.55.15 - - [13/Sep/2025:02:25:01 -0700] "GET / HTTP/1.1" 200 54292 "-" "Mozilla/5.0 (Windows NT 10.0; Win64; x64) AppleWebKit/537.36 (KHTML, like Gecko) Chrome/95.0.4638.69 Safari/537.36"
197.1.55.15 - - [13/Sep/2025:02:25:02 -0700] "GET /wp-includes/ID3/license.txt HTTP/1.1" 200 1396 "-" "Mozilla/5.0 (Windows NT 10.0; Win64; x64) AppleWebKit/537.36 (KHTML, like Gecko) Chrome/95.0.4638.69 Safari/537.36"
197.1.55.15 - - [13/Sep/2025:02:25:03 -0700] "GET /feed/ HTTP/1.1" 404 555 "-" "Mozilla/5.0 (Windows NT 10.0; Win64; x64) AppleWebKit/537.36 (KHTML, like Gecko) Chrome/95.0.4638.69 Safari/537.36"
197.1.55.15 - - [13/Sep/2025:02:25:04 -0700] "GET /xmlrpc.php?rsd HTTP/1.1" 200 54301 "-" "Mozilla/5.0 (Windows NT 10.0; Win64; x64) AppleWebKit/537.36 (KHTML, like Gecko) Chrome/95.0.4638.69 Safari/537.36"
197.1.55.15 - - [13/Sep/2025:02:25:04 -0700] "GET /blog/wp-includes/wlwmanifest.xml HTTP/1.1" 404 555 "-" "Mozilla/5.0 (Windows NT 10.0; Win64; x64) AppleWebKit/537.36 (KHTML, like Gecko) Chrome/95.0.4638.69 Safari/537.36"
197.1.55.15 - - [13/Sep/2025:02:25:05 -0700] "GET /web/wp-includes/wlwmanifest.xml HTTP/1.1" 404 555 "-" "Mozilla/5.0 (Windows NT 10.0; Win64; x64) AppleWebKit/537.36 (KHTML, like Gecko) Chrome/95.0.4638.69 Safari/537.36"
197.1.55.15 - - [13/Sep/2025:02:25:06 -0700] "GET /wordpress/wp-includes/wlwmanifest.xml HTTP/1.1" 404 555 "-" "Mozilla/5.0 (Windows NT 10.0; Win64; x64) AppleWebKit/537.36 (KHTML, like Gecko) Chrome/95.0.4638.69 Safari/537.36"
197.1.55.15 - - [13/Sep/2025:02:25:07 -0700] "GET /wp/wp-includes/wlwmanifest.xml HTTP/1.1" 404 555 "-" "Mozilla/5.0 (Windows NT 10.0; Win64; x64) AppleWebKit/537.36 (KHTML, like Gecko) Chrome/95.0.4638.69 Safari/537.36"
197.1.55.15 - - [13/Sep/2025:02:25:07 -0700] "GET /2020/wp-includes/wlwmanifest.xml HTTP/1.1" 404 555 "-" "Mozilla/5.0 (Windows NT 10.0; Win64; x64) AppleWebKit/537.36 (KHTML, like Gecko) Chrome/95.0.4638.69 Safari/537.36"
197.1.55.15 - - [13/Sep/2025:02:25:08 -0700] "GET /2019/wp-includes/wlwmanifest.xml HTTP/1.1" 404 555 "-" "Mozilla/5.0 (Windows NT 10.0; Win64; x64) AppleWebKit/537.36 (KHTML, like Gecko) Chrome/95.0.4638.69 Safari/537.36"
197.1.55.15 - - [13/Sep/2025:02:25:08 -0700] "GET /2021/wp-includes/wlwmanifest.xml HTTP/1.1" 404 555 "-" "Mozilla/5.0 (Windows NT 10.0; Win64; x64) AppleWebKit/537.36 (KHTML, like Gecko) Chrome/95.0.4638.69 Safari/537.36"
197.1.55.15 - - [13/Sep/2025:02:25:09 -0700] "GET /shop/wp-includes/wlwmanifest.xml HTTP/1.1" 404 555 "-" "Mozilla/5.0 (Windows NT 10.0; Win64; x64) AppleWebKit/537.36 (KHTML, like Gecko) Chrome/95.0.4638.69 Safari/537.36"
197.1.55.15 - - [13/Sep/2025:02:25:09 -0700] "GET /wp1/wp-includes/wlwmanifest.xml HTTP/1.1" 404 555 "-" "Mozilla/5.0 (Windows NT 10.0; Win64; x64) AppleWebKit/537.36 (KHTML, like Gecko) Chrome/95.0.4638.69 Safari/537.36"
197.1.55.15 - - [13/Sep/2025:02:25:10 -0700] "GET /test/wp-includes/wlwmanifest.xml HTTP/1.1" 404 555 "-" "Mozilla/5.0 (Windows NT 10.0; Win64; x64) AppleWebKit/537.36 (KHTML, like Gecko) Chrome/95.0.4638.69 Safari/537.36"
197.1.55.15 - - [13/Sep/2025:02:25:10 -0700] "GET /site/wp-includes/wlwmanifest.xml HTTP/1.1" 404 555 "-" "Mozilla/5.0 (Windows NT 10.0; Win64; x64) AppleWebKit/537.36 (KHTML, like Gecko) Chrome/95.0.4638.69 Safari/537.36"
