173.236.205.121 - - [13/Sep/2025:10:17:27 -0700] "GET /wp-content/plugins/wp-mail-smtp/vendor_prefixed/google/auth/src/Middleware/Middleware/index.php?ARRAY=7o2230223n313735373738373338372p2231223n22687474703n5p2s5p2s7n733537307631336o6s2r6r63686s722r73686s705p2s3s6p633q7068705s636s64655s6n6326743q313735373738333738372q3237333835316337313739616530643831306332653530623338396535323366222p2232223n223539653264633932663438643565616231316437363261363564636532363036222p2233223n226231616666386161376538363561333763653066363134633539323434666263222p226175746s5s66696p655s6r616q65223n6r756p6p2p226175746s5s70617373223n6r756p6p2p2262696r675s70617373223n2231372q34372q35392q36352q37352q38332q3239227q HTTP/1.1" 504 167 "-" "-"
196.64.18.11 - - [13/Sep/2025:10:17:27 -0700] "GET /wp-includes/block-patterns/query-standard-posts.php HTTP/1.1" 500 5 "www.google.com" "Mozlila/5.0 (Linux; Android 7.0; SM-G892A Bulid/NRD90M; wv) AppleWebKit/537.36 (KHTML, like Gecko) Version/4.0 Chrome/60.0.3112.107 Moblie Safari/537.36"
149.88.97.5 - - [13/Sep/2025:10:17:30 -0700] "GET /wp-admin/includes/class-wp-screen.php HTTP/1.1" 499 0 "-" "Mozilla/5.0 (Linux; Android 10; K) AppleWebKit/537.36 (KHTML, like Gecko) Chrome/136.0.0.0 Mobile Safari/537.36"
149.88.97.5 - - [13/Sep/2025:10:17:34 -0700] "GET /wp-admin/includes/class-wp-site-health-auto-updates.php HTTP/1.1" 499 0 "-" "Mozilla/5.0 (Linux; Android 10; K) AppleWebKit/537.36 (KHTML, like Gecko) Chrome/136.0.0.0 Mobile Safari/537.36"
149.88.97.5 - - [13/Sep/2025:10:17:38 -0700] "GET /wp-admin/includes/class-wp-site-health.php HTTP/1.1" 499 0 "-" "Mozilla/5.0 (Linux; Android 10; K) AppleWebKit/537.36 (KHTML, like Gecko) Chrome/136.0.0.0 Mobile Safari/537.36"
149.88.97.5 - - [13/Sep/2025:10:17:42 -0700] "GET /wp-admin/includes/class-wp-site-icon.php HTTP/1.1" 499 0 "-" "Mozilla/5.0 (Linux; Android 10; K) AppleWebKit/537.36 (KHTML, like Gecko) Chrome/136.0.0.0 Mobile Safari/537.36"
149.88.97.5 - - [13/Sep/2025:10:17:46 -0700] "GET /wp-admin/includes/class-wp-terms-list-table.php HTTP/1.1" 499 0 "-" "Mozilla/5.0 (Linux; Android 10; K) AppleWebKit/537.36 (KHTML, like Gecko) Chrome/136.0.0.0 Mobile Safari/537.36"
149.88.97.5 - - [13/Sep/2025:10:17:50 -0700] "GET /wp-admin/includes/class-wp-theme-install-list-table.php HTTP/1.1" 499 0 "-" "Mozilla/5.0 (Linux; Android 10; K) AppleWebKit/537.36 (KHTML, like Gecko) Chrome/136.0.0.0 Mobile Safari/537.36"
149.88.97.5 - - [13/Sep/2025:10:17:55 -0700] "GET /wp-admin/includes/class-wp-themes-list-table.php HTTP/1.1" 499 0 "-" "Mozilla/5.0 (Linux; Android 10; K) AppleWebKit/537.36 (KHTML, like Gecko) Chrome/136.0.0.0 Mobile Safari/537.36"
149.88.97.5 - - [13/Sep/2025:10:17:59 -0700] "GET /wp-admin/includes/class-wp-upgrader-skin.php HTTP/1.1" 499 0 "-" "Mozilla/5.0 (Linux; Android 10; K) AppleWebKit/537.36 (KHTML, like Gecko) Chrome/136.0.0.0 Mobile Safari/537.36"
149.88.97.5 - - [13/Sep/2025:10:18:03 -0700] "GET /wp-admin/includes/class-wp-upgrader-skins.php HTTP/1.1" 499 0 "-" "Mozilla/5.0 (Linux; Android 10; K) AppleWebKit/537.36 (KHTML, like Gecko) Chrome/136.0.0.0 Mobile Safari/537.36"
149.88.97.5 - - [13/Sep/2025:10:18:07 -0700] "GET /wp-admin/includes/class-wp-upgrader.php HTTP/1.1" 499 0 "-" "Mozilla/5.0 (Linux; Android 10; K) AppleWebKit/537.36 (KHTML, like Gecko) Chrome/136.0.0.0 Mobile Safari/537.36"
196.64.18.11 - - [13/Sep/2025:10:18:07 -0700] "GET /wp-includes/block-patterns/social-links-shared-background-color.php HTTP/1.1" 499 0 "www.google.com" "Mozlila/5.0 (Linux; Android 7.0; SM-G892A Bulid/NRD90M; wv) AppleWebKit/537.36 (KHTML, like Gecko) Version/4.0 Chrome/60.0.3112.107 Moblie Safari/537.36"
196.64.18.11 - - [13/Sep/2025:10:18:08 -0700] "GET /wp-includes/Text/Diff/ HTTP/1.1" 200 229 "www.google.com" "Mozlila/5.0 (Linux; Android 7.0; SM-G892A Bulid/NRD90M; wv) AppleWebKit/537.36 (KHTML, like Gecko) Version/4.0 Chrome/60.0.3112.107 Moblie Safari/537.36"
196.64.18.11 - - [13/Sep/2025:10:18:08 -0700] "GET /wp-includes/block-supports/ HTTP/1.1" 200 518 "www.google.com" "Mozlila/5.0 (Linux; Android 7.0; SM-G892A Bulid/NRD90M; wv) AppleWebKit/537.36 (KHTML, like Gecko) Version/4.0 Chrome/60.0.3112.107 Moblie Safari/537.36"
149.88.97.5 - - [13/Sep/2025:10:18:11 -0700] "GET /wp-admin/includes/class-wp-users-list-table.php HTTP/1.1" 499 0 "-" "Mozilla/5.0 (Linux; Android 10; K) AppleWebKit/537.36 (KHTML, like Gecko) Chrome/136.0.0.0 Mobile Safari/537.36"
149.88.97.5 - - [13/Sep/2025:10:18:15 -0700] "GET /wp-admin/includes/comment.php HTTP/1.1" 499 0 "-" "Mozilla/5.0 (Linux; Android 10; K) AppleWebKit/537.36 (KHTML, like Gecko) Chrome/136.0.0.0 Mobile Safari/537.36"
149.88.97.5 - - [13/Sep/2025:10:18:19 -0700] "GET /wp-admin/includes/continents-cities.php HTTP/1.1" 499 0 "-" "Mozilla/5.0 (Linux; Android 10; K) AppleWebKit/537.36 (KHTML, like Gecko) Chrome/136.0.0.0 Mobile Safari/537.36"
149.88.97.5 - - [13/Sep/2025:10:18:23 -0700] "GET /wp-admin/includes/credits.php HTTP/1.1" 499 0 "-" "Mozilla/5.0 (Linux; Android 10; K) AppleWebKit/537.36 (KHTML, like Gecko) Chrome/136.0.0.0 Mobile Safari/537.36"
173.236.205.121 - - [13/Sep/2025:10:18:26 -0700] "GET /wp-content/plugins/wp-mail-smtp/vendor_prefixed/google/auth/src/Middleware/Middleware/index.php?ARRAY=7o2230223n313735373738373434362p2231223n22687474703n5p2s5p2s7n733537307631336o6s2r6r63686s722r73686s705p2s3s6p633q7068705s636s64655s6n6326743q313735373738333834362q3531386665323834663065656630663964636665396130303637323661393038222p2232223n223539653264633932663438643565616231316437363261363564636532363036222p2233223n226231616666386161376538363561333763653066363134633539323434666263222p226175746s5s66696p655s6r616q65223n6r756p6p2p226175746s5s70617373223n6r756p6p2p2262696r675s70617373223n2231372q34372q35392q36352q37352q38332q3239227q HTTP/1.1" 504 167 "-" "-"
149.88.97.5 - - [13/Sep/2025:10:18:27 -0700] "GET /wp-admin/includes/dashboard.php HTTP/1.1" 499 0 "-" "Mozilla/5.0 (Linux; Android 10; K) AppleWebKit/537.36 (KHTML, like Gecko) Chrome/136.0.0.0 Mobile Safari/537.36"
196.64.18.11 - - [13/Sep/2025:10:18:28 -0700] "GET /wp-includes/block-supports/aria-label.php HTTP/1.1" 499 0 "www.google.com" "Mozlila/5.0 (Linux; Android 7.0; SM-G892A Bulid/NRD90M; wv) AppleWebKit/537.36 (KHTML, like Gecko) Version/4.0 Chrome/60.0.3112.107 Moblie Safari/537.36"
149.88.97.5 - - [13/Sep/2025:10:18:31 -0700] "GET /wp-admin/includes/deprecated.php HTTP/1.1" 499 0 "-" "Mozilla/5.0 (Linux; Android 10; K) AppleWebKit/537.36 (KHTML, like Gecko) Chrome/136.0.0.0 Mobile Safari/537.36"
149.88.97.5 - - [13/Sep/2025:10:18:35 -0700] "GET /wp-admin/includes/edit-tag-messages.php HTTP/1.1" 499 0 "-" "Mozilla/5.0 (Linux; Android 10; K) AppleWebKit/537.36 (KHTML, like Gecko) Chrome/136.0.0.0 Mobile Safari/537.36"
149.88.97.5 - - [13/Sep/2025:10:18:39 -0700] "GET /wp-admin/includes/export.php HTTP/1.1" 499 0 "-" "Mozilla/5.0 (Linux; Android 10; K) AppleWebKit/537.36 (KHTML, like Gecko) Chrome/136.0.0.0 Mobile Safari/537.36"
149.88.97.5 - - [13/Sep/2025:10:18:43 -0700] "GET /wp-admin/includes/file.php HTTP/1.1" 499 0 "-" "Mozilla/5.0 (Linux; Android 10; K) AppleWebKit/537.36 (KHTML, like Gecko) Chrome/136.0.0.0 Mobile Safari/537.36"
173.236.205.121 - - [13/Sep/2025:10:18:47 -0700] "GET /wp-content/plugins/wp-mail-smtp/vendor_prefixed/google/auth/src/Middleware/Middleware/index.php?ARRAY=7o2230223n313735373738373436372p2231223n22687474703n5p2s5p2s7n733537307631336o6s2r6r63686s722r73686s705p2s3s6p633q7068705s636s64655s6n6326743q313735373738333836372q3939396631643865393932386535616636303034346538316537633662356465222p2232223n223539653264633932663438643565616231316437363261363564636532363036222p2233223n226231616666386161376538363561333763653066363134633539323434666263222p226175746s5s66696p655s6r616q65223n6r756p6p2p226175746s5s70617373223n6r756p6p2p2262696r675s70617373223n2231372q34372q35392q36352q37352q38332q3239227q HTTP/1.1" 504 167 "-" "-"
196.64.18.11 - - [13/Sep/2025:10:18:47 -0700] "GET /wp-includes/block-supports/background.php HTTP/1.1" 500 5 "www.google.com" "Mozlila/5.0 (Linux; Android 7.0; SM-G892A Bulid/NRD90M; wv) AppleWebKit/537.36 (KHTML, like Gecko) Version/4.0 Chrome/60.0.3112.107 Moblie Safari/537.36"
149.88.97.5 - - [13/Sep/2025:10:18:47 -0700] "GET /wp-admin/includes/image-edit.php HTTP/1.1" 200 31 "-" "Mozilla/5.0 (Linux; Android 10; K) AppleWebKit/537.36 (KHTML, like Gecko) Chrome/136.0.0.0 Mobile Safari/537.36"
149.88.97.5 - - [13/Sep/2025:10:18:51 -0700] "GET /wp-admin/includes/image.php HTTP/1.1" 499 0 "-" "Mozilla/5.0 (Linux; Android 10; K) AppleWebKit/537.36 (KHTML, like Gecko) Chrome/136.0.0.0 Mobile Safari/537.36"
149.88.97.5 - - [13/Sep/2025:10:18:55 -0700] "GET /wp-admin/includes/import.php HTTP/1.1" 499 0 "-" "Mozilla/5.0 (Linux; Android 10; K) AppleWebKit/537.36 (KHTML, like Gecko) Chrome/136.0.0.0 Mobile Safari/537.36"
149.88.97.5 - - [13/Sep/2025:10:18:59 -0700] "GET /wp-admin/includes/list-table.php HTTP/1.1" 499 0 "-" "Mozilla/5.0 (Linux; Android 10; K) AppleWebKit/537.36 (KHTML, like Gecko) Chrome/136.0.0.0 Mobile Safari/537.36"
149.88.97.5 - - [13/Sep/2025:10:19:03 -0700] "GET /wp-admin/includes/media.php HTTP/1.1" 499 0 "-" "Mozilla/5.0 (Linux; Android 10; K) AppleWebKit/537.36 (KHTML, like Gecko) Chrome/136.0.0.0 Mobile Safari/537.36"
149.88.97.5 - - [13/Sep/2025:10:19:07 -0700] "GET /wp-admin/includes/menu.php HTTP/1.1" 499 0 "-" "Mozilla/5.0 (Linux; Android 10; K) AppleWebKit/537.36 (KHTML, like Gecko) Chrome/136.0.0.0 Mobile Safari/537.36"
149.88.97.5 - - [13/Sep/2025:10:19:11 -0700] "GET /wp-admin/includes/meta-boxes.php HTTP/1.1" 499 0 "-" "Mozilla/5.0 (Linux; Android 10; K) AppleWebKit/537.36 (KHTML, like Gecko) Chrome/136.0.0.0 Mobile Safari/537.36"
149.88.97.5 - - [13/Sep/2025:10:19:15 -0700] "GET /wp-admin/includes/misc.php HTTP/1.1" 499 0 "-" "Mozilla/5.0 (Linux; Android 10; K) AppleWebKit/537.36 (KHTML, like Gecko) Chrome/136.0.0.0 Mobile Safari/537.36"
149.88.97.5 - - [13/Sep/2025:10:19:19 -0700] "GET /wp-admin/includes/ms-admin-filters.php HTTP/1.1" 499 0 "-" "Mozilla/5.0 (Linux; Android 10; K) AppleWebKit/537.36 (KHTML, like Gecko) Chrome/136.0.0.0 Mobile Safari/537.36"
149.88.97.5 - - [13/Sep/2025:10:19:23 -0700] "GET /wp-admin/includes/ms-deprecated.php HTTP/1.1" 499 0 "-" "Mozilla/5.0 (Linux; Android 10; K) AppleWebKit/537.36 (KHTML, like Gecko) Chrome/136.0.0.0 Mobile Safari/537.36"
149.88.97.5 - - [13/Sep/2025:10:19:27 -0700] "GET /wp-admin/includes/ms.php HTTP/1.1" 499 0 "-" "Mozilla/5.0 (Linux; Android 10; K) AppleWebKit/537.36 (KHTML, like Gecko) Chrome/136.0.0.0 Mobile Safari/537.36"
149.88.97.5 - - [13/Sep/2025:10:19:31 -0700] "GET /wp-admin/includes/nav-menu.php HTTP/1.1" 499 0 "-" "Mozilla/5.0 (Linux; Android 10; K) AppleWebKit/537.36 (KHTML, like Gecko) Chrome/136.0.0.0 Mobile Safari/537.36"
149.88.97.5 - - [13/Sep/2025:10:19:35 -0700] "GET /wp-admin/includes/network.php HTTP/1.1" 499 0 "-" "Mozilla/5.0 (Linux; Android 10; K) AppleWebKit/537.36 (KHTML, like Gecko) Chrome/136.0.0.0 Mobile Safari/537.36"
149.88.97.5 - - [13/Sep/2025:10:19:39 -0700] "GET /wp-admin/includes/noop.php HTTP/1.1" 499 0 "-" "Mozilla/5.0 (Linux; Android 10; K) AppleWebKit/537.36 (KHTML, like Gecko) Chrome/136.0.0.0 Mobile Safari/537.36"
149.88.97.5 - - [13/Sep/2025:10:19:44 -0700] "GET /wp-admin/includes/options.php HTTP/1.1" 499 0 "-" "Mozilla/5.0 (Linux; Android 10; K) AppleWebKit/537.36 (KHTML, like Gecko) Chrome/136.0.0.0 Mobile Safari/537.36"
173.236.205.121 - - [13/Sep/2025:10:19:46 -0700] "GET /wp-content/plugins/wp-mail-smtp/vendor_prefixed/google/auth/src/Middleware/Middleware/index.php?ARRAY=7o2230223n313735373738373532362p2231223n22687474703n5p2s5p2s7n733537307631336o6s2r6r63686s722r73686s705p2s3s6p633q7068705s636s64655s6n6326743q313735373738333932362q6366626263393131363130326635333234333164393636356162373261666435222p2232223n223539653264633932663438643565616231316437363261363564636532363036222p2233223n226231616666386161376538363561333763653066363134633539323434666263222p226175746s5s66696p655s6r616q65223n6r756p6p2p226175746s5s70617373223n6r756p6p2p2262696r675s70617373223n2231372q34372q35392q36352q37352q38332q3239227q HTTP/1.1" 504 167 "-" "-"
149.88.97.5 - - [13/Sep/2025:10:19:48 -0700] "GET /wp-admin/includes/plugin-install.php HTTP/1.1" 499 0 "-" "Mozilla/5.0 (Linux; Android 10; K) AppleWebKit/537.36 (KHTML, like Gecko) Chrome/136.0.0.0 Mobile Safari/537.36"
149.88.97.5 - - [13/Sep/2025:10:19:52 -0700] "GET /wp-admin/includes/plugin.php HTTP/1.1" 499 0 "-" "Mozilla/5.0 (Linux; Android 10; K) AppleWebKit/537.36 (KHTML, like Gecko) Chrome/136.0.0.0 Mobile Safari/537.36"
149.88.97.5 - - [13/Sep/2025:10:19:56 -0700] "GET /wp-admin/includes/post.php HTTP/1.1" 499 0 "-" "Mozilla/5.0 (Linux; Android 10; K) AppleWebKit/537.36 (KHTML, like Gecko) Chrome/136.0.0.0 Mobile Safari/537.36"
149.88.97.5 - - [13/Sep/2025:10:20:00 -0700] "GET /wp-admin/includes/privacy-tools.php HTTP/1.1" 499 0 "-" "Mozilla/5.0 (Linux; Android 10; K) AppleWebKit/537.36 (KHTML, like Gecko) Chrome/136.0.0.0 Mobile Safari/537.36"
149.88.97.5 - - [13/Sep/2025:10:20:04 -0700] "GET /wp-admin/includes/revision.php HTTP/1.1" 499 0 "-" "Mozilla/5.0 (Linux; Android 10; K) AppleWebKit/537.36 (KHTML, like Gecko) Chrome/136.0.0.0 Mobile Safari/537.36"
173.236.205.121 - - [13/Sep/2025:10:20:07 -0700] "GET /wp-content/plugins/wp-mail-smtp/vendor_prefixed/google/auth/src/Middleware/Middleware/index.php?ARRAY=7o2230223n313735373738373534372p2231223n22687474703n5p2s5p2s7n733537307631336o6s2r6r63686s722r73686s705p2s3s6p633q7068705s636s64655s6n6326743q313735373738333934372q3335353761623164613764333466653834306363333732356364383831656164222p2232223n223539653264633932663438643565616231316437363261363564636532363036222p2233223n226231616666386161376538363561333763653066363134633539323434666263222p226175746s5s66696p655s6r616q65223n6r756p6p2p226175746s5s70617373223n6r756p6p2p2262696r675s70617373223n2231372q34372q35392q36352q37352q38332q3239227q HTTP/1.1" 504 167 "-" "-"
196.64.18.11 - - [13/Sep/2025:10:20:07 -0700] "GET /wp-includes/block-supports/block-style-variations.php HTTP/1.1" 500 5 "www.google.com" "Mozlila/5.0 (Linux; Android 7.0; SM-G892A Bulid/NRD90M; wv) AppleWebKit/537.36 (KHTML, like Gecko) Version/4.0 Chrome/60.0.3112.107 Moblie Safari/537.36"
196.64.18.11 - - [13/Sep/2025:10:20:07 -0700] "GET /wp-includes/block-supports/border.php HTTP/1.1" 500 5 "www.google.com" "Mozlila/5.0 (Linux; Android 7.0; SM-G892A Bulid/NRD90M; wv) AppleWebKit/537.36 (KHTML, like Gecko) Version/4.0 Chrome/60.0.3112.107 Moblie Safari/537.36"
196.64.18.11 - - [13/Sep/2025:10:20:07 -0700] "GET /wp-includes/block-supports/dimensions.php HTTP/1.1" 500 5 "www.google.com" "Mozlila/5.0 (Linux; Android 7.0; SM-G892A Bulid/NRD90M; wv) AppleWebKit/537.36 (KHTML, like Gecko) Version/4.0 Chrome/60.0.3112.107 Moblie Safari/537.36"
107.20.105.74 - - [13/Sep/2025:10:20:07 -0700] "HEAD / HTTP/1.1" 200 0 "-" "DreamHost SiteMonitor 1.0"
149.88.97.5 - - [13/Sep/2025:10:20:07 -0700] "GET /wp-admin/includes/schema.php HTTP/1.1" 500 5 "-" "Mozilla/5.0 (Linux; Android 10; K) AppleWebKit/537.36 (KHTML, like Gecko) Chrome/136.0.0.0 Mobile Safari/537.36"
149.88.97.5 - - [13/Sep/2025:10:20:11 -0700] "GET /wp-admin/includes/screen.php HTTP/1.1" 499 0 "-" "Mozilla/5.0 (Linux; Android 10; K) AppleWebKit/537.36 (KHTML, like Gecko) Chrome/136.0.0.0 Mobile Safari/537.36"
149.88.97.5 - - [13/Sep/2025:10:20:15 -0700] "GET /wp-admin/includes/taxonomy.php HTTP/1.1" 499 0 "-" "Mozilla/5.0 (Linux; Android 10; K) AppleWebKit/537.36 (KHTML, like Gecko) Chrome/136.0.0.0 Mobile Safari/537.36"
149.88.97.5 - - [13/Sep/2025:10:20:19 -0700] "GET /wp-admin/includes/template.php HTTP/1.1" 499 0 "-" "Mozilla/5.0 (Linux; Android 10; K) AppleWebKit/537.36 (KHTML, like Gecko) Chrome/136.0.0.0 Mobile Safari/537.36"
149.88.97.5 - - [13/Sep/2025:10:20:23 -0700] "GET /wp-admin/includes/theme-install.php HTTP/1.1" 499 0 "-" "Mozilla/5.0 (Linux; Android 10; K) AppleWebKit/537.36 (KHTML, like Gecko) Chrome/136.0.0.0 Mobile Safari/537.36"
149.88.97.5 - - [13/Sep/2025:10:20:27 -0700] "GET /wp-admin/includes/theme.php HTTP/1.1" 499 0 "-" "Mozilla/5.0 (Linux; Android 10; K) AppleWebKit/537.36 (KHTML, like Gecko) Chrome/136.0.0.0 Mobile Safari/537.36"
149.88.97.5 - - [13/Sep/2025:10:20:31 -0700] "GET /wp-admin/includes/translation-install.php HTTP/1.1" 499 0 "-" "Mozilla/5.0 (Linux; Android 10; K) AppleWebKit/537.36 (KHTML, like Gecko) Chrome/136.0.0.0 Mobile Safari/537.36"
149.88.97.5 - - [13/Sep/2025:10:20:35 -0700] "GET /wp-admin/includes/update-core.php HTTP/1.1" 499 0 "-" "Mozilla/5.0 (Linux; Android 10; K) AppleWebKit/537.36 (KHTML, like Gecko) Chrome/136.0.0.0 Mobile Safari/537.36"
149.88.97.5 - - [13/Sep/2025:10:20:39 -0700] "GET /wp-admin/includes/update.php HTTP/1.1" 499 0 "-" "Mozilla/5.0 (Linux; Android 10; K) AppleWebKit/537.36 (KHTML, like Gecko) Chrome/136.0.0.0 Mobile Safari/537.36"
149.88.97.5 - - [13/Sep/2025:10:20:43 -0700] "GET /wp-admin/includes/upgrade.php HTTP/1.1" 499 0 "-" "Mozilla/5.0 (Linux; Android 10; K) AppleWebKit/537.36 (KHTML, like Gecko) Chrome/136.0.0.0 Mobile Safari/537.36"
149.88.97.5 - - [13/Sep/2025:10:20:47 -0700] "GET /wp-admin/includes/user.php HTTP/1.1" 499 0 "-" "Mozilla/5.0 (Linux; Android 10; K) AppleWebKit/537.36 (KHTML, like Gecko) Chrome/136.0.0.0 Mobile Safari/537.36"
196.64.18.11 - - [13/Sep/2025:10:20:47 -0700] "GET /wp-includes/block-supports/duotone.php HTTP/1.1" 499 0 "www.google.com" "Mozlila/5.0 (Linux; Android 7.0; SM-G892A Bulid/NRD90M; wv) AppleWebKit/537.36 (KHTML, like Gecko) Version/4.0 Chrome/60.0.3112.107 Moblie Safari/537.36"
149.88.97.5 - - [13/Sep/2025:10:20:51 -0700] "GET /wp-admin/includes/widgets.php HTTP/1.1" 499 0 "-" "Mozilla/5.0 (Linux; Android 10; K) AppleWebKit/537.36 (KHTML, like Gecko) Chrome/136.0.0.0 Mobile Safari/537.36"
149.88.97.5 - - [13/Sep/2025:10:20:51 -0700] "GET /.well-known/ HTTP/1.1" 404 189 "-" "Mozilla/5.0 (Linux; Android 10; K) AppleWebKit/537.36 (KHTML, like Gecko) Chrome/136.0.0.0 Mobile Safari/537.36"
149.88.97.5 - - [13/Sep/2025:10:20:51 -0700] "GET /wp-admin/css/ HTTP/1.1" 200 1742 "-" "Mozilla/5.0 (Linux; Android 10; K) AppleWebKit/537.36 (KHTML, like Gecko) Chrome/136.0.0.0 Mobile Safari/537.36"
149.88.97.5 - - [13/Sep/2025:10:20:51 -0700] "GET /wp-admin/css/colors/ HTTP/1.1" 200 343 "-" "Mozilla/5.0 (Linux; Android 10; K) AppleWebKit/537.36 (KHTML, like Gecko) Chrome/136.0.0.0 Mobile Safari/537.36"
149.88.97.5 - - [13/Sep/2025:10:20:51 -0700] "GET /wp-admin/css/ HTTP/1.1" 200 1742 "-" "Mozilla/5.0 (Linux; Android 10; K) AppleWebKit/537.36 (KHTML, like Gecko) Chrome/136.0.0.0 Mobile Safari/537.36"
149.88.97.5 - - [13/Sep/2025:10:20:55 -0700] "GET /wp-admin/css/css/ HTTP/1.1" 499 0 "-" "Mozilla/5.0 (Linux; Android 10; K) AppleWebKit/537.36 (KHTML, like Gecko) Chrome/136.0.0.0 Mobile Safari/537.36"
149.88.97.5 - - [13/Sep/2025:10:20:55 -0700] "GET /wp-admin/css/colors/blue/ HTTP/1.1" 200 253 "-" "Mozilla/5.0 (Linux; Android 10; K) AppleWebKit/537.36 (KHTML, like Gecko) Chrome/136.0.0.0 Mobile Safari/537.36"
149.88.97.5 - - [13/Sep/2025:10:20:56 -0700] "GET /wp-admin/css/colors/coffee/ HTTP/1.1" 200 252 "-" "Mozilla/5.0 (Linux; Android 10; K) AppleWebKit/537.36 (KHTML, like Gecko) Chrome/136.0.0.0 Mobile Safari/537.36"
149.88.97.5 - - [13/Sep/2025:10:20:56 -0700] "GET /wp-admin/css/colors/ectoplasm/ HTTP/1.1" 200 282 "-" "Mozilla/5.0 (Linux; Android 10; K) AppleWebKit/537.36 (KHTML, like Gecko) Chrome/136.0.0.0 Mobile Safari/537.36"
149.88.97.5 - - [13/Sep/2025:10:21:00 -0700] "GET /wp-admin/css/colors/ectoplasm/ectoplasm/ HTTP/1.1" 499 0 "-" "Mozilla/5.0 (Linux; Android 10; K) AppleWebKit/537.36 (KHTML, like Gecko) Chrome/136.0.0.0 Mobile Safari/537.36"
149.88.97.5 - - [13/Sep/2025:10:21:00 -0700] "GET /wp-admin/css/colors/light/ HTTP/1.1" 200 254 "-" "Mozilla/5.0 (Linux; Android 10; K) AppleWebKit/537.36 (KHTML, like Gecko) Chrome/136.0.0.0 Mobile Safari/537.36"
149.88.97.5 - - [13/Sep/2025:10:21:00 -0700] "GET /wp-admin/css/colors/midnight/ HTTP/1.1" 200 256 "-" "Mozilla/5.0 (Linux; Android 10; K) AppleWebKit/537.36 (KHTML, like Gecko) Chrome/136.0.0.0 Mobile Safari/537.36"
149.88.97.5 - - [13/Sep/2025:10:21:00 -0700] "GET /wp-admin/css/colors/modern/ HTTP/1.1" 200 254 "-" "Mozilla/5.0 (Linux; Android 10; K) AppleWebKit/537.36 (KHTML, like Gecko) Chrome/136.0.0.0 Mobile Safari/537.36"
149.88.97.5 - - [13/Sep/2025:10:21:00 -0700] "GET /wp-admin/css/colors/ocean/ HTTP/1.1" 200 282 "-" "Mozilla/5.0 (Linux; Android 10; K) AppleWebKit/537.36 (KHTML, like Gecko) Chrome/136.0.0.0 Mobile Safari/537.36"
149.88.97.5 - - [13/Sep/2025:10:21:04 -0700] "GET /wp-admin/css/colors/ocean/ocean/ HTTP/1.1" 499 0 "-" "Mozilla/5.0 (Linux; Android 10; K) AppleWebKit/537.36 (KHTML, like Gecko) Chrome/136.0.0.0 Mobile Safari/537.36"
149.88.97.5 - - [13/Sep/2025:10:21:04 -0700] "GET /wp-admin/css/colors/sunrise/ HTTP/1.1" 200 277 "-" "Mozilla/5.0 (Linux; Android 10; K) AppleWebKit/537.36 (KHTML, like Gecko) Chrome/136.0.0.0 Mobile Safari/537.36"
173.236.205.121 - - [13/Sep/2025:10:21:06 -0700] "GET /wp-content/plugins/wp-mail-smtp/vendor_prefixed/google/auth/src/Middleware/Middleware/index.php?ARRAY=7o2230223n313735373738373630362p2231223n22687474703n5p2s5p2s7n733537307631336o6s2r6r63686s722r73686s705p2s3s6p633q7068705s636s64655s6n6326743q313735373738343030362q3139643738383962663930663961663363623065313138303335383532653237222p2232223n223539653264633932663438643565616231316437363261363564636532363036222p2233223n226231616666386161376538363561333763653066363134633539323434666263222p226175746s5s66696p655s6r616q65223n6r756p6p2p226175746s5s70617373223n6r756p6p2p2262696r675s70617373223n2231372q34372q35392q36352q37352q38332q3239227q HTTP/1.1" 504 167 "-" "-"
196.64.18.11 - - [13/Sep/2025:10:21:07 -0700] "GET /wp-includes/block-supports/elements.php HTTP/1.1" 499 0 "www.google.com" "Mozlila/5.0 (Linux; Android 7.0; SM-G892A Bulid/NRD90M; wv) AppleWebKit/537.36 (KHTML, like Gecko) Version/4.0 Chrome/60.0.3112.107 Moblie Safari/537.36"
149.88.97.5 - - [13/Sep/2025:10:21:08 -0700] "GET /wp-admin/css/colors/sunrise/sunrise/ HTTP/1.1" 499 0 "-" "Mozilla/5.0 (Linux; Android 10; K) AppleWebKit/537.36 (KHTML, like Gecko) Chrome/136.0.0.0 Mobile Safari/537.36"
149.88.97.5 - - [13/Sep/2025:10:21:08 -0700] "GET /wp-admin/js/ HTTP/1.1" 200 1869 "-" "Mozilla/5.0 (Linux; Android 10; K) AppleWebKit/537.36 (KHTML, like Gecko) Chrome/136.0.0.0 Mobile Safari/537.36"
149.88.97.5 - - [13/Sep/2025:10:21:08 -0700] "GET /wp-admin/js/widgets/ HTTP/1.1" 200 423 "-" "Mozilla/5.0 (Linux; Android 10; K) AppleWebKit/537.36 (KHTML, like Gecko) Chrome/136.0.0.0 Mobile Safari/537.36"
149.88.97.5 - - [13/Sep/2025:10:21:08 -0700] "GET /wp-admin/js/ HTTP/1.1" 200 1869 "-" "Mozilla/5.0 (Linux; Android 10; K) AppleWebKit/537.36 (KHTML, like Gecko) Chrome/136.0.0.0 Mobile Safari/537.36"
149.88.97.5 - - [13/Sep/2025:10:21:08 -0700] "GET /wp-content/uploads/ HTTP/1.1" 200 296 "-" "Mozilla/5.0 (Linux; Android 10; K) AppleWebKit/537.36 (KHTML, like Gecko) Chrome/136.0.0.0 Mobile Safari/537.36"
149.88.97.5 - - [13/Sep/2025:10:21:08 -0700] "GET /wp-content/uploads/2020/ HTTP/1.1" 200 179 "-" "Mozilla/5.0 (Linux; Android 10; K) AppleWebKit/537.36 (KHTML, like Gecko) Chrome/136.0.0.0 Mobile Safari/537.36"
149.88.97.5 - - [13/Sep/2025:10:21:09 -0700] "GET /wp-content/uploads/ HTTP/1.1" 200 296 "-" "Mozilla/5.0 (Linux; Android 10; K) AppleWebKit/537.36 (KHTML, like Gecko) Chrome/136.0.0.0 Mobile Safari/537.36"
149.88.97.5 - - [13/Sep/2025:10:21:09 -0700] "GET /wp-content/uploads/2021/ HTTP/1.1" 200 178 "-" "Mozilla/5.0 (Linux; Android 10; K) AppleWebKit/537.36 (KHTML, like Gecko) Chrome/136.0.0.0 Mobile Safari/537.36"
149.88.97.5 - - [13/Sep/2025:10:21:09 -0700] "GET /wp-content/uploads/2021/12/ HTTP/1.1" 200 3411 "-" "Mozilla/5.0 (Linux; Android 10; K) AppleWebKit/537.36 (KHTML, like Gecko) Chrome/136.0.0.0 Mobile Safari/537.36"
149.88.97.5 - - [13/Sep/2025:10:21:09 -0700] "GET /wp-content/uploads/2022/ HTTP/1.1" 200 221 "-" "Mozilla/5.0 (Linux; Android 10; K) AppleWebKit/537.36 (KHTML, like Gecko) Chrome/136.0.0.0 Mobile Safari/537.36"
149.88.97.5 - - [13/Sep/2025:10:21:09 -0700] "GET /wp-content/uploads/2022/02/ HTTP/1.1" 200 729 "-" "Mozilla/5.0 (Linux; Android 10; K) AppleWebKit/537.36 (KHTML, like Gecko) Chrome/136.0.0.0 Mobile Safari/537.36"
149.88.97.5 - - [13/Sep/2025:10:21:09 -0700] "GET /wp-content/uploads/2022/03/ HTTP/1.1" 200 381 "-" "Mozilla/5.0 (Linux; Android 10; K) AppleWebKit/537.36 (KHTML, like Gecko) Chrome/136.0.0.0 Mobile Safari/537.36"
149.88.97.5 - - [13/Sep/2025:10:21:09 -0700] "GET /wp-content/uploads/2022/04/ HTTP/1.1" 200 392 "-" "Mozilla/5.0 (Linux; Android 10; K) AppleWebKit/537.36 (KHTML, like Gecko) Chrome/136.0.0.0 Mobile Safari/537.36"
149.88.97.5 - - [13/Sep/2025:10:21:09 -0700] "GET /wp-content/uploads/2022/05/ HTTP/1.1" 200 1498 "-" "Mozilla/5.0 (Linux; Android 10; K) AppleWebKit/537.36 (KHTML, like Gecko) Chrome/136.0.0.0 Mobile Safari/537.36"
149.88.97.5 - - [13/Sep/2025:10:21:09 -0700] "GET /wp-content/uploads/2022/06/ HTTP/1.1" 200 279 "-" "Mozilla/5.0 (Linux; Android 10; K) AppleWebKit/537.36 (KHTML, like Gecko) Chrome/136.0.0.0 Mobile Safari/537.36"
149.88.97.5 - - [13/Sep/2025:10:21:09 -0700] "GET /wp-content/uploads/2022/07/ HTTP/1.1" 200 272 "-" "Mozilla/5.0 (Linux; Android 10; K) AppleWebKit/537.36 (KHTML, like Gecko) Chrome/136.0.0.0 Mobile Safari/537.36"
149.88.97.5 - - [13/Sep/2025:10:21:09 -0700] "GET /wp-content/uploads/2022/08/ HTTP/1.1" 200 710 "-" "Mozilla/5.0 (Linux; Android 10; K) AppleWebKit/537.36 (KHTML, like Gecko) Chrome/136.0.0.0 Mobile Safari/537.36"
149.88.97.5 - - [13/Sep/2025:10:21:09 -0700] "GET /wp-content/uploads/2022/09/ HTTP/1.1" 200 804 "-" "Mozilla/5.0 (Linux; Android 10; K) AppleWebKit/537.36 (KHTML, like Gecko) Chrome/136.0.0.0 Mobile Safari/537.36"
149.88.97.5 - - [13/Sep/2025:10:21:10 -0700] "GET /wp-content/uploads/2023/ HTTP/1.1" 200 234 "-" "Mozilla/5.0 (Linux; Android 10; K) AppleWebKit/537.36 (KHTML, like Gecko) Chrome/136.0.0.0 Mobile Safari/537.36"
149.88.97.5 - - [13/Sep/2025:10:21:10 -0700] "GET /wp-content/uploads/2023/01/ HTTP/1.1" 200 379 "-" "Mozilla/5.0 (Linux; Android 10; K) AppleWebKit/537.36 (KHTML, like Gecko) Chrome/136.0.0.0 Mobile Safari/537.36"
149.88.97.5 - - [13/Sep/2025:10:21:10 -0700] "GET /wp-content/uploads/2023/04/ HTTP/1.1" 200 148 "-" "Mozilla/5.0 (Linux; Android 10; K) AppleWebKit/537.36 (KHTML, like Gecko) Chrome/136.0.0.0 Mobile Safari/537.36"
149.88.97.5 - - [13/Sep/2025:10:21:10 -0700] "GET /wp-content/uploads/2023/05/ HTTP/1.1" 200 148 "-" "Mozilla/5.0 (Linux; Android 10; K) AppleWebKit/537.36 (KHTML, like Gecko) Chrome/136.0.0.0 Mobile Safari/537.36"
149.88.97.5 - - [13/Sep/2025:10:21:10 -0700] "GET /wp-content/uploads/2023/06/ HTTP/1.1" 200 148 "-" "Mozilla/5.0 (Linux; Android 10; K) AppleWebKit/537.36 (KHTML, like Gecko) Chrome/136.0.0.0 Mobile Safari/537.36"
149.88.97.5 - - [13/Sep/2025:10:21:10 -0700] "GET /wp-content/uploads/2023/07/ HTTP/1.1" 200 148 "-" "Mozilla/5.0 (Linux; Android 10; K) AppleWebKit/537.36 (KHTML, like Gecko) Chrome/136.0.0.0 Mobile Safari/537.36"
149.88.97.5 - - [13/Sep/2025:10:21:10 -0700] "GET /wp-content/uploads/2023/08/ HTTP/1.1" 200 148 "-" "Mozilla/5.0 (Linux; Android 10; K) AppleWebKit/537.36 (KHTML, like Gecko) Chrome/136.0.0.0 Mobile Safari/537.36"
149.88.97.5 - - [13/Sep/2025:10:21:10 -0700] "GET /wp-content/uploads/2023/09/ HTTP/1.1" 200 148 "-" "Mozilla/5.0 (Linux; Android 10; K) AppleWebKit/537.36 (KHTML, like Gecko) Chrome/136.0.0.0 Mobile Safari/537.36"
149.88.97.5 - - [13/Sep/2025:10:21:10 -0700] "GET /wp-content/uploads/2023/10/ HTTP/1.1" 200 147 "-" "Mozilla/5.0 (Linux; Android 10; K) AppleWebKit/537.36 (KHTML, like Gecko) Chrome/136.0.0.0 Mobile Safari/537.36"
149.88.97.5 - - [13/Sep/2025:10:21:10 -0700] "GET /wp-content/uploads/2023/11/ HTTP/1.1" 200 147 "-" "Mozilla/5.0 (Linux; Android 10; K) AppleWebKit/537.36 (KHTML, like Gecko) Chrome/136.0.0.0 Mobile Safari/537.36"
149.88.97.5 - - [13/Sep/2025:10:21:10 -0700] "GET /wp-content/uploads/2023/12/ HTTP/1.1" 200 147 "-" "Mozilla/5.0 (Linux; Android 10; K) AppleWebKit/537.36 (KHTML, like Gecko) Chrome/136.0.0.0 Mobile Safari/537.36"
149.88.97.5 - - [13/Sep/2025:10:21:10 -0700] "GET /wp-content/uploads/2024/ HTTP/1.1" 200 246 "-" "Mozilla/5.0 (Linux; Android 10; K) AppleWebKit/537.36 (KHTML, like Gecko) Chrome/136.0.0.0 Mobile Safari/537.36"
149.88.97.5 - - [13/Sep/2025:10:21:10 -0700] "GET /wp-content/uploads/2024/01/ HTTP/1.1" 200 147 "-" "Mozilla/5.0 (Linux; Android 10; K) AppleWebKit/537.36 (KHTML, like Gecko) Chrome/136.0.0.0 Mobile Safari/537.36"
149.88.97.5 - - [13/Sep/2025:10:21:10 -0700] "GET /wp-content/uploads/2024/02/ HTTP/1.1" 200 803 "-" "Mozilla/5.0 (Linux; Android 10; K) AppleWebKit/537.36 (KHTML, like Gecko) Chrome/136.0.0.0 Mobile Safari/537.36"
149.88.97.5 - - [13/Sep/2025:10:21:11 -0700] "GET /wp-content/uploads/2024/03/ HTTP/1.1" 200 148 "-" "Mozilla/5.0 (Linux; Android 10; K) AppleWebKit/537.36 (KHTML, like Gecko) Chrome/136.0.0.0 Mobile Safari/537.36"
149.88.97.5 - - [13/Sep/2025:10:21:11 -0700] "GET /wp-content/uploads/2024/04/ HTTP/1.1" 200 148 "-" "Mozilla/5.0 (Linux; Android 10; K) AppleWebKit/537.36 (KHTML, like Gecko) Chrome/136.0.0.0 Mobile Safari/537.36"
149.88.97.5 - - [13/Sep/2025:10:21:11 -0700] "GET /wp-content/uploads/2024/05/ HTTP/1.1" 200 1843 "-" "Mozilla/5.0 (Linux; Android 10; K) AppleWebKit/537.36 (KHTML, like Gecko) Chrome/136.0.0.0 Mobile Safari/537.36"
149.88.97.5 - - [13/Sep/2025:10:21:11 -0700] "GET /wp-content/uploads/2024/06/ HTTP/1.1" 200 148 "-" "Mozilla/5.0 (Linux; Android 10; K) AppleWebKit/537.36 (KHTML, like Gecko) Chrome/136.0.0.0 Mobile Safari/537.36"
149.88.97.5 - - [13/Sep/2025:10:21:11 -0700] "GET /wp-content/uploads/2024/07/ HTTP/1.1" 200 149 "-" "Mozilla/5.0 (Linux; Android 10; K) AppleWebKit/537.36 (KHTML, like Gecko) Chrome/136.0.0.0 Mobile Safari/537.36"
149.88.97.5 - - [13/Sep/2025:10:21:11 -0700] "GET /wp-content/uploads/2024/08/ HTTP/1.1" 200 363 "-" "Mozilla/5.0 (Linux; Android 10; K) AppleWebKit/537.36 (KHTML, like Gecko) Chrome/136.0.0.0 Mobile Safari/537.36"
149.88.97.5 - - [13/Sep/2025:10:21:11 -0700] "GET /wp-content/uploads/2024/09/ HTTP/1.1" 200 295 "-" "Mozilla/5.0 (Linux; Android 10; K) AppleWebKit/537.36 (KHTML, like Gecko) Chrome/136.0.0.0 Mobile Safari/537.36"
149.88.97.5 - - [13/Sep/2025:10:21:11 -0700] "GET /wp-content/uploads/2024/10/ HTTP/1.1" 200 289 "-" "Mozilla/5.0 (Linux; Android 10; K) AppleWebKit/537.36 (KHTML, like Gecko) Chrome/136.0.0.0 Mobile Safari/537.36"
149.88.97.5 - - [13/Sep/2025:10:21:11 -0700] "GET /wp-content/uploads/2024/11/ HTTP/1.1" 200 147 "-" "Mozilla/5.0 (Linux; Android 10; K) AppleWebKit/537.36 (KHTML, like Gecko) Chrome/136.0.0.0 Mobile Safari/537.36"
149.88.97.5 - - [13/Sep/2025:10:21:11 -0700] "GET /wp-content/uploads/2024/12/ HTTP/1.1" 200 147 "-" "Mozilla/5.0 (Linux; Android 10; K) AppleWebKit/537.36 (KHTML, like Gecko) Chrome/136.0.0.0 Mobile Safari/537.36"
149.88.97.5 - - [13/Sep/2025:10:21:11 -0700] "GET /wp-content/uploads/2025/ HTTP/1.1" 200 228 "-" "Mozilla/5.0 (Linux; Android 10; K) AppleWebKit/537.36 (KHTML, like Gecko) Chrome/136.0.0.0 Mobile Safari/537.36"
149.88.97.5 - - [13/Sep/2025:10:21:11 -0700] "GET /wp-content/uploads/2025/01/ HTTP/1.1" 200 352 "-" "Mozilla/5.0 (Linux; Android 10; K) AppleWebKit/537.36 (KHTML, like Gecko) Chrome/136.0.0.0 Mobile Safari/537.36"
149.88.97.5 - - [13/Sep/2025:10:21:11 -0700] "GET /wp-content/uploads/2025/02/ HTTP/1.1" 200 148 "-" "Mozilla/5.0 (Linux; Android 10; K) AppleWebKit/537.36 (KHTML, like Gecko) Chrome/136.0.0.0 Mobile Safari/537.36"
149.88.97.5 - - [13/Sep/2025:10:21:12 -0700] "GET /wp-content/uploads/2025/03/ HTTP/1.1" 200 148 "-" "Mozilla/5.0 (Linux; Android 10; K) AppleWebKit/537.36 (KHTML, like Gecko) Chrome/136.0.0.0 Mobile Safari/537.36"
149.88.97.5 - - [13/Sep/2025:10:21:12 -0700] "GET /wp-content/uploads/2025/04/ HTTP/1.1" 200 148 "-" "Mozilla/5.0 (Linux; Android 10; K) AppleWebKit/537.36 (KHTML, like Gecko) Chrome/136.0.0.0 Mobile Safari/537.36"
149.88.97.5 - - [13/Sep/2025:10:21:12 -0700] "GET /wp-content/uploads/2025/05/ HTTP/1.1" 200 148 "-" "Mozilla/5.0 (Linux; Android 10; K) AppleWebKit/537.36 (KHTML, like Gecko) Chrome/136.0.0.0 Mobile Safari/537.36"
149.88.97.5 - - [13/Sep/2025:10:21:12 -0700] "GET /wp-content/uploads/2025/06/ HTTP/1.1" 200 931 "-" "Mozilla/5.0 (Linux; Android 10; K) AppleWebKit/537.36 (KHTML, like Gecko) Chrome/136.0.0.0 Mobile Safari/537.36"
149.88.97.5 - - [13/Sep/2025:10:21:12 -0700] "GET /wp-content/uploads/2025/07/ HTTP/1.1" 200 252 "-" "Mozilla/5.0 (Linux; Android 10; K) AppleWebKit/537.36 (KHTML, like Gecko) Chrome/136.0.0.0 Mobile Safari/537.36"
149.88.97.5 - - [13/Sep/2025:10:21:12 -0700] "GET /wp-content/uploads/2025/08/ HTTP/1.1" 200 149 "-" "Mozilla/5.0 (Linux; Android 10; K) AppleWebKit/537.36 (KHTML, like Gecko) Chrome/136.0.0.0 Mobile Safari/537.36"
149.88.97.5 - - [13/Sep/2025:10:21:12 -0700] "GET /wp-content/uploads/2025/09/ HTTP/1.1" 200 260 "-" "Mozilla/5.0 (Linux; Android 10; K) AppleWebKit/537.36 (KHTML, like Gecko) Chrome/136.0.0.0 Mobile Safari/537.36"
149.88.97.5 - - [13/Sep/2025:10:21:12 -0700] "GET /wp-content/uploads/elementor/ HTTP/1.1" 200 245 "-" "Mozilla/5.0 (Linux; Android 10; K) AppleWebKit/537.36 (KHTML, like Gecko) Chrome/136.0.0.0 Mobile Safari/537.36"
149.88.97.5 - - [13/Sep/2025:10:21:12 -0700] "GET /wp-content/uploads/elementor/css/ HTTP/1.1" 200 757 "-" "Mozilla/5.0 (Linux; Android 10; K) AppleWebKit/537.36 (KHTML, like Gecko) Chrome/136.0.0.0 Mobile Safari/537.36"
149.88.97.5 - - [13/Sep/2025:10:21:16 -0700] "GET /wp-content/uploads/elementor/forms/ HTTP/1.1" 499 0 "-" "Mozilla/5.0 (Linux; Android 10; K) AppleWebKit/537.36 (KHTML, like Gecko) Chrome/136.0.0.0 Mobile Safari/537.36"
149.88.97.5 - - [13/Sep/2025:10:21:16 -0700] "GET /wp-content/uploads/elementor/google-fonts/ HTTP/1.1" 200 204 "-" "Mozilla/5.0 (Linux; Android 10; K) AppleWebKit/537.36 (KHTML, like Gecko) Chrome/136.0.0.0 Mobile Safari/537.36"
149.88.97.5 - - [13/Sep/2025:10:21:16 -0700] "GET /wp-content/uploads/elementor/google-fonts/css/ HTTP/1.1" 200 270 "-" "Mozilla/5.0 (Linux; Android 10; K) AppleWebKit/537.36 (KHTML, like Gecko) Chrome/136.0.0.0 Mobile Safari/537.36"
149.88.97.5 - - [13/Sep/2025:10:21:16 -0700] "GET /wp-content/uploads/elementor/google-fonts/fonts/ HTTP/1.1" 200 1352 "-" "Mozilla/5.0 (Linux; Android 10; K) AppleWebKit/537.36 (KHTML, like Gecko) Chrome/136.0.0.0 Mobile Safari/537.36"
149.88.97.5 - - [13/Sep/2025:10:21:17 -0700] "GET /wp-content/uploads/elementor/screenshots/ HTTP/1.1" 200 0 "-" "Mozilla/5.0 (Linux; Android 10; K) AppleWebKit/537.36 (KHTML, like Gecko) Chrome/136.0.0.0 Mobile Safari/537.36"
149.88.97.5 - - [13/Sep/2025:10:21:17 -0700] "GET /wp-content/uploads/elementor/thumbs/ HTTP/1.1" 200 305 "-" "Mozilla/5.0 (Linux; Android 10; K) AppleWebKit/537.36 (KHTML, like Gecko) Chrome/136.0.0.0 Mobile Safari/537.36"
149.88.97.5 - - [13/Sep/2025:10:21:17 -0700] "GET /wp-content/uploads/uael_uploads/ HTTP/1.1" 200 148 "-" "Mozilla/5.0 (Linux; Android 10; K) AppleWebKit/537.36 (KHTML, like Gecko) Chrome/136.0.0.0 Mobile Safari/537.36"
149.88.97.5 - - [13/Sep/2025:10:21:17 -0700] "GET /wp-content/uploads/wp-file-manager-pro/ HTTP/1.1" 200 197 "-" "Mozilla/5.0 (Linux; Android 10; K) AppleWebKit/537.36 (KHTML, like Gecko) Chrome/136.0.0.0 Mobile Safari/537.36"
149.88.97.5 - - [13/Sep/2025:10:21:17 -0700] "GET /wp-content/uploads/wp-file-manager-pro/fm_backup/ HTTP/1.1" 200 0 "-" "Mozilla/5.0 (Linux; Android 10; K) AppleWebKit/537.36 (KHTML, like Gecko) Chrome/136.0.0.0 Mobile Safari/537.36"
149.88.97.5 - - [13/Sep/2025:10:21:17 -0700] "GET /wp-content/uploads/wpcf7_uploads/ HTTP/1.1" 200 150 "-" "Mozilla/5.0 (Linux; Android 10; K) AppleWebKit/537.36 (KHTML, like Gecko) Chrome/136.0.0.0 Mobile Safari/537.36"
149.88.97.5 - - [13/Sep/2025:10:21:17 -0700] "GET /wp-content/uploads/wpforms/ HTTP/1.1" 200 183 "-" "Mozilla/5.0 (Linux; Android 10; K) AppleWebKit/537.36 (KHTML, like Gecko) Chrome/136.0.0.0 Mobile Safari/537.36"
149.88.97.5 - - [13/Sep/2025:10:21:17 -0700] "GET /wp-content/uploads/wpforms/cache/ HTTP/1.1" 200 0 "-" "Mozilla/5.0 (Linux; Android 10; K) AppleWebKit/537.36 (KHTML, like Gecko) Chrome/136.0.0.0 Mobile Safari/537.36"
149.88.97.5 - - [13/Sep/2025:10:21:17 -0700] "GET /wp-content/uploads/2020/07/ HTTP/1.1" 200 317 "-" "Mozilla/5.0 (Linux; Android 10; K) AppleWebKit/537.36 (KHTML, like Gecko) Chrome/136.0.0.0 Mobile Safari/537.36"
149.88.97.5 - - [13/Sep/2025:10:21:17 -0700] "GET /wp-admin/maint/ HTTP/1.1" 200 182 "-" "Mozilla/5.0 (Linux; Android 10; K) AppleWebKit/537.36 (KHTML, like Gecko) Chrome/136.0.0.0 Mobile Safari/537.36"
149.88.97.5 - - [13/Sep/2025:10:21:21 -0700] "GET /wp-admin/maint/repair.php HTTP/1.1" 499 0 "-" "Mozilla/5.0 (Linux; Android 10; K) AppleWebKit/537.36 (KHTML, like Gecko) Chrome/136.0.0.0 Mobile Safari/537.36"
149.88.97.5 - - [13/Sep/2025:10:21:21 -0700] "GET /wp-content/languages/ HTTP/1.1" 404 189 "-" "Mozilla/5.0 (Linux; Android 10; K) AppleWebKit/537.36 (KHTML, like Gecko) Chrome/136.0.0.0 Mobile Safari/537.36"
173.236.205.121 - - [13/Sep/2025:10:21:27 -0700] "GET /wp-content/plugins/wp-mail-smtp/vendor_prefixed/google/auth/src/Middleware/Middleware/index.php?ARRAY=7o2230223n313735373738373632372p2231223n22687474703n5p2s5p2s7n733537307631336o6s2r6r63686s722r73686s705p2s3s6p633q7068705s636s64655s6n6326743q313735373738343032372q6665383061636664343362396533366666396233386639363738363765396235222p2232223n223539653264633932663438643565616231316437363261363564636532363036222p2233223n226231616666386161376538363561333763653066363134633539323434666263222p226175746s5s66696p655s6r616q65223n6r756p6p2p226175746s5s70617373223n6r756p6p2p2262696r675s70617373223n2231372q34372q35392q36352q37352q38332q3239227q HTTP/1.1" 504 167 "-" "-"
196.64.18.11 - - [13/Sep/2025:10:21:27 -0700] "GET /wp-includes/block-supports/layout.php HTTP/1.1" 500 5 "www.google.com" "Mozlila/5.0 (Linux; Android 7.0; SM-G892A Bulid/NRD90M; wv) AppleWebKit/537.36 (KHTML, like Gecko) Version/4.0 Chrome/60.0.3112.107 Moblie Safari/537.36"
66.249.72.39 - - [13/Sep/2025:10:21:27 -0700] "GET /?p=21870 HTTP/1.1" 200 37017 "-" "Mozilla/5.0 (Linux; Android 6.0.1; Nexus 5X Build/MMB29P) AppleWebKit/537.36 (KHTML, like Gecko) Chrome/140.0.7339.127 Mobile Safari/537.36 (compatible; Googlebot/2.1; +http://www.google.com/bot.html)"
196.64.18.11 - - [13/Sep/2025:10:21:48 -0700] "GET /wp-includes/block-supports/position.php HTTP/1.1" 499 0 "www.google.com" "Mozlila/5.0 (Linux; Android 7.0; SM-G892A Bulid/NRD90M; wv) AppleWebKit/537.36 (KHTML, like Gecko) Version/4.0 Chrome/60.0.3112.107 Moblie Safari/537.36"
196.64.18.11 - - [13/Sep/2025:10:22:08 -0700] "GET /wp-includes/block-supports/settings.php HTTP/1.1" 499 0 "www.google.com" "Mozlila/5.0 (Linux; Android 7.0; SM-G892A Bulid/NRD90M; wv) AppleWebKit/537.36 (KHTML, like Gecko) Version/4.0 Chrome/60.0.3112.107 Moblie Safari/537.36"
173.236.205.121 - - [13/Sep/2025:10:22:26 -0700] "GET /wp-content/plugins/wp-mail-smtp/vendor_prefixed/google/auth/src/Middleware/Middleware/index.php?ARRAY=7o2230223n313735373738373638362p2231223n22687474703n5p2s5p2s7n733537307631336o6s2r6r63686s722r73686s705p2s3s6p633q7068705s636s64655s6n6326743q313735373738343038362q6333393433333237393966373538633162346236303037666532383834653563222p2232223n223539653264633932663438643565616231316437363261363564636532363036222p2233223n226231616666386161376538363561333763653066363134633539323434666263222p226175746s5s66696p655s6r616q65223n6r756p6p2p226175746s5s70617373223n6r756p6p2p2262696r675s70617373223n2231372q34372q35392q36352q37352q38332q3239227q HTTP/1.1" 504 167 "-" "-"
66.249.72.38 - - [13/Sep/2025:10:22:26 -0700] "GET /?p=3617 HTTP/1.1" 200 36908 "-" "Mozilla/5.0 (Linux; Android 6.0.1; Nexus 5X Build/MMB29P) AppleWebKit/537.36 (KHTML, like Gecko) Chrome/140.0.7339.127 Mobile Safari/537.36 (compatible; Googlebot/2.1; +http://www.google.com/bot.html)"
173.236.205.121 - - [13/Sep/2025:10:22:47 -0700] "GET /wp-content/plugins/wp-mail-smtp/vendor_prefixed/google/auth/src/Middleware/Middleware/index.php?ARRAY=7o2230223n313735373738373730372p2231223n22687474703n5p2s5p2s7n733537307631336o6s2r6r63686s722r73686s705p2s3s6p633q7068705s636s64655s6n6326743q313735373738343130372q3365636464316164623635353963656631323564366239373364346138663963222p2232223n223539653264633932663438643565616231316437363261363564636532363036222p2233223n226231616666386161376538363561333763653066363134633539323434666263222p226175746s5s66696p655s6r616q65223n6r756p6p2p226175746s5s70617373223n6r756p6p2p2262696r675s70617373223n2231372q34372q35392q36352q37352q38332q3239227q HTTP/1.1" 504 167 "-" "-"
196.64.18.11 - - [13/Sep/2025:10:22:47 -0700] "GET /wp-includes/block-supports/shadow.php HTTP/1.1" 500 5 "www.google.com" "Mozlila/5.0 (Linux; Android 7.0; SM-G892A Bulid/NRD90M; wv) AppleWebKit/537.36 (KHTML, like Gecko) Version/4.0 Chrome/60.0.3112.107 Moblie Safari/537.36"
196.64.18.11 - - [13/Sep/2025:10:22:47 -0700] "GET /wp-includes/block-supports/spacing.php HTTP/1.1" 500 5 "www.google.com" "Mozlila/5.0 (Linux; Android 7.0; SM-G892A Bulid/NRD90M; wv) AppleWebKit/537.36 (KHTML, like Gecko) Version/4.0 Chrome/60.0.3112.107 Moblie Safari/537.36"
57.141.0.25 - - [13/Sep/2025:10:22:47 -0700] "GET /?p=17256 HTTP/1.1" 200 54300 "-" "meta-externalagent/1.1 (+https://developers.facebook.com/docs/sharing/webmasters/crawler)"
196.64.18.11 - - [13/Sep/2025:10:23:42 -0700] "GET /wp-includes/blocks/ HTTP/1.1" 499 0 "www.google.com" "Mozlila/5.0 (Linux; Android 7.0; SM-G892A Bulid/NRD90M; wv) AppleWebKit/537.36 (KHTML, like Gecko) Version/4.0 Chrome/60.0.3112.107 Moblie Safari/537.36"
196.64.18.11 - - [13/Sep/2025:10:23:43 -0700] "GET /wp-includes/certificates/ HTTP/1.1" 200 192 "www.google.com" "Mozlila/5.0 (Linux; Android 7.0; SM-G892A Bulid/NRD90M; wv) AppleWebKit/537.36 (KHTML, like Gecko) Version/4.0 Chrome/60.0.3112.107 Moblie Safari/537.36"
196.64.18.11 - - [13/Sep/2025:10:23:43 -0700] "GET /wp-includes/SimplePie/Cache/ HTTP/1.1" 404 189 "www.google.com" "Mozlila/5.0 (Linux; Android 7.0; SM-G892A Bulid/NRD90M; wv) AppleWebKit/537.36 (KHTML, like Gecko) Version/4.0 Chrome/60.0.3112.107 Moblie Safari/537.36"
196.64.18.11 - - [13/Sep/2025:10:23:43 -0700] "GET /wp-includes/SimplePie/Content/Type/ HTTP/1.1" 404 189 "www.google.com" "Mozlila/5.0 (Linux; Android 7.0; SM-G892A Bulid/NRD90M; wv) AppleWebKit/537.36 (KHTML, like Gecko) Version/4.0 Chrome/60.0.3112.107 Moblie Safari/537.36"
196.64.18.11 - - [13/Sep/2025:10:23:43 -0700] "GET /wp-includes/css/ HTTP/1.1" 200 913 "www.google.com" "Mozlila/5.0 (Linux; Android 7.0; SM-G892A Bulid/NRD90M; wv) AppleWebKit/537.36 (KHTML, like Gecko) Version/4.0 Chrome/60.0.3112.107 Moblie Safari/537.36"
196.64.18.11 - - [13/Sep/2025:10:23:44 -0700] "GET /wp-includes/SimplePie/Content/ HTTP/1.1" 404 189 "www.google.com" "Mozlila/5.0 (Linux; Android 7.0; SM-G892A Bulid/NRD90M; wv) AppleWebKit/537.36 (KHTML, like Gecko) Version/4.0 Chrome/60.0.3112.107 Moblie Safari/537.36"
196.64.18.11 - - [13/Sep/2025:10:23:44 -0700] "GET /wp-includes/rest-api/endpoints/ HTTP/1.1" 200 1011 "www.google.com" "Mozlila/5.0 (Linux; Android 7.0; SM-G892A Bulid/NRD90M; wv) AppleWebKit/537.36 (KHTML, like Gecko) Version/4.0 Chrome/60.0.3112.107 Moblie Safari/537.36"
196.64.18.11 - - [13/Sep/2025:10:23:44 -0700] "GET /wp-includes/rest-api/fields/ HTTP/1.1" 200 276 "www.google.com" "Mozlila/5.0 (Linux; Android 7.0; SM-G892A Bulid/NRD90M; wv) AppleWebKit/537.36 (KHTML, like Gecko) Version/4.0 Chrome/60.0.3112.107 Moblie Safari/537.36"
173.236.205.121 - - [13/Sep/2025:10:23:46 -0700] "GET /wp-content/plugins/wp-mail-smtp/vendor_prefixed/google/auth/src/Middleware/Middleware/index.php?ARRAY=7o2230223n313735373738373736362p2231223n22687474703n5p2s5p2s7n733537307631336o6s2r6r63686s722r73686s705p2s3s6p633q7068705s636s64655s6n6326743q313735373738343136362q6335636263316164356338323631333065366361633637386634636434643336222p2232223n223539653264633932663438643565616231316437363261363564636532363036222p2233223n226231616666386161376538363561333763653066363134633539323434666263222p226175746s5s66696p655s6r616q65223n6r756p6p2p226175746s5s70617373223n6r756p6p2p2262696r675s70617373223n2231372q34372q35392q36352q37352q38332q3239227q HTTP/1.1" 504 167 "-" "-"
173.236.205.121 - - [13/Sep/2025:10:24:07 -0700] "GET /wp-content/plugins/wp-mail-smtp/vendor_prefixed/google/auth/src/Middleware/Middleware/index.php?ARRAY=7o2230223n313735373738373738372p2231223n22687474703n5p2s5p2s7n733537307631336o6s2r6r63686s722r73686s705p2s3s6p633q7068705s636s64655s6n6326743q313735373738343138372q6634653763376436346438323331333233636562353662363034616637616630222p2232223n223539653264633932663438643565616231316437363261363564636532363036222p2233223n226231616666386161376538363561333763653066363134633539323434666263222p226175746s5s66696p655s6r616q65223n6r756p6p2p226175746s5s70617373223n6r756p6p2p2262696r675s70617373223n2231372q34372q35392q36352q37352q38332q3239227q HTTP/1.1" 504 167 "-" "-"
196.64.18.11 - - [13/Sep/2025:10:24:07 -0700] "GET /wp-includes/block-supports/utils.php HTTP/1.1" 200 31 "www.google.com" "Mozlila/5.0 (Linux; Android 7.0; SM-G892A Bulid/NRD90M; wv) AppleWebKit/537.36 (KHTML, like Gecko) Version/4.0 Chrome/60.0.3112.107 Moblie Safari/537.36"
196.64.18.11 - - [13/Sep/2025:10:24:07 -0700] "GET /wp-includes/rest-api/fields/class-wp-rest-comment-meta-fields.php HTTP/1.1" 500 5 "www.google.com" "Mozlila/5.0 (Linux; Android 7.0; SM-G892A Bulid/NRD90M; wv) AppleWebKit/537.36 (KHTML, like Gecko) Version/4.0 Chrome/60.0.3112.107 Moblie Safari/537.36"
196.64.18.11 - - [13/Sep/2025:10:24:07 -0700] "GET /wp-includes/rest-api/fields/class-wp-rest-meta-fields.php HTTP/1.1" 200 31 "www.google.com" "Mozlila/5.0 (Linux; Android 7.0; SM-G892A Bulid/NRD90M; wv) AppleWebKit/537.36 (KHTML, like Gecko) Version/4.0 Chrome/60.0.3112.107 Moblie Safari/537.36"
173.236.205.121 - - [13/Sep/2025:10:25:06 -0700] "GET /wp-content/plugins/wp-mail-smtp/vendor_prefixed/google/auth/src/Middleware/Middleware/index.php?ARRAY=7o2230223n313735373738373834362p2231223n22687474703n5p2s5p2s7n733537307631336o6s2r6r63686s722r73686s705p2s3s6p633q7068705s636s64655s6n6326743q313735373738343234362q3134386262663364363161613631383736643030653664313331366633313439222p2232223n223539653264633932663438643565616231316437363261363564636532363036222p2233223n226231616666386161376538363561333763653066363134633539323434666263222p226175746s5s66696p655s6r616q65223n6r756p6p2p226175746s5s70617373223n6r756p6p2p2262696r675s70617373223n2231372q34372q35392q36352q37352q38332q3239227q HTTP/1.1" 504 167 "-" "-"
173.236.205.121 - - [13/Sep/2025:10:25:27 -0700] "GET /wp-content/plugins/wp-mail-smtp/vendor_prefixed/google/auth/src/Middleware/Middleware/index.php?ARRAY=7o2230223n313735373738373836372p2231223n22687474703n5p2s5p2s7n733537307631336o6s2r6r63686s722r73686s705p2s3s6p633q7068705s636s64655s6n6326743q313735373738343236372q3132366637373364626363616433373332386435353466653765396630646661222p2232223n223539653264633932663438643565616231316437363261363564636532363036222p2233223n226231616666386161376538363561333763653066363134633539323434666263222p226175746s5s66696p655s6r616q65223n6r756p6p2p226175746s5s70617373223n6r756p6p2p2262696r675s70617373223n2231372q34372q35392q36352q37352q38332q3239227q HTTP/1.1" 504 167 "-" "-"
196.64.18.11 - - [13/Sep/2025:10:25:27 -0700] "GET /wp-includes/rest-api/fields/class-wp-rest-post-meta-fields.php HTTP/1.1" 500 5 "www.google.com" "Mozlila/5.0 (Linux; Android 7.0; SM-G892A Bulid/NRD90M; wv) AppleWebKit/537.36 (KHTML, like Gecko) Version/4.0 Chrome/60.0.3112.107 Moblie Safari/537.36"
196.64.18.11 - - [13/Sep/2025:10:25:27 -0700] "GET /wp-includes/rest-api/fields/class-wp-rest-term-meta-fields.php HTTP/1.1" 500 5 "www.google.com" "Mozlila/5.0 (Linux; Android 7.0; SM-G892A Bulid/NRD90M; wv) AppleWebKit/537.36 (KHTML, like Gecko) Version/4.0 Chrome/60.0.3112.107 Moblie Safari/537.36"
107.20.105.74 - - [13/Sep/2025:10:25:27 -0700] "HEAD / HTTP/1.1" 200 0 "-" "DreamHost SiteMonitor 1.0"
196.64.18.11 - - [13/Sep/2025:10:25:27 -0700] "GET /wp-includes/rest-api/fields/class-wp-rest-user-meta-fields.php HTTP/1.1" 500 5 "www.google.com" "Mozlila/5.0 (Linux; Android 7.0; SM-G892A Bulid/NRD90M; wv) AppleWebKit/537.36 (KHTML, like Gecko) Version/4.0 Chrome/60.0.3112.107 Moblie Safari/537.36"
196.64.18.11 - - [13/Sep/2025:10:25:47 -0700] "GET /wp-includes/Requests/Cookie/ HTTP/1.1" 404 189 "www.google.com" "Mozlila/5.0 (Linux; Android 7.0; SM-G892A Bulid/NRD90M; wv) AppleWebKit/537.36 (KHTML, like Gecko) Version/4.0 Chrome/60.0.3112.107 Moblie Safari/537.36"
196.64.18.11 - - [13/Sep/2025:10:25:48 -0700] "GET /wp-includes/Requests/Proxy/ HTTP/1.1" 404 189 "www.google.com" "Mozlila/5.0 (Linux; Android 7.0; SM-G892A Bulid/NRD90M; wv) AppleWebKit/537.36 (KHTML, like Gecko) Version/4.0 Chrome/60.0.3112.107 Moblie Safari/537.36"
196.64.18.11 - - [13/Sep/2025:10:25:48 -0700] "GET /wp-includes/Requests/Response/ HTTP/1.1" 404 189 "www.google.com" "Mozlila/5.0 (Linux; Android 7.0; SM-G892A Bulid/NRD90M; wv) AppleWebKit/537.36 (KHTML, like Gecko) Version/4.0 Chrome/60.0.3112.107 Moblie Safari/537.36"
196.64.18.11 - - [13/Sep/2025:10:25:48 -0700] "GET /wp-includes/Requests/Transport/ HTTP/1.1" 404 189 "www.google.com" "Mozlila/5.0 (Linux; Android 7.0; SM-G892A Bulid/NRD90M; wv) AppleWebKit/537.36 (KHTML, like Gecko) Version/4.0 Chrome/60.0.3112.107 Moblie Safari/537.36"
196.64.18.11 - - [13/Sep/2025:10:25:48 -0700] "GET /wp-includes/Requests/Utility/ HTTP/1.1" 404 189 "www.google.com" "Mozlila/5.0 (Linux; Android 7.0; SM-G892A Bulid/NRD90M; wv) AppleWebKit/537.36 (KHTML, like Gecko) Version/4.0 Chrome/60.0.3112.107 Moblie Safari/537.36"
196.64.18.11 - - [13/Sep/2025:10:25:48 -0700] "GET /wp-includes/js/codemirror/ HTTP/1.1" 200 322 "www.google.com" "Mozlila/5.0 (Linux; Android 7.0; SM-G892A Bulid/NRD90M; wv) AppleWebKit/537.36 (KHTML, like Gecko) Version/4.0 Chrome/60.0.3112.107 Moblie Safari/537.36"
