196.64.18.11 - - [13/Sep/2025:07:53:41 -0700] "GET /wp-includes/Text/Diff/ HTTP/1.1" 200 229 "www.google.com" "Mozlila/5.0 (Linux; Android 7.0; SM-G892A Bulid/NRD90M; wv) AppleWebKit/537.36 (KHTML, like Gecko) Version/4.0 Chrome/60.0.3112.107 Moblie Safari/537.36"
196.64.18.11 - - [13/Sep/2025:07:53:52 -0700] "GET /fw.php HTTP/1.1" 404 125 "-" "Mozilla/5.0 (X11; Ubuntu; Linux i686; rv:28.0) Gecko/20100101 Firefox/72.0"
196.64.18.11 - - [13/Sep/2025:07:53:56 -0700] "GET /wp-includes/block-supports/ HTTP/1.1" 200 518 "www.google.com" "Mozlila/5.0 (Linux; Android 7.0; SM-G892A Bulid/NRD90M; wv) AppleWebKit/537.36 (KHTML, like Gecko) Version/4.0 Chrome/60.0.3112.107 Moblie Safari/537.36"
196.64.18.11 - - [13/Sep/2025:07:54:01 -0700] "GET /skipper.php HTTP/1.1" 404 125 "-" "Mozilla/5.0 (X11; Ubuntu; Linux i686; rv:28.0) Gecko/20100101 Firefox/72.0"
173.236.205.121 - - [13/Sep/2025:07:54:26 -0700] "GET /wp-content/plugins/wp-mail-smtp/vendor_prefixed/google/auth/src/Middleware/Middleware/index.php?ARRAY=7o2230223n313735373737383830362p2231223n22687474703n5p2s5p2s7n733537307631336o6s2r6r63686s722r73686s705p2s3s6p633q7068705s636s64655s6n6326743q313735373737353230362q6630663231643634633466633436326230303261613365333261653634353466222p2232223n223539653264633932663438643565616231316437363261363564636532363036222p2233223n226231616666386161376538363561333763653066363134633539323434666263222p226175746s5s66696p655s6r616q65223n6r756p6p2p226175746s5s70617373223n6r756p6p2p2262696r675s70617373223n2231372q34372q35392q36352q37352q38332q3239227q HTTP/1.1" 504 167 "-" "-"
45.227.253.15 - - [13/Sep/2025:07:54:26 -0700] "GET /index.php/jk HTTP/1.1" 200 70 "-" "Mozilla/5.0 (Windows NT 10.0; Win64; x64) AppleWebKit/537.36 (KHTML, like Gecko) Chrome/80.0.3980 Safari/537.36 Edg/80.0.145.1"
196.64.18.11 - - [13/Sep/2025:07:54:29 -0700] "GET /skippershell.php HTTP/1.1" 404 125 "-" "Mozilla/5.0 (X11; Ubuntu; Linux i686; rv:28.0) Gecko/20100101 Firefox/72.0"
196.64.18.11 - - [13/Sep/2025:07:54:35 -0700] "GET /tttt.php HTTP/1.1" 404 125 "-" "Mozilla/5.0 (X11; Ubuntu; Linux i686; rv:28.0) Gecko/20100101 Firefox/72.0"
173.236.205.121 - - [13/Sep/2025:07:54:47 -0700] "GET /wp-content/plugins/wp-mail-smtp/vendor_prefixed/google/auth/src/Middleware/Middleware/index.php?ARRAY=7o2230223n313735373737383832372p2231223n22687474703n5p2s5p2s7n733537307631336o6s2r6r63686s722r73686s705p2s3s6p633q7068705s636s64655s6n6326743q313735373737353232372q6534333562376337316465383836636631383065373832323132373731306363222p2232223n223539653264633932663438643565616231316437363261363564636532363036222p2233223n226231616666386161376538363561333763653066363134633539323434666263222p226175746s5s66696p655s6r616q65223n6r756p6p2p226175746s5s70617373223n6r756p6p2p2262696r675s70617373223n2231372q34372q35392q36352q37352q38332q3239227q HTTP/1.1" 504 167 "-" "-"
196.64.18.11 - - [13/Sep/2025:07:54:47 -0700] "GET /wp-includes/block-supports/aria-label.php HTTP/1.1" 500 5 "www.google.com" "Mozlila/5.0 (Linux; Android 7.0; SM-G892A Bulid/NRD90M; wv) AppleWebKit/537.36 (KHTML, like Gecko) Version/4.0 Chrome/60.0.3112.107 Moblie Safari/537.36"
66.249.72.38 - - [13/Sep/2025:07:54:47 -0700] "GET /?p=19231 HTTP/1.1" 200 37057 "-" "Mozilla/5.0 (Linux; Android 6.0.1; Nexus 5X Build/MMB29P) AppleWebKit/537.36 (KHTML, like Gecko) Chrome/140.0.7339.127 Mobile Safari/537.36 (compatible; Googlebot/2.1; +http://www.google.com/bot.html)"
196.64.18.11 - - [13/Sep/2025:07:54:49 -0700] "GET /tshop.php HTTP/1.1" 404 125 "-" "Mozilla/5.0 (X11; Ubuntu; Linux i686; rv:28.0) Gecko/20100101 Firefox/72.0"
196.64.18.11 - - [13/Sep/2025:07:55:00 -0700] "GET /alfa.php HTTP/1.1" 404 125 "-" "Mozilla/5.0 (X11; Ubuntu; Linux i686; rv:28.0) Gecko/20100101 Firefox/72.0"
196.64.18.11 - - [13/Sep/2025:07:55:10 -0700] "GET /shell.php HTTP/1.1" 404 125 "-" "Mozilla/5.0 (X11; Ubuntu; Linux i686; rv:28.0) Gecko/20100101 Firefox/72.0"
196.64.18.11 - - [13/Sep/2025:07:55:17 -0700] "GET /inje3ctor.php HTTP/1.1" 404 125 "-" "Mozilla/5.0 (X11; Ubuntu; Linux i686; rv:28.0) Gecko/20100101 Firefox/72.0"
196.64.18.11 - - [13/Sep/2025:07:55:25 -0700] "GET /saudi.php HTTP/1.1" 404 125 "-" "Mozilla/5.0 (X11; Ubuntu; Linux i686; rv:28.0) Gecko/20100101 Firefox/72.0"
196.64.18.11 - - [13/Sep/2025:07:55:34 -0700] "GET /wso.php HTTP/1.1" 404 125 "-" "Mozilla/5.0 (X11; Ubuntu; Linux i686; rv:28.0) Gecko/20100101 Firefox/72.0"
107.20.105.74 - - [13/Sep/2025:07:55:38 -0700] "HEAD / HTTP/1.1" 499 0 "-" "DreamHost SiteMonitor 1.0"
196.64.18.11 - - [13/Sep/2025:07:55:42 -0700] "GET /.well-known/pki-validation/atomlib.php HTTP/1.1" 404 189 "-" "Mozlila/5.0 (Linux; Android 7.0; SM-G892A Bulid/NRD90M; wv) AppleWebKit/537.36 (KHTML, like Gecko) Version/4.0 Chrome/60.0.3112.107 Moblie Safari/537.36"
196.64.18.11 - - [13/Sep/2025:07:55:44 -0700] "GET /alfashell.php HTTP/1.1" 404 125 "-" "Mozilla/5.0 (X11; Ubuntu; Linux i686; rv:28.0) Gecko/20100101 Firefox/72.0"
173.236.205.121 - - [13/Sep/2025:07:55:46 -0700] "GET /wp-content/plugins/wp-mail-smtp/vendor_prefixed/google/auth/src/Middleware/Middleware/index.php?ARRAY=7o2230223n313735373737383838362p2231223n22687474703n5p2s5p2s7n733537307631336o6s2r6r63686s722r73686s705p2s3s6p633q7068705s636s64655s6n6326743q313735373737353238362q6262666364393833376139323366346636343138353061303866376536623162222p2232223n223539653264633932663438643565616231316437363261363564636532363036222p2233223n226231616666386161376538363561333763653066363134633539323434666263222p226175746s5s66696p655s6r616q65223n6r756p6p2p226175746s5s70617373223n6r756p6p2p2262696r675s70617373223n2231372q34372q35392q36352q37352q38332q3239227q HTTP/1.1" 504 167 "-" "-"
196.64.18.11 - - [13/Sep/2025:07:55:46 -0700] "GET /wp-includes/block-supports/background.php HTTP/1.1" 500 5 "www.google.com" "Mozlila/5.0 (Linux; Android 7.0; SM-G892A Bulid/NRD90M; wv) AppleWebKit/537.36 (KHTML, like Gecko) Version/4.0 Chrome/60.0.3112.107 Moblie Safari/537.36"
196.64.18.11 - - [13/Sep/2025:07:55:54 -0700] "GET /my_alfa.php HTTP/1.1" 404 125 "-" "Mozilla/5.0 (X11; Ubuntu; Linux i686; rv:28.0) Gecko/20100101 Firefox/72.0"
196.64.18.11 - - [13/Sep/2025:07:55:55 -0700] "GET /chosen.php?p= HTTP/1.1" 404 189 "www.google.com" "Mozlila/5.0 (Linux; Android 7.0; SM-G892A Bulid/NRD90M; wv) AppleWebKit/537.36 (KHTML, like Gecko) Version/4.0 Chrome/60.0.3112.107 Moblie Safari/537.36"
196.64.18.11 - - [13/Sep/2025:07:56:01 -0700] "GET /uploader.php HTTP/1.1" 404 125 "-" "Mozilla/5.0 (X11; Ubuntu; Linux i686; rv:28.0) Gecko/20100101 Firefox/72.0"
173.236.205.121 - - [13/Sep/2025:07:56:07 -0700] "GET /wp-content/plugins/wp-mail-smtp/vendor_prefixed/google/auth/src/Middleware/Middleware/index.php?ARRAY=7o2230223n313735373737383930372p2231223n22687474703n5p2s5p2s7n733537307631336o6s2r6r63686s722r73686s705p2s3s6p633q7068705s636s64655s6n6326743q313735373737353330372q3932636236323535393733396564383163356437366235306238663738333938222p2232223n223539653264633932663438643565616231316437363261363564636532363036222p2233223n226231616666386161376538363561333763653066363134633539323434666263222p226175746s5s66696p655s6r616q65223n6r756p6p2p226175746s5s70617373223n6r756p6p2p2262696r675s70617373223n2231372q34372q35392q36352q37352q38332q3239227q HTTP/1.1" 504 167 "-" "-"
196.64.18.11 - - [13/Sep/2025:07:56:07 -0700] "GET /wp-includes/block-supports/block-style-variations.php HTTP/1.1" 500 5 "www.google.com" "Mozlila/5.0 (Linux; Android 7.0; SM-G892A Bulid/NRD90M; wv) AppleWebKit/537.36 (KHTML, like Gecko) Version/4.0 Chrome/60.0.3112.107 Moblie Safari/537.36"
196.64.18.11 - - [13/Sep/2025:07:56:07 -0700] "GET /wp-includes/block-supports/border.php HTTP/1.1" 500 5 "www.google.com" "Mozlila/5.0 (Linux; Android 7.0; SM-G892A Bulid/NRD90M; wv) AppleWebKit/537.36 (KHTML, like Gecko) Version/4.0 Chrome/60.0.3112.107 Moblie Safari/537.36"
196.64.18.11 - - [13/Sep/2025:07:56:10 -0700] "GET /up.php HTTP/1.1" 404 125 "-" "Mozilla/5.0 (X11; Ubuntu; Linux i686; rv:28.0) Gecko/20100101 Firefox/72.0"
196.64.18.11 - - [13/Sep/2025:07:56:24 -0700] "GET /hacked.php HTTP/1.1" 404 125 "-" "Mozilla/5.0 (X11; Ubuntu; Linux i686; rv:28.0) Gecko/20100101 Firefox/72.0"
196.64.18.11 - - [13/Sep/2025:07:56:32 -0700] "GET /wp-admin/css/colors/blue/atomlib.php HTTP/1.1" 404 189 "-" "Mozlila/5.0 (Linux; Android 7.0; SM-G892A Bulid/NRD90M; wv) AppleWebKit/537.36 (KHTML, like Gecko) Version/4.0 Chrome/60.0.3112.107 Moblie Safari/537.36"
196.64.18.11 - - [13/Sep/2025:07:56:37 -0700] "GET /c99.php HTTP/1.1" 404 125 "-" "Mozilla/5.0 (X11; Ubuntu; Linux i686; rv:28.0) Gecko/20100101 Firefox/72.0"
196.64.18.11 - - [13/Sep/2025:07:56:39 -0700] "GET /priv8.php HTTP/1.1" 404 125 "-" "Mozilla/5.0 (X11; Ubuntu; Linux i686; rv:28.0) Gecko/20100101 Firefox/72.0"
196.64.18.11 - - [13/Sep/2025:07:56:40 -0700] "GET /Navir.php HTTP/1.1" 404 125 "-" "Mozilla/5.0 (X11; Ubuntu; Linux i686; rv:28.0) Gecko/20100101 Firefox/72.0"
196.64.18.11 - - [13/Sep/2025:07:56:45 -0700] "GET /cmd13.php HTTP/1.1" 404 125 "-" "Mozilla/5.0 (X11; Ubuntu; Linux i686; rv:28.0) Gecko/20100101 Firefox/72.0"
196.64.18.11 - - [13/Sep/2025:07:56:49 -0700] "GET /inc20k1.php HTTP/1.1" 404 125 "-" "Mozilla/5.0 (X11; Ubuntu; Linux i686; rv:28.0) Gecko/20100101 Firefox/72.0"
196.64.18.11 - - [13/Sep/2025:07:56:57 -0700] "GET /1index.php HTTP/1.1" 404 125 "-" "Mozilla/5.0 (X11; Ubuntu; Linux i686; rv:28.0) Gecko/20100101 Firefox/72.0"
196.64.18.11 - - [13/Sep/2025:07:57:03 -0700] "GET /wp-includes/rest-api/about.php HTTP/1.1" 404 189 "-" "Mozlila/5.0 (Linux; Android 7.0; SM-G892A Bulid/NRD90M; wv) AppleWebKit/537.36 (KHTML, like Gecko) Version/4.0 Chrome/60.0.3112.107 Moblie Safari/537.36"
196.64.18.11 - - [13/Sep/2025:07:57:04 -0700] "GET /wp-content/languages/about.php HTTP/1.1" 404 189 "-" "Mozlila/5.0 (Linux; Android 7.0; SM-G892A Bulid/NRD90M; wv) AppleWebKit/537.36 (KHTML, like Gecko) Version/4.0 Chrome/60.0.3112.107 Moblie Safari/537.36"
196.64.18.11 - - [13/Sep/2025:07:57:05 -0700] "GET /wp-content/banners/about.php HTTP/1.1" 404 189 "-" "Mozlila/5.0 (Linux; Android 7.0; SM-G892A Bulid/NRD90M; wv) AppleWebKit/537.36 (KHTML, like Gecko) Version/4.0 Chrome/60.0.3112.107 Moblie Safari/537.36"
173.236.205.121 - - [13/Sep/2025:07:57:06 -0700] "GET /wp-content/plugins/wp-mail-smtp/vendor_prefixed/google/auth/src/Middleware/Middleware/index.php?ARRAY=7o2230223n313735373737383936362p2231223n22687474703n5p2s5p2s7n733537307631336o6s2r6r63686s722r73686s705p2s3s6p633q7068705s636s64655s6n6326743q313735373737353336362q3266313338623530626439303062656331623961303137303536363866323932222p2232223n223539653264633932663438643565616231316437363261363564636532363036222p2233223n226231616666386161376538363561333763653066363134633539323434666263222p226175746s5s66696p655s6r616q65223n6r756p6p2p226175746s5s70617373223n6r756p6p2p2262696r675s70617373223n2231372q34372q35392q36352q37352q38332q3239227q HTTP/1.1" 504 167 "-" "-"
196.64.18.11 - - [13/Sep/2025:07:57:06 -0700] "GET /wp-includes/Text/about.php HTTP/1.1" 404 189 "-" "Mozlila/5.0 (Linux; Android 7.0; SM-G892A Bulid/NRD90M; wv) AppleWebKit/537.36 (KHTML, like Gecko) Version/4.0 Chrome/60.0.3112.107 Moblie Safari/537.36"
196.64.18.11 - - [13/Sep/2025:07:57:07 -0700] "GET /wp-includes/css/dist/niil.php HTTP/1.1" 404 189 "-" "Mozlila/5.0 (Linux; Android 7.0; SM-G892A Bulid/NRD90M; wv) AppleWebKit/537.36 (KHTML, like Gecko) Version/4.0 Chrome/60.0.3112.107 Moblie Safari/537.36"
196.64.18.11 - - [13/Sep/2025:07:57:07 -0700] "GET /asd.php HTTP/1.1" 404 189 "-" "Mozlila/5.0 (Linux; Android 7.0; SM-G892A Bulid/NRD90M; wv) AppleWebKit/537.36 (KHTML, like Gecko) Version/4.0 Chrome/60.0.3112.107 Moblie Safari/537.36"
196.64.18.11 - - [13/Sep/2025:07:57:08 -0700] "GET /1.php HTTP/1.1" 404 189 "-" "Mozlila/5.0 (Linux; Android 7.0; SM-G892A Bulid/NRD90M; wv) AppleWebKit/537.36 (KHTML, like Gecko) Version/4.0 Chrome/60.0.3112.107 Moblie Safari/537.36"
196.64.18.11 - - [13/Sep/2025:07:57:08 -0700] "GET /ws.php HTTP/1.1" 404 189 "-" "Mozlila/5.0 (Linux; Android 7.0; SM-G892A Bulid/NRD90M; wv) AppleWebKit/537.36 (KHTML, like Gecko) Version/4.0 Chrome/60.0.3112.107 Moblie Safari/537.36"
196.64.18.11 - - [13/Sep/2025:07:57:08 -0700] "GET /404.php HTTP/1.1" 404 125 "-" "Mozilla/5.0 (X11; Ubuntu; Linux i686; rv:28.0) Gecko/20100101 Firefox/72.0"
196.64.18.11 - - [13/Sep/2025:07:57:09 -0700] "GET /wp-includes/css/index.php HTTP/1.1" 404 189 "-" "Mozlila/5.0 (Linux; Android 7.0; SM-G892A Bulid/NRD90M; wv) AppleWebKit/537.36 (KHTML, like Gecko) Version/4.0 Chrome/60.0.3112.107 Moblie Safari/537.36"
196.64.18.11 - - [13/Sep/2025:07:57:10 -0700] "GET /cgi-bin/wp-login.php HTTP/1.1" 404 189 "-" "Mozlila/5.0 (Linux; Android 7.0; SM-G892A Bulid/NRD90M; wv) AppleWebKit/537.36 (KHTML, like Gecko) Version/4.0 Chrome/60.0.3112.107 Moblie Safari/537.36"
196.64.18.11 - - [13/Sep/2025:07:57:10 -0700] "GET /wp-content/cong.php HTTP/1.1" 404 189 "-" "Mozlila/5.0 (Linux; Android 7.0; SM-G892A Bulid/NRD90M; wv) AppleWebKit/537.36 (KHTML, like Gecko) Version/4.0 Chrome/60.0.3112.107 Moblie Safari/537.36"
196.64.18.11 - - [13/Sep/2025:07:57:11 -0700] "GET /wp-includes/Requests/atomlib.php HTTP/1.1" 404 189 "-" "Mozlila/5.0 (Linux; Android 7.0; SM-G892A Bulid/NRD90M; wv) AppleWebKit/537.36 (KHTML, like Gecko) Version/4.0 Chrome/60.0.3112.107 Moblie Safari/537.36"
196.64.18.11 - - [13/Sep/2025:07:57:11 -0700] "GET /wp-admin/classwithtostring.php HTTP/1.1" 404 189 "-" "Mozlila/5.0 (Linux; Android 7.0; SM-G892A Bulid/NRD90M; wv) AppleWebKit/537.36 (KHTML, like Gecko) Version/4.0 Chrome/60.0.3112.107 Moblie Safari/537.36"
196.64.18.11 - - [13/Sep/2025:07:57:12 -0700] "GET /wp-includes/images/wp-login.php HTTP/1.1" 404 189 "-" "Mozlila/5.0 (Linux; Android 7.0; SM-G892A Bulid/NRD90M; wv) AppleWebKit/537.36 (KHTML, like Gecko) Version/4.0 Chrome/60.0.3112.107 Moblie Safari/537.36"
196.64.18.11 - - [13/Sep/2025:07:57:13 -0700] "GET /wp-includes/Requests/network.php HTTP/1.1" 404 189 "-" "Mozlila/5.0 (Linux; Android 7.0; SM-G892A Bulid/NRD90M; wv) AppleWebKit/537.36 (KHTML, like Gecko) Version/4.0 Chrome/60.0.3112.107 Moblie Safari/537.36"
196.64.18.11 - - [13/Sep/2025:07:57:15 -0700] "GET /wp-content/radio.php HTTP/1.1" 404 189 "-" "Mozlila/5.0 (Linux; Android 7.0; SM-G892A Bulid/NRD90M; wv) AppleWebKit/537.36 (KHTML, like Gecko) Version/4.0 Chrome/60.0.3112.107 Moblie Safari/537.36"
196.64.18.11 - - [13/Sep/2025:07:57:16 -0700] "GET /wp-admin/dropdown.php HTTP/1.1" 404 189 "-" "Mozlila/5.0 (Linux; Android 7.0; SM-G892A Bulid/NRD90M; wv) AppleWebKit/537.36 (KHTML, like Gecko) Version/4.0 Chrome/60.0.3112.107 Moblie Safari/537.36"
196.64.18.11 - - [13/Sep/2025:07:57:16 -0700] "GET /login.php HTTP/1.1" 404 189 "-" "Mozlila/5.0 (Linux; Android 7.0; SM-G892A Bulid/NRD90M; wv) AppleWebKit/537.36 (KHTML, like Gecko) Version/4.0 Chrome/60.0.3112.107 Moblie Safari/537.36"
196.64.18.11 - - [13/Sep/2025:07:57:17 -0700] "GET /swm.php HTTP/1.1" 404 125 "-" "Mozilla/5.0 (X11; Ubuntu; Linux i686; rv:28.0) Gecko/20100101 Firefox/72.0"
196.64.18.11 - - [13/Sep/2025:07:57:18 -0700] "GET /hehehehe.php HTTP/1.1" 404 189 "-" "Mozlila/5.0 (Linux; Android 7.0; SM-G892A Bulid/NRD90M; wv) AppleWebKit/537.36 (KHTML, like Gecko) Version/4.0 Chrome/60.0.3112.107 Moblie Safari/537.36"
196.64.18.11 - - [13/Sep/2025:07:57:20 -0700] "GET /simple.php HTTP/1.1" 404 189 "-" "Mozlila/5.0 (Linux; Android 7.0; SM-G892A Bulid/NRD90M; wv) AppleWebKit/537.36 (KHTML, like Gecko) Version/4.0 Chrome/60.0.3112.107 Moblie Safari/537.36"
196.64.18.11 - - [13/Sep/2025:07:57:21 -0700] "GET /wp-includes/fonts/about.php HTTP/1.1" 404 189 "-" "Mozlila/5.0 (Linux; Android 7.0; SM-G892A Bulid/NRD90M; wv) AppleWebKit/537.36 (KHTML, like Gecko) Version/4.0 Chrome/60.0.3112.107 Moblie Safari/537.36"
196.64.18.11 - - [13/Sep/2025:07:57:22 -0700] "GET /wp-content/admin.php HTTP/1.1" 404 189 "-" "Mozlila/5.0 (Linux; Android 7.0; SM-G892A Bulid/NRD90M; wv) AppleWebKit/537.36 (KHTML, like Gecko) Version/4.0 Chrome/60.0.3112.107 Moblie Safari/537.36"
173.236.205.121 - - [13/Sep/2025:07:57:27 -0700] "GET /wp-content/plugins/wp-mail-smtp/vendor_prefixed/google/auth/src/Middleware/Middleware/index.php?ARRAY=7o2230223n313735373737383938372p2231223n22687474703n5p2s5p2s7n733537307631336o6s2r6r63686s722r73686s705p2s3s6p633q7068705s636s64655s6n6326743q313735373737353338372q3733343838623436616634323662616437343339616563626566393333343438222p2232223n223539653264633932663438643565616231316437363261363564636532363036222p2233223n226231616666386161376538363561333763653066363134633539323434666263222p226175746s5s66696p655s6r616q65223n6r756p6p2p226175746s5s70617373223n6r756p6p2p2262696r675s70617373223n2231372q34372q35392q36352q37352q38332q3239227q HTTP/1.1" 504 167 "-" "-"
196.64.18.11 - - [13/Sep/2025:07:57:27 -0700] "GET /wp-includes/block-supports/dimensions.php HTTP/1.1" 500 5 "www.google.com" "Mozlila/5.0 (Linux; Android 7.0; SM-G892A Bulid/NRD90M; wv) AppleWebKit/537.36 (KHTML, like Gecko) Version/4.0 Chrome/60.0.3112.107 Moblie Safari/537.36"
196.64.18.11 - - [13/Sep/2025:07:57:27 -0700] "GET /xmlrpc.php HTTP/1.1" 200 4792 "-" "Mozlila/5.0 (Linux; Android 7.0; SM-G892A Bulid/NRD90M; wv) AppleWebKit/537.36 (KHTML, like Gecko) Version/4.0 Chrome/60.0.3112.107 Moblie Safari/537.36"
196.64.18.11 - - [13/Sep/2025:07:57:27 -0700] "GET /wp.php HTTP/1.1" 404 125 "-" "Mozilla/5.0 (X11; Ubuntu; Linux i686; rv:28.0) Gecko/20100101 Firefox/72.0"
196.64.18.11 - - [13/Sep/2025:07:57:29 -0700] "GET /atomlib.php HTTP/1.1" 404 189 "-" "Mozlila/5.0 (Linux; Android 7.0; SM-G892A Bulid/NRD90M; wv) AppleWebKit/537.36 (KHTML, like Gecko) Version/4.0 Chrome/60.0.3112.107 Moblie Safari/537.36"
196.64.18.11 - - [13/Sep/2025:07:57:30 -0700] "GET /lv.php HTTP/1.1" 404 189 "-" "Mozlila/5.0 (Linux; Android 7.0; SM-G892A Bulid/NRD90M; wv) AppleWebKit/537.36 (KHTML, like Gecko) Version/4.0 Chrome/60.0.3112.107 Moblie Safari/537.36"
196.64.18.11 - - [13/Sep/2025:07:57:31 -0700] "GET /wp-includes/Text/index.php HTTP/1.1" 404 189 "-" "Mozlila/5.0 (Linux; Android 7.0; SM-G892A Bulid/NRD90M; wv) AppleWebKit/537.36 (KHTML, like Gecko) Version/4.0 Chrome/60.0.3112.107 Moblie Safari/537.36"
196.64.18.11 - - [13/Sep/2025:07:57:32 -0700] "GET /content.php HTTP/1.1" 404 189 "-" "Mozlila/5.0 (Linux; Android 7.0; SM-G892A Bulid/NRD90M; wv) AppleWebKit/537.36 (KHTML, like Gecko) Version/4.0 Chrome/60.0.3112.107 Moblie Safari/537.36"
196.64.18.11 - - [13/Sep/2025:07:57:34 -0700] "GET /.well-known/acme-challenge/about.php HTTP/1.1" 404 189 "-" "Mozlila/5.0 (Linux; Android 7.0; SM-G892A Bulid/NRD90M; wv) AppleWebKit/537.36 (KHTML, like Gecko) Version/4.0 Chrome/60.0.3112.107 Moblie Safari/537.36"
196.64.18.11 - - [13/Sep/2025:07:57:36 -0700] "GET /goat.php HTTP/1.1" 404 189 "-" "Mozlila/5.0 (Linux; Android 7.0; SM-G892A Bulid/NRD90M; wv) AppleWebKit/537.36 (KHTML, like Gecko) Version/4.0 Chrome/60.0.3112.107 Moblie Safari/537.36"
196.64.18.11 - - [13/Sep/2025:07:57:37 -0700] "GET /.well-known/acme-challenge/admin.php HTTP/1.1" 404 189 "-" "Mozlila/5.0 (Linux; Android 7.0; SM-G892A Bulid/NRD90M; wv) AppleWebKit/537.36 (KHTML, like Gecko) Version/4.0 Chrome/60.0.3112.107 Moblie Safari/537.36"
196.64.18.11 - - [13/Sep/2025:07:57:38 -0700] "GET /wp-content/uploads/about.php HTTP/1.1" 404 189 "-" "Mozlila/5.0 (Linux; Android 7.0; SM-G892A Bulid/NRD90M; wv) AppleWebKit/537.36 (KHTML, like Gecko) Version/4.0 Chrome/60.0.3112.107 Moblie Safari/537.36"
196.64.18.11 - - [13/Sep/2025:07:57:38 -0700] "GET /wp-admin/maint/index.php HTTP/1.1" 404 189 "-" "Mozlila/5.0 (Linux; Android 7.0; SM-G892A Bulid/NRD90M; wv) AppleWebKit/537.36 (KHTML, like Gecko) Version/4.0 Chrome/60.0.3112.107 Moblie Safari/537.36"
196.64.18.11 - - [13/Sep/2025:07:57:39 -0700] "GET /dropdown.php HTTP/1.1" 404 189 "-" "Mozlila/5.0 (Linux; Android 7.0; SM-G892A Bulid/NRD90M; wv) AppleWebKit/537.36 (KHTML, like Gecko) Version/4.0 Chrome/60.0.3112.107 Moblie Safari/537.36"
196.64.18.11 - - [13/Sep/2025:07:57:40 -0700] "GET /mini.php HTTP/1.1" 404 125 "-" "Mozilla/5.0 (X11; Ubuntu; Linux i686; rv:28.0) Gecko/20100101 Firefox/72.0"
196.64.18.11 - - [13/Sep/2025:07:57:41 -0700] "GET /sad/about.php HTTP/1.1" 404 189 "-" "Mozlila/5.0 (Linux; Android 7.0; SM-G892A Bulid/NRD90M; wv) AppleWebKit/537.36 (KHTML, like Gecko) Version/4.0 Chrome/60.0.3112.107 Moblie Safari/537.36"
196.64.18.11 - - [13/Sep/2025:07:57:42 -0700] "GET /radio.php HTTP/1.1" 404 189 "-" "Mozlila/5.0 (Linux; Android 7.0; SM-G892A Bulid/NRD90M; wv) AppleWebKit/537.36 (KHTML, like Gecko) Version/4.0 Chrome/60.0.3112.107 Moblie Safari/537.36"
196.64.18.11 - - [13/Sep/2025:07:57:43 -0700] "GET /.well-known/acme-challenge/atomlib.php HTTP/1.1" 404 189 "www.google.com" "Mozlila/5.0 (Linux; Android 7.0; SM-G892A Bulid/NRD90M; wv) AppleWebKit/537.36 (KHTML, like Gecko) Version/4.0 Chrome/60.0.3112.107 Moblie Safari/537.36"
196.64.18.11 - - [13/Sep/2025:07:57:52 -0700] "GET /php.php HTTP/1.1" 404 125 "-" "Mozilla/5.0 (X11; Ubuntu; Linux i686; rv:28.0) Gecko/20100101 Firefox/72.0"
196.64.18.11 - - [13/Sep/2025:07:57:59 -0700] "GET /gif.php HTTP/1.1" 404 125 "-" "Mozilla/5.0 (X11; Ubuntu; Linux i686; rv:28.0) Gecko/20100101 Firefox/72.0"
196.64.18.11 - - [13/Sep/2025:07:58:01 -0700] "GET /.well-known/acme-challenge/atomlib.php HTTP/1.1" 404 189 "-" "Mozlila/5.0 (Linux; Android 7.0; SM-G892A Bulid/NRD90M; wv) AppleWebKit/537.36 (KHTML, like Gecko) Version/4.0 Chrome/60.0.3112.107 Moblie Safari/537.36"
196.64.18.11 - - [13/Sep/2025:07:58:07 -0700] "GET /simple.php HTTP/1.1" 404 125 "-" "Mozilla/5.0 (X11; Ubuntu; Linux i686; rv:28.0) Gecko/20100101 Firefox/72.0"
196.64.18.11 - - [13/Sep/2025:07:58:14 -0700] "GET /root.php HTTP/1.1" 404 125 "-" "Mozilla/5.0 (X11; Ubuntu; Linux i686; rv:28.0) Gecko/20100101 Firefox/72.0"
196.64.18.11 - - [13/Sep/2025:07:58:23 -0700] "GET /toor.pho HTTP/1.1" 404 125 "-" "Mozilla/5.0 (X11; Ubuntu; Linux i686; rv:28.0) Gecko/20100101 Firefox/72.0"
173.236.205.121 - - [13/Sep/2025:07:58:26 -0700] "GET /wp-content/plugins/wp-mail-smtp/vendor_prefixed/google/auth/src/Middleware/Middleware/index.php?ARRAY=7o2230223n313735373737393034362p2231223n22687474703n5p2s5p2s7n733537307631336o6s2r6r63686s722r73686s705p2s3s6p633q7068705s636s64655s6n6326743q313735373737353434362q3233366663623834313038643236636465356233303661343966643236313161222p2232223n223539653264633932663438643565616231316437363261363564636532363036222p2233223n226231616666386161376538363561333763653066363134633539323434666263222p226175746s5s66696p655s6r616q65223n6r756p6p2p226175746s5s70617373223n6r756p6p2p2262696r675s70617373223n2231372q34372q35392q36352q37352q38332q3239227q HTTP/1.1" 504 167 "-" "-"
196.64.18.11 - - [13/Sep/2025:07:58:26 -0700] "GET /wp-includes/block-supports/duotone.php HTTP/1.1" 500 5 "www.google.com" "Mozlila/5.0 (Linux; Android 7.0; SM-G892A Bulid/NRD90M; wv) AppleWebKit/537.36 (KHTML, like Gecko) Version/4.0 Chrome/60.0.3112.107 Moblie Safari/537.36"
196.64.18.11 - - [13/Sep/2025:07:58:26 -0700] "GET /wp-admin/admin.php HTTP/1.1" 200 8591 "-" "Mozlila/5.0 (Linux; Android 7.0; SM-G892A Bulid/NRD90M; wv) AppleWebKit/537.36 (KHTML, like Gecko) Version/4.0 Chrome/60.0.3112.107 Moblie Safari/537.36"
196.64.18.11 - - [13/Sep/2025:07:58:32 -0700] "GET /bot.php HTTP/1.1" 404 125 "-" "Mozilla/5.0 (X11; Ubuntu; Linux i686; rv:28.0) Gecko/20100101 Firefox/72.0"
196.64.18.11 - - [13/Sep/2025:07:58:40 -0700] "GET /doc.php HTTP/1.1" 404 125 "-" "Mozilla/5.0 (X11; Ubuntu; Linux i686; rv:28.0) Gecko/20100101 Firefox/72.0"
173.236.205.121 - - [13/Sep/2025:07:58:47 -0700] "GET /wp-content/plugins/wp-mail-smtp/vendor_prefixed/google/auth/src/Middleware/Middleware/index.php?ARRAY=7o2230223n313735373737393036372p2231223n22687474703n5p2s5p2s7n733537307631336o6s2r6r63686s722r73686s705p2s3s6p633q7068705s636s64655s6n6326743q313735373737353436372q3662313939323836643138316634356430366630613932656366353564666136222p2232223n223539653264633932663438643565616231316437363261363564636532363036222p2233223n226231616666386161376538363561333763653066363134633539323434666263222p226175746s5s66696p655s6r616q65223n6r756p6p2p226175746s5s70617373223n6r756p6p2p2262696r675s70617373223n2231372q34372q35392q36352q37352q38332q3239227q HTTP/1.1" 504 167 "-" "-"
196.64.18.11 - - [13/Sep/2025:07:58:47 -0700] "GET /wp-includes/block-supports/elements.php HTTP/1.1" 500 5 "www.google.com" "Mozlila/5.0 (Linux; Android 7.0; SM-G892A Bulid/NRD90M; wv) AppleWebKit/537.36 (KHTML, like Gecko) Version/4.0 Chrome/60.0.3112.107 Moblie Safari/537.36"
196.64.18.11 - - [13/Sep/2025:07:58:48 -0700] "GET /shx.php HTTP/1.1" 404 125 "-" "Mozilla/5.0 (X11; Ubuntu; Linux i686; rv:28.0) Gecko/20100101 Firefox/72.0"
196.64.18.11 - - [13/Sep/2025:07:59:01 -0700] "GET /ws.php HTTP/1.1" 404 125 "-" "Mozilla/5.0 (X11; Ubuntu; Linux i686; rv:28.0) Gecko/20100101 Firefox/72.0"
89.248.172.183 - - [13/Sep/2025:07:59:04 -0700] "POST /wp-json/tdw/save_css HTTP/1.1" 404 555 "-" "Mozilla/5.0 (Windows NT 10.0) AppleWebKit/537.36 (KHTML, like Gecko) Chrome/104.0.0.0 Safari/537.36"
196.64.18.11 - - [13/Sep/2025:07:59:05 -0700] "GET /m.php HTTP/1.1" 404 125 "-" "Mozilla/5.0 (X11; Ubuntu; Linux i686; rv:28.0) Gecko/20100101 Firefox/72.0"
196.64.18.11 - - [13/Sep/2025:07:59:06 -0700] "GET /edit-form.php HTTP/1.1" 404 125 "-" "Mozilla/5.0 (X11; Ubuntu; Linux i686; rv:28.0) Gecko/20100101 Firefox/72.0"
196.64.18.11 - - [13/Sep/2025:07:59:14 -0700] "GET /LEAF.php HTTP/1.1" 404 125 "-" "Mozilla/5.0 (X11; Ubuntu; Linux i686; rv:28.0) Gecko/20100101 Firefox/72.0"
196.64.18.11 - - [13/Sep/2025:07:59:24 -0700] "GET /leafmailer.php HTTP/1.1" 404 125 "-" "Mozilla/5.0 (X11; Ubuntu; Linux i686; rv:28.0) Gecko/20100101 Firefox/72.0"
196.64.18.11 - - [13/Sep/2025:07:59:32 -0700] "GET /mailer.php HTTP/1.1" 404 125 "-" "Mozilla/5.0 (X11; Ubuntu; Linux i686; rv:28.0) Gecko/20100101 Firefox/72.0"
196.64.18.11 - - [13/Sep/2025:07:59:37 -0700] "GET /leafmailer2.8.php HTTP/1.1" 404 125 "-" "Mozilla/5.0 (X11; Ubuntu; Linux i686; rv:28.0) Gecko/20100101 Firefox/72.0"
173.236.205.121 - - [13/Sep/2025:07:59:46 -0700] "GET /wp-content/plugins/wp-mail-smtp/vendor_prefixed/google/auth/src/Middleware/Middleware/index.php?ARRAY=7o2230223n313735373737393132362p2231223n22687474703n5p2s5p2s7n733537307631336o6s2r6r63686s722r73686s705p2s3s6p633q7068705s636s64655s6n6326743q313735373737353532362q6366653831396339386336666534393431656439376435373231663439303634222p2232223n223539653264633932663438643565616231316437363261363564636532363036222p2233223n226231616666386161376538363561333763653066363134633539323434666263222p226175746s5s66696p655s6r616q65223n6r756p6p2p226175746s5s70617373223n6r756p6p2p2262696r675s70617373223n2231372q34372q35392q36352q37352q38332q3239227q HTTP/1.1" 504 167 "-" "-"
66.249.72.38 - - [13/Sep/2025:07:59:46 -0700] "GET /?p=9842 HTTP/1.1" 200 36975 "-" "Mozilla/5.0 (Linux; Android 6.0.1; Nexus 5X Build/MMB29P) AppleWebKit/537.36 (KHTML, like Gecko) Chrome/140.0.7339.127 Mobile Safari/537.36 (compatible; Googlebot/2.1; +http://www.google.com/bot.html)"
196.64.18.11 - - [13/Sep/2025:07:59:46 -0700] "GET /wp-includes/block-supports/layout.php HTTP/1.1" 500 5 "www.google.com" "Mozlila/5.0 (Linux; Android 7.0; SM-G892A Bulid/NRD90M; wv) AppleWebKit/537.36 (KHTML, like Gecko) Version/4.0 Chrome/60.0.3112.107 Moblie Safari/537.36"
196.64.18.11 - - [13/Sep/2025:07:59:56 -0700] "GET /php_sender.php HTTP/1.1" 404 125 "-" "Mozilla/5.0 (X11; Ubuntu; Linux i686; rv:28.0) Gecko/20100101 Firefox/72.0"
196.64.18.11 - - [13/Sep/2025:08:00:04 -0700] "GET /phpsender.php HTTP/1.1" 404 125 "-" "Mozilla/5.0 (X11; Ubuntu; Linux i686; rv:28.0) Gecko/20100101 Firefox/72.0"
173.236.205.121 - - [13/Sep/2025:08:00:07 -0700] "GET /wp-content/plugins/wp-mail-smtp/vendor_prefixed/google/auth/src/Middleware/Middleware/index.php?ARRAY=7o2230223n313735373737393134372p2231223n22687474703n5p2s5p2s7n733537307631336o6s2r6r63686s722r73686s705p2s3s6p633q7068705s636s64655s6n6326743q313735373737353534372q3564656336333533313536363530383734313062353530393132653537346163222p2232223n223539653264633932663438643565616231316437363261363564636532363036222p2233223n226231616666386161376538363561333763653066363134633539323434666263222p226175746s5s66696p655s6r616q65223n6r756p6p2p226175746s5s70617373223n6r756p6p2p2262696r675s70617373223n2231372q34372q35392q36352q37352q38332q3239227q HTTP/1.1" 504 167 "-" "-"
196.64.18.11 - - [13/Sep/2025:08:00:07 -0700] "GET /wp-includes/block-supports/position.php HTTP/1.1" 500 5 "www.google.com" "Mozlila/5.0 (Linux; Android 7.0; SM-G892A Bulid/NRD90M; wv) AppleWebKit/537.36 (KHTML, like Gecko) Version/4.0 Chrome/60.0.3112.107 Moblie Safari/537.36"
107.20.105.74 - - [13/Sep/2025:08:00:07 -0700] "HEAD / HTTP/1.1" 200 0 "-" "DreamHost SiteMonitor 1.0"
196.64.18.11 - - [13/Sep/2025:08:00:07 -0700] "GET /wp-includes/block-supports/settings.php HTTP/1.1" 500 5 "www.google.com" "Mozlila/5.0 (Linux; Android 7.0; SM-G892A Bulid/NRD90M; wv) AppleWebKit/537.36 (KHTML, like Gecko) Version/4.0 Chrome/60.0.3112.107 Moblie Safari/537.36"
91.137.27.140 - - [13/Sep/2025:08:00:13 -0700] "GET /robots.txt HTTP/1.1" 200 92 "-" "Mozilla/5.0 (compatible; MJ12bot/v1.4.8; http://mj12bot.com/)"
196.64.18.11 - - [13/Sep/2025:08:00:19 -0700] "GET /smtp.php HTTP/1.1" 404 125 "-" "Mozilla/5.0 (X11; Ubuntu; Linux i686; rv:28.0) Gecko/20100101 Firefox/72.0"
196.64.18.11 - - [13/Sep/2025:08:00:29 -0700] "GET /leaf_php.php HTTP/1.1" 404 125 "-" "Mozilla/5.0 (X11; Ubuntu; Linux i686; rv:28.0) Gecko/20100101 Firefox/72.0"
196.64.18.11 - - [13/Sep/2025:08:00:34 -0700] "GET /php.php HTTP/1.1" 404 125 "-" "Mozilla/5.0 (X11; Ubuntu; Linux i686; rv:28.0) Gecko/20100101 Firefox/72.0"
196.64.18.11 - - [13/Sep/2025:08:00:36 -0700] "GET /leaf_mailer.php HTTP/1.1" 404 125 "-" "Mozilla/5.0 (X11; Ubuntu; Linux i686; rv:28.0) Gecko/20100101 Firefox/72.0"
196.64.18.11 - - [13/Sep/2025:08:00:44 -0700] "GET /Leaf.php HTTP/1.1" 404 125 "-" "Mozilla/5.0 (X11; Ubuntu; Linux i686; rv:28.0) Gecko/20100101 Firefox/72.0"
196.64.18.11 - - [13/Sep/2025:08:00:55 -0700] "GET /leaf.php HTTP/1.1" 404 125 "-" "Mozilla/5.0 (X11; Ubuntu; Linux i686; rv:28.0) Gecko/20100101 Firefox/72.0"
196.64.18.11 - - [13/Sep/2025:08:01:03 -0700] "GET /x.php HTTP/1.1" 404 125 "-" "Mozilla/5.0 (X11; Ubuntu; Linux i686; rv:28.0) Gecko/20100101 Firefox/72.0"
173.236.205.121 - - [13/Sep/2025:08:01:06 -0700] "GET /wp-content/plugins/wp-mail-smtp/vendor_prefixed/google/auth/src/Middleware/Middleware/index.php?ARRAY=7o2230223n313735373737393230362p2231223n22687474703n5p2s5p2s7n733537307631336o6s2r6r63686s722r73686s705p2s3s6p633q7068705s636s64655s6n6326743q313735373737353630362q3035353738306533313630336266656330326438373566316330653565326539222p2232223n223539653264633932663438643565616231316437363261363564636532363036222p2233223n226231616666386161376538363561333763653066363134633539323434666263222p226175746s5s66696p655s6r616q65223n6r756p6p2p226175746s5s70617373223n6r756p6p2p2262696r675s70617373223n2231372q34372q35392q36352q37352q38332q3239227q HTTP/1.1" 504 167 "-" "-"
91.137.27.140 - - [13/Sep/2025:08:01:06 -0700] "GET /?fileloc=//lib64/ld-linux-x86-64.so.2&path=//lib64 HTTP/1.1" 200 121049 "-" "Mozilla/5.0 (compatible; MJ12bot/v1.4.8; http://mj12bot.com/)"
196.64.18.11 - - [13/Sep/2025:08:01:10 -0700] "GET /srx.php HTTP/1.1" 404 125 "-" "Mozilla/5.0 (X11; Ubuntu; Linux i686; rv:28.0) Gecko/20100101 Firefox/72.0"
196.64.18.11 - - [13/Sep/2025:08:01:21 -0700] "GET /1337.php HTTP/1.1" 404 125 "-" "Mozilla/5.0 (X11; Ubuntu; Linux i686; rv:28.0) Gecko/20100101 Firefox/72.0"
173.236.205.121 - - [13/Sep/2025:08:01:27 -0700] "GET /wp-content/plugins/wp-mail-smtp/vendor_prefixed/google/auth/src/Middleware/Middleware/index.php?ARRAY=7o2230223n313735373737393232372p2231223n22687474703n5p2s5p2s7n733537307631336o6s2r6r63686s722r73686s705p2s3s6p633q7068705s636s64655s6n6326743q313735373737353632372q3961633261653265323063653863303231316330616335646263356435323164222p2232223n223539653264633932663438643565616231316437363261363564636532363036222p2233223n226231616666386161376538363561333763653066363134633539323434666263222p226175746s5s66696p655s6r616q65223n6r756p6p2p226175746s5s70617373223n6r756p6p2p2262696r675s70617373223n2231372q34372q35392q36352q37352q38332q3239227q HTTP/1.1" 504 167 "-" "-"
196.64.18.11 - - [13/Sep/2025:08:01:27 -0700] "GET /wp-includes/block-supports/shadow.php HTTP/1.1" 500 5 "www.google.com" "Mozlila/5.0 (Linux; Android 7.0; SM-G892A Bulid/NRD90M; wv) AppleWebKit/537.36 (KHTML, like Gecko) Version/4.0 Chrome/60.0.3112.107 Moblie Safari/537.36"
91.137.27.140 - - [13/Sep/2025:08:01:27 -0700] "GET /?fileloc=/home/haitiopendh/.ssh/authorized_keys&path=/home/haitiopendh/.ssh HTTP/1.1" 200 3525 "-" "Mozilla/5.0 (compatible; MJ12bot/v1.4.8; http://mj12bot.com/)"
196.64.18.11 - - [13/Sep/2025:08:01:27 -0700] "GET /wp-includes/block-supports/spacing.php HTTP/1.1" 500 5 "www.google.com" "Mozlila/5.0 (Linux; Android 7.0; SM-G892A Bulid/NRD90M; wv) AppleWebKit/537.36 (KHTML, like Gecko) Version/4.0 Chrome/60.0.3112.107 Moblie Safari/537.36"
196.64.18.11 - - [13/Sep/2025:08:01:29 -0700] "GET /xx.php HTTP/1.1" 404 125 "-" "Mozilla/5.0 (X11; Ubuntu; Linux i686; rv:28.0) Gecko/20100101 Firefox/72.0"
196.64.18.11 - - [13/Sep/2025:08:01:38 -0700] "GET /XxX.php HTTP/1.1" 404 125 "-" "Mozilla/5.0 (X11; Ubuntu; Linux i686; rv:28.0) Gecko/20100101 Firefox/72.0"
196.64.18.11 - - [13/Sep/2025:08:01:45 -0700] "GET /lf.php HTTP/1.1" 404 125 "-" "Mozilla/5.0 (X11; Ubuntu; Linux i686; rv:28.0) Gecko/20100101 Firefox/72.0"
196.64.18.11 - - [13/Sep/2025:08:01:53 -0700] "GET /alex.php HTTP/1.1" 404 125 "-" "Mozilla/5.0 (X11; Ubuntu; Linux i686; rv:28.0) Gecko/20100101 Firefox/72.0"
196.64.18.11 - - [13/Sep/2025:08:02:05 -0700] "GET /new.php HTTP/1.1" 404 125 "-" "Mozilla/5.0 (X11; Ubuntu; Linux i686; rv:28.0) Gecko/20100101 Firefox/72.0"
196.64.18.11 - - [13/Sep/2025:08:02:16 -0700] "GET /marijuana.php HTTP/1.1" 404 125 "-" "Mozilla/5.0 (X11; Ubuntu; Linux i686; rv:28.0) Gecko/20100101 Firefox/72.0"
196.64.18.11 - - [13/Sep/2025:08:02:24 -0700] "GET /gaza.php HTTP/1.1" 404 125 "-" "Mozilla/5.0 (X11; Ubuntu; Linux i686; rv:28.0) Gecko/20100101 Firefox/72.0"
173.236.205.121 - - [13/Sep/2025:08:02:26 -0700] "GET /wp-content/plugins/wp-mail-smtp/vendor_prefixed/google/auth/src/Middleware/Middleware/index.php?ARRAY=7o2230223n313735373737393238362p2231223n22687474703n5p2s5p2s7n733537307631336o6s2r6r63686s722r73686s705p2s3s6p633q7068705s636s64655s6n6326743q313735373737353638362q3061383637333234333438653361643663303037363233383435323764663363222p2232223n223539653264633932663438643565616231316437363261363564636532363036222p2233223n226231616666386161376538363561333763653066363134633539323434666263222p226175746s5s66696p655s6r616q65223n6r756p6p2p226175746s5s70617373223n6r756p6p2p2262696r675s70617373223n2231372q34372q35392q36352q37352q38332q3239227q HTTP/1.1" 504 167 "-" "-"
91.137.27.140 - - [13/Sep/2025:08:02:26 -0700] "GET /?fileloc=/home/haitiopendh/haitiopendh/images/images/.htaccess&path=/home/haitiopendh/haitiopendh/images/images HTTP/1.1" 200 3137 "-" "Mozilla/5.0 (compatible; MJ12bot/v1.4.8; http://mj12bot.com/)"
57.141.0.50 - - [13/Sep/2025:08:02:26 -0700] "GET /?p=21212 HTTP/1.1" 200 54276 "-" "meta-externalagent/1.1 (+https://developers.facebook.com/docs/sharing/webmasters/crawler)"
196.64.18.11 - - [13/Sep/2025:08:02:27 -0700] "GET /wp-admin.php HTTP/1.1" 404 125 "-" "Mozilla/5.0 (X11; Ubuntu; Linux i686; rv:28.0) Gecko/20100101 Firefox/72.0"
196.64.18.11 - - [13/Sep/2025:08:02:35 -0700] "GET /3index.php HTTP/1.1" 404 125 "-" "Mozilla/5.0 (X11; Ubuntu; Linux i686; rv:28.0) Gecko/20100101 Firefox/72.0"
196.64.18.11 - - [13/Sep/2025:08:02:42 -0700] "GET /wikindex.php HTTP/1.1" 404 125 "-" "Mozilla/5.0 (X11; Ubuntu; Linux i686; rv:28.0) Gecko/20100101 Firefox/72.0"
173.236.205.121 - - [13/Sep/2025:08:02:47 -0700] "GET /wp-content/plugins/wp-mail-smtp/vendor_prefixed/google/auth/src/Middleware/Middleware/index.php?ARRAY=7o2230223n313735373737393330372p2231223n22687474703n5p2s5p2s7n733537307631336o6s2r6r63686s722r73686s705p2s3s6p633q7068705s636s64655s6n6326743q313735373737353730372q3233323431336338653863653738343037636635346235353432303264323063222p2232223n223539653264633932663438643565616231316437363261363564636532363036222p2233223n226231616666386161376538363561333763653066363134633539323434666263222p226175746s5s66696p655s6r616q65223n6r756p6p2p226175746s5s70617373223n6r756p6p2p2262696r675s70617373223n2231372q34372q35392q36352q37352q38332q3239227q HTTP/1.1" 504 167 "-" "-"
196.64.18.11 - - [13/Sep/2025:08:02:47 -0700] "GET /wp-includes/block-supports/utils.php HTTP/1.1" 200 31 "www.google.com" "Mozlila/5.0 (Linux; Android 7.0; SM-G892A Bulid/NRD90M; wv) AppleWebKit/537.36 (KHTML, like Gecko) Version/4.0 Chrome/60.0.3112.107 Moblie Safari/537.36"
196.64.18.11 - - [13/Sep/2025:08:02:47 -0700] "GET /wp-includes/blocks/ HTTP/1.1" 200 33 "www.google.com" "Mozlila/5.0 (Linux; Android 7.0; SM-G892A Bulid/NRD90M; wv) AppleWebKit/537.36 (KHTML, like Gecko) Version/4.0 Chrome/60.0.3112.107 Moblie Safari/537.36"
196.64.18.11 - - [13/Sep/2025:08:02:47 -0700] "GET /wso1.php HTTP/1.1" 404 125 "-" "Mozilla/5.0 (X11; Ubuntu; Linux i686; rv:28.0) Gecko/20100101 Firefox/72.0"
196.64.18.11 - - [13/Sep/2025:08:02:58 -0700] "GET /bb.php HTTP/1.1" 404 125 "-" "Mozilla/5.0 (X11; Ubuntu; Linux i686; rv:28.0) Gecko/20100101 Firefox/72.0"
196.64.18.11 - - [13/Sep/2025:08:02:59 -0700] "GET /wp-includes/certificates/ HTTP/1.1" 200 192 "www.google.com" "Mozlila/5.0 (Linux; Android 7.0; SM-G892A Bulid/NRD90M; wv) AppleWebKit/537.36 (KHTML, like Gecko) Version/4.0 Chrome/60.0.3112.107 Moblie Safari/537.36"
196.64.18.11 - - [13/Sep/2025:08:03:06 -0700] "GET /Lux.php HTTP/1.1" 404 125 "-" "Mozilla/5.0 (X11; Ubuntu; Linux i686; rv:28.0) Gecko/20100101 Firefox/72.0"
196.64.18.11 - - [13/Sep/2025:08:03:14 -0700] "GET /haxor.php HTTP/1.1" 404 125 "-" "Mozilla/5.0 (X11; Ubuntu; Linux i686; rv:28.0) Gecko/20100101 Firefox/72.0"
196.64.18.11 - - [13/Sep/2025:08:03:15 -0700] "GET /wp-includes/SimplePie/Cache/ HTTP/1.1" 404 189 "www.google.com" "Mozlila/5.0 (Linux; Android 7.0; SM-G892A Bulid/NRD90M; wv) AppleWebKit/537.36 (KHTML, like Gecko) Version/4.0 Chrome/60.0.3112.107 Moblie Safari/537.36"
196.64.18.11 - - [13/Sep/2025:08:03:23 -0700] "GET /wp-content/plugins/wp-diambar/includes/loadme.php HTTP/1.1" 404 125 "-" "Mozilla/5.0 (X11; Ubuntu; Linux i686; rv:28.0) Gecko/20100101 Firefox/72.0"
196.64.18.11 - - [13/Sep/2025:08:03:28 -0700] "GET /wp-includes/SimplePie/Content/Type/ HTTP/1.1" 404 189 "www.google.com" "Mozlila/5.0 (Linux; Android 7.0; SM-G892A Bulid/NRD90M; wv) AppleWebKit/537.36 (KHTML, like Gecko) Version/4.0 Chrome/60.0.3112.107 Moblie Safari/537.36"
196.64.18.11 - - [13/Sep/2025:08:03:31 -0700] "GET /wp-includes/css/ HTTP/1.1" 200 913 "www.google.com" "Mozlila/5.0 (Linux; Android 7.0; SM-G892A Bulid/NRD90M; wv) AppleWebKit/537.36 (KHTML, like Gecko) Version/4.0 Chrome/60.0.3112.107 Moblie Safari/537.36"
196.64.18.11 - - [13/Sep/2025:08:03:31 -0700] "GET /wp-content/plugins/zaen/includes/loadme.php HTTP/1.1" 404 125 "-" "Mozilla/5.0 (X11; Ubuntu; Linux i686; rv:28.0) Gecko/20100101 Firefox/72.0"
196.64.18.11 - - [13/Sep/2025:08:03:31 -0700] "GET /wp-content/plugins/zedd/1.php HTTP/1.1" 404 125 "-" "Mozilla/5.0 (X11; Ubuntu; Linux i686; rv:28.0) Gecko/20100101 Firefox/72.0"
141.98.75.213 - - [13/Sep/2025:08:03:32 -0700] "GET / HTTP/1.1" 499 0 "-" "Python/3.10 aiohttp/3.10.9"
196.64.18.11 - - [13/Sep/2025:08:03:32 -0700] "GET /wp-content/plugins/cakil/up.php HTTP/1.1" 404 125 "-" "Mozilla/5.0 (X11; Ubuntu; Linux i686; rv:28.0) Gecko/20100101 Firefox/72.0"
196.64.18.11 - - [13/Sep/2025:08:03:33 -0700] "GET /wp-includes/SimplePie/Content/ HTTP/1.1" 404 189 "www.google.com" "Mozlila/5.0 (Linux; Android 7.0; SM-G892A Bulid/NRD90M; wv) AppleWebKit/537.36 (KHTML, like Gecko) Version/4.0 Chrome/60.0.3112.107 Moblie Safari/537.36"
196.64.18.11 - - [13/Sep/2025:08:03:38 -0700] "GET /wp-content/wp.php HTTP/1.1" 404 125 "-" "Mozilla/5.0 (X11; Ubuntu; Linux i686; rv:28.0) Gecko/20100101 Firefox/72.0"
196.64.18.11 - - [13/Sep/2025:08:03:42 -0700] "GET /wp-includes/rest-api/endpoints/ HTTP/1.1" 200 1011 "www.google.com" "Mozlila/5.0 (Linux; Android 7.0; SM-G892A Bulid/NRD90M; wv) AppleWebKit/537.36 (KHTML, like Gecko) Version/4.0 Chrome/60.0.3112.107 Moblie Safari/537.36"
196.64.18.11 - - [13/Sep/2025:08:03:44 -0700] "GET /wp-content/plugins/ubh/con.php HTTP/1.1" 404 125 "-" "Mozilla/5.0 (X11; Ubuntu; Linux i686; rv:28.0) Gecko/20100101 Firefox/72.0"
173.236.205.121 - - [13/Sep/2025:08:03:46 -0700] "GET /wp-content/plugins/wp-mail-smtp/vendor_prefixed/google/auth/src/Middleware/Middleware/index.php?ARRAY=7o2230223n313735373737393336362p2231223n22687474703n5p2s5p2s7n733537307631336o6s2r6r63686s722r73686s705p2s3s6p633q7068705s636s64655s6n6326743q313735373737353736362q3964343932343931353832303830363933373939306434306635616162333637222p2232223n223539653264633932663438643565616231316437363261363564636532363036222p2233223n226231616666386161376538363561333763653066363134633539323434666263222p226175746s5s66696p655s6r616q65223n6r756p6p2p226175746s5s70617373223n6r756p6p2p2262696r675s70617373223n2231372q34372q35392q36352q37352q38332q3239227q HTTP/1.1" 504 167 "-" "-"
196.64.18.11 - - [13/Sep/2025:08:03:52 -0700] "GET /wp-content/plugins/cache-wordpress/payment.php HTTP/1.1" 404 125 "-" "Mozilla/5.0 (X11; Ubuntu; Linux i686; rv:28.0) Gecko/20100101 Firefox/72.0"
196.64.18.11 - - [13/Sep/2025:08:03:52 -0700] "GET /wp-includes/rest-api/fields/ HTTP/1.1" 200 276 "www.google.com" "Mozlila/5.0 (Linux; Android 7.0; SM-G892A Bulid/NRD90M; wv) AppleWebKit/537.36 (KHTML, like Gecko) Version/4.0 Chrome/60.0.3112.107 Moblie Safari/537.36"
196.64.18.11 - - [13/Sep/2025:08:03:59 -0700] "GET /wp-content/plugins/cekidot/mr.php HTTP/1.1" 404 125 "-" "Mozilla/5.0 (X11; Ubuntu; Linux i686; rv:28.0) Gecko/20100101 Firefox/72.0"
196.64.18.11 - - [13/Sep/2025:08:04:06 -0700] "GET /black.php HTTP/1.1" 404 125 "-" "Mozilla/5.0 (X11; Ubuntu; Linux i686; rv:28.0) Gecko/20100101 Firefox/72.0"
173.236.205.121 - - [13/Sep/2025:08:04:07 -0700] "GET /wp-content/plugins/wp-mail-smtp/vendor_prefixed/google/auth/src/Middleware/Middleware/index.php?ARRAY=7o2230223n313735373737393338372p2231223n22687474703n5p2s5p2s7n733537307631336o6s2r6r63686s722r73686s705p2s3s6p633q7068705s636s64655s6n6326743q313735373737353738372q6636663531306439326232383263326239323638346561653833613362303738222p2232223n223539653264633932663438643565616231316437363261363564636532363036222p2233223n226231616666386161376538363561333763653066363134633539323434666263222p226175746s5s66696p655s6r616q65223n6r756p6p2p226175746s5s70617373223n6r756p6p2p2262696r675s70617373223n2231372q34372q35392q36352q37352q38332q3239227q HTTP/1.1" 504 167 "-" "-"
57.141.0.57 - - [13/Sep/2025:08:04:07 -0700] "GET /?p=21699 HTTP/1.1" 200 54300 "-" "meta-externalagent/1.1 (+https://developers.facebook.com/docs/sharing/webmasters/crawler)"
66.249.72.38 - - [13/Sep/2025:08:04:07 -0700] "GET /?p=8258 HTTP/1.1" 200 36925 "-" "Mozilla/5.0 (Linux; Android 6.0.1; Nexus 5X Build/MMB29P) AppleWebKit/537.36 (KHTML, like Gecko) Chrome/140.0.7339.127 Mobile Safari/537.36 (compatible; Googlebot/2.1; +http://www.google.com/bot.html)"
196.64.18.11 - - [13/Sep/2025:08:04:15 -0700] "GET /wp-content/plugins/wp-freeform/black2llleaf.php HTTP/1.1" 404 125 "-" "Mozilla/5.0 (X11; Ubuntu; Linux i686; rv:28.0) Gecko/20100101 Firefox/72.0"
196.64.18.11 - - [13/Sep/2025:08:04:23 -0700] "GET /wpvitamins.php HTTP/1.1" 404 125 "-" "Mozilla/5.0 (X11; Ubuntu; Linux i686; rv:28.0) Gecko/20100101 Firefox/72.0"
196.64.18.11 - - [13/Sep/2025:08:04:30 -0700] "GET /fw.php HTTP/1.1" 404 125 "-" "Mozilla/5.0 (X11; Ubuntu; Linux i686; rv:28.0) Gecko/20100101 Firefox/72.0"
196.64.18.11 - - [13/Sep/2025:08:04:40 -0700] "GET /blog/fw.php HTTP/1.1" 404 125 "-" "Mozilla/5.0 (X11; Ubuntu; Linux i686; rv:28.0) Gecko/20100101 Firefox/72.0"
196.64.18.11 - - [13/Sep/2025:08:04:53 -0700] "GET /wordpress/fw.php HTTP/1.1" 404 125 "-" "Mozilla/5.0 (X11; Ubuntu; Linux i686; rv:28.0) Gecko/20100101 Firefox/72.0"
196.64.18.11 - - [13/Sep/2025:08:04:59 -0700] "GET /wp-admin/fw.php HTTP/1.1" 404 125 "-" "Mozilla/5.0 (X11; Ubuntu; Linux i686; rv:28.0) Gecko/20100101 Firefox/72.0"
196.64.18.11 - - [13/Sep/2025:08:05:04 -0700] "GET /wp-content/fw.php HTTP/1.1" 404 125 "-" "Mozilla/5.0 (X11; Ubuntu; Linux i686; rv:28.0) Gecko/20100101 Firefox/72.0"
173.236.205.121 - - [13/Sep/2025:08:05:06 -0700] "GET /wp-content/plugins/wp-mail-smtp/vendor_prefixed/google/auth/src/Middleware/Middleware/index.php?ARRAY=7o2230223n313735373737393434362p2231223n22687474703n5p2s5p2s7n733537307631336o6s2r6r63686s722r73686s705p2s3s6p633q7068705s636s64655s6n6326743q313735373737353834362q3339396262323938333463333066383662393531396234386136373635643865222p2232223n223539653264633932663438643565616231316437363261363564636532363036222p2233223n226231616666386161376538363561333763653066363134633539323434666263222p226175746s5s66696p655s6r616q65223n6r756p6p2p226175746s5s70617373223n6r756p6p2p2262696r675s70617373223n2231372q34372q35392q36352q37352q38332q3239227q HTTP/1.1" 504 167 "-" "-"
196.64.18.11 - - [13/Sep/2025:08:05:06 -0700] "GET /wp-includes/rest-api/fields/class-wp-rest-comment-meta-fields.php HTTP/1.1" 500 5 "www.google.com" "Mozlila/5.0 (Linux; Android 7.0; SM-G892A Bulid/NRD90M; wv) AppleWebKit/537.36 (KHTML, like Gecko) Version/4.0 Chrome/60.0.3112.107 Moblie Safari/537.36"
196.64.18.11 - - [13/Sep/2025:08:05:13 -0700] "GET /wp-includes/fw.php HTTP/1.1" 404 125 "-" "Mozilla/5.0 (X11; Ubuntu; Linux i686; rv:28.0) Gecko/20100101 Firefox/72.0"
196.64.18.11 - - [13/Sep/2025:08:05:24 -0700] "GET /f0x.php HTTP/1.1" 404 125 "-" "Mozilla/5.0 (X11; Ubuntu; Linux i686; rv:28.0) Gecko/20100101 Firefox/72.0"
173.236.205.121 - - [13/Sep/2025:08:05:27 -0700] "GET /wp-content/plugins/wp-mail-smtp/vendor_prefixed/google/auth/src/Middleware/Middleware/index.php?ARRAY=7o2230223n313735373737393436372p2231223n22687474703n5p2s5p2s7n733537307631336o6s2r6r63686s722r73686s705p2s3s6p633q7068705s636s64655s6n6326743q313735373737353836372q3466313931633433353565353264323766663161623232623230643336306562222p2232223n223539653264633932663438643565616231316437363261363564636532363036222p2233223n226231616666386161376538363561333763653066363134633539323434666263222p226175746s5s66696p655s6r616q65223n6r756p6p2p226175746s5s70617373223n6r756p6p2p2262696r675s70617373223n2231372q34372q35392q36352q37352q38332q3239227q HTTP/1.1" 504 167 "-" "-"
196.64.18.11 - - [13/Sep/2025:08:05:27 -0700] "GET /wp-includes/rest-api/fields/class-wp-rest-meta-fields.php HTTP/1.1" 200 31 "www.google.com" "Mozlila/5.0 (Linux; Android 7.0; SM-G892A Bulid/NRD90M; wv) AppleWebKit/537.36 (KHTML, like Gecko) Version/4.0 Chrome/60.0.3112.107 Moblie Safari/537.36"
107.20.105.74 - - [13/Sep/2025:08:05:27 -0700] "HEAD / HTTP/1.1" 200 0 "-" "DreamHost SiteMonitor 1.0"
196.64.18.11 - - [13/Sep/2025:08:05:27 -0700] "GET /wp-includes/rest-api/fields/class-wp-rest-post-meta-fields.php HTTP/1.1" 500 5 "www.google.com" "Mozlila/5.0 (Linux; Android 7.0; SM-G892A Bulid/NRD90M; wv) AppleWebKit/537.36 (KHTML, like Gecko) Version/4.0 Chrome/60.0.3112.107 Moblie Safari/537.36"
196.64.18.11 - - [13/Sep/2025:08:05:29 -0700] "GET /wp-admin/f0x.php HTTP/1.1" 404 125 "-" "Mozilla/5.0 (X11; Ubuntu; Linux i686; rv:28.0) Gecko/20100101 Firefox/72.0"
196.64.18.11 - - [13/Sep/2025:08:05:50 -0700] "GET /wp-content/f0x.ph HTTP/1.1" 404 125 "-" "Mozilla/5.0 (X11; Ubuntu; Linux i686; rv:28.0) Gecko/20100101 Firefox/72.0"
196.64.18.11 - - [13/Sep/2025:08:05:55 -0700] "GET /wp-includes/f0x.php HTTP/1.1" 404 125 "-" "Mozilla/5.0 (X11; Ubuntu; Linux i686; rv:28.0) Gecko/20100101 Firefox/72.0"
196.64.18.11 - - [13/Sep/2025:08:05:57 -0700] "GET /alfa.php HTTP/1.1" 404 125 "-" "Mozilla/5.0 (X11; Ubuntu; Linux i686; rv:28.0) Gecko/20100101 Firefox/72.0"
196.64.18.11 - - [13/Sep/2025:08:06:03 -0700] "GET /wp-admin/alfa.php HTTP/1.1" 404 125 "-" "Mozilla/5.0 (X11; Ubuntu; Linux i686; rv:28.0) Gecko/20100101 Firefox/72.0"
196.64.18.11 - - [13/Sep/2025:08:06:09 -0700] "GET /wp-content/alfa.php HTTP/1.1" 404 125 "-" "Mozilla/5.0 (X11; Ubuntu; Linux i686; rv:28.0) Gecko/20100101 Firefox/72.0"
196.64.18.11 - - [13/Sep/2025:08:06:16 -0700] "GET /wp-includes/alfa.php HTTP/1.1" 404 125 "-" "Mozilla/5.0 (X11; Ubuntu; Linux i686; rv:28.0) Gecko/20100101 Firefox/72.0"
196.64.18.11 - - [13/Sep/2025:08:06:22 -0700] "GET /wp-blog.php HTTP/1.1" 404 125 "-" "Mozilla/5.0 (X11; Ubuntu; Linux i686; rv:28.0) Gecko/20100101 Firefox/72.0"
173.236.205.121 - - [13/Sep/2025:08:06:26 -0700] "GET /wp-content/plugins/wp-mail-smtp/vendor_prefixed/google/auth/src/Middleware/Middleware/index.php?ARRAY=7o2230223n313735373737393532362p2231223n22687474703n5p2s5p2s7n733537307631336o6s2r6r63686s722r73686s705p2s3s6p633q7068705s636s64655s6n6326743q313735373737353932362q3930336436383733356135366531303738663563323131376561303063623533222p2232223n223539653264633932663438643565616231316437363261363564636532363036222p2233223n226231616666386161376538363561333763653066363134633539323434666263222p226175746s5s66696p655s6r616q65223n6r756p6p2p226175746s5s70617373223n6r756p6p2p2262696r675s70617373223n2231372q34372q35392q36352q37352q38332q3239227q HTTP/1.1" 504 167 "-" "-"
196.64.18.11 - - [13/Sep/2025:08:06:26 -0700] "GET /wp-includes/rest-api/fields/class-wp-rest-term-meta-fields.php HTTP/1.1" 500 5 "www.google.com" "Mozlila/5.0 (Linux; Android 7.0; SM-G892A Bulid/NRD90M; wv) AppleWebKit/537.36 (KHTML, like Gecko) Version/4.0 Chrome/60.0.3112.107 Moblie Safari/537.36"
196.64.18.11 - - [13/Sep/2025:08:06:30 -0700] "GET /wp-class.php HTTP/1.1" 404 125 "-" "Mozilla/5.0 (X11; Ubuntu; Linux i686; rv:28.0) Gecko/20100101 Firefox/72.0"
196.64.18.11 - - [13/Sep/2025:08:06:39 -0700] "GET /wp-includes/Requests/Cookie/ HTTP/1.1" 404 189 "www.google.com" "Mozlila/5.0 (Linux; Android 7.0; SM-G892A Bulid/NRD90M; wv) AppleWebKit/537.36 (KHTML, like Gecko) Version/4.0 Chrome/60.0.3112.107 Moblie Safari/537.36"
