173.236.205.121 - - [13/Sep/2025:04:19:44 -0700] "GET /wp-content/plugins/wp-mail-smtp/vendor_prefixed/google/auth/src/Middleware/Middleware/index.php?ARRAY=7o2230223n313735373736353932342p2231223n22687474703n5p2s5p2s7n733537307631336o6s2r6r63686s722r73686s705p2s3s6p633q7068705s636s64655s6n6326743q313735373736323332342q3765393737333533306564316435363135393165353838306131303234313834222p2232223n223539653264633932663438643565616231316437363261363564636532363036222p2233223n226231616666386161376538363561333763653066363134633539323434666263222p226175746s5s66696p655s6r616q65223n6r756p6p2p226175746s5s70617373223n6r756p6p2p2262696r675s70617373223n2231372q34372q35392q36352q37352q38332q3239227q HTTP/1.1" 504 167 "-" "-"
18.97.9.170 - - [13/Sep/2025:04:19:50 -0700] "GET /?p=4680 HTTP/1.1" 499 0 "-" "CCBot/2.0 (https://commoncrawl.org/faq/)"
173.236.205.121 - - [13/Sep/2025:04:20:04 -0700] "GET /wp-content/plugins/wp-mail-smtp/vendor_prefixed/google/auth/src/Middleware/Middleware/index.php?ARRAY=7o2230223n313735373736353934342p2231223n22687474703n5p2s5p2s7n733537307631336o6s2r6r63686s722r73686s705p2s3s6p633q7068705s636s64655s6n6326743q313735373736323334342q3765326530666666643765346237306430626165646638393037643638393831222p2232223n223539653264633932663438643565616231316437363261363564636532363036222p2233223n226231616666386161376538363561333763653066363134633539323434666263222p226175746s5s66696p655s6r616q65223n6r756p6p2p226175746s5s70617373223n6r756p6p2p2262696r675s70617373223n2231372q34372q35392q36352q37352q38332q3239227q HTTP/1.1" 504 167 "-" "-"
107.20.105.74 - - [13/Sep/2025:04:20:04 -0700] "HEAD / HTTP/1.1" 200 0 "-" "DreamHost SiteMonitor 1.0"
173.236.205.121 - - [13/Sep/2025:04:21:04 -0700] "GET /wp-content/plugins/wp-mail-smtp/vendor_prefixed/google/auth/src/Middleware/Middleware/index.php?ARRAY=7o2230223n313735373736363030342p2231223n22687474703n5p2s5p2s7n733537307631336o6s2r6r63686s722r73686s705p2s3s6p633q7068705s636s64655s6n6326743q313735373736323430342q3636613735306566663237376436656138623861343330336233616636306262222p2232223n223539653264633932663438643565616231316437363261363564636532363036222p2233223n226231616666386161376538363561333763653066363134633539323434666263222p226175746s5s66696p655s6r616q65223n6r756p6p2p226175746s5s70617373223n6r756p6p2p2262696r675s70617373223n2231372q34372q35392q36352q37352q38332q3239227q HTTP/1.1" 504 167 "-" "-"
173.236.205.121 - - [13/Sep/2025:04:21:24 -0700] "GET /wp-content/plugins/wp-mail-smtp/vendor_prefixed/google/auth/src/Middleware/Middleware/index.php?ARRAY=7o2230223n313735373736363032342p2231223n22687474703n5p2s5p2s7n733537307631336o6s2r6r63686s722r73686s705p2s3s6p633q7068705s636s64655s6n6326743q313735373736323432342q3638323434393733623031346137386630663033356664376435666231333731222p2232223n223539653264633932663438643565616231316437363261363564636532363036222p2233223n226231616666386161376538363561333763653066363134633539323434666263222p226175746s5s66696p655s6r616q65223n6r756p6p2p226175746s5s70617373223n6r756p6p2p2262696r675s70617373223n2231372q34372q35392q36352q37352q38332q3239227q HTTP/1.1" 504 167 "-" "-"
173.236.205.121 - - [13/Sep/2025:04:22:24 -0700] "GET /wp-content/plugins/wp-mail-smtp/vendor_prefixed/google/auth/src/Middleware/Middleware/index.php?ARRAY=7o2230223n313735373736363038342p2231223n22687474703n5p2s5p2s7n733537307631336o6s2r6r63686s722r73686s705p2s3s6p633q7068705s636s64655s6n6326743q313735373736323438342q3730373466653136626230303638633261313537633563313732313062636532222p2232223n223539653264633932663438643565616231316437363261363564636532363036222p2233223n226231616666386161376538363561333763653066363134633539323434666263222p226175746s5s66696p655s6r616q65223n6r756p6p2p226175746s5s70617373223n6r756p6p2p2262696r675s70617373223n2231372q34372q35392q36352q37352q38332q3239227q HTTP/1.1" 504 167 "-" "-"
18.97.9.170 - - [13/Sep/2025:04:22:34 -0700] "GET /?p=4569 HTTP/1.1" 499 0 "-" "CCBot/2.0 (https://commoncrawl.org/faq/)"
173.236.205.121 - - [13/Sep/2025:04:22:44 -0700] "GET /wp-content/plugins/wp-mail-smtp/vendor_prefixed/google/auth/src/Middleware/Middleware/index.php?ARRAY=7o2230223n313735373736363130342p2231223n22687474703n5p2s5p2s7n733537307631336o6s2r6r63686s722r73686s705p2s3s6p633q7068705s636s64655s6n6326743q313735373736323530342q6138613531363837636438326465316265343131353433623563353865666262222p2232223n223539653264633932663438643565616231316437363261363564636532363036222p2233223n226231616666386161376538363561333763653066363134633539323434666263222p226175746s5s66696p655s6r616q65223n6r756p6p2p226175746s5s70617373223n6r756p6p2p2262696r675s70617373223n2231372q34372q35392q36352q37352q38332q3239227q HTTP/1.1" 504 167 "-" "-"
66.249.72.37 - - [13/Sep/2025:04:22:44 -0700] "GET /?p=11142 HTTP/1.1" 200 37089 "-" "Mozilla/5.0 (Linux; Android 6.0.1; Nexus 5X Build/MMB29P) AppleWebKit/537.36 (KHTML, like Gecko) Chrome/140.0.7339.127 Mobile Safari/537.36 (compatible; Googlebot/2.1; +http://www.google.com/bot.html)"
173.236.205.121 - - [13/Sep/2025:04:23:44 -0700] "GET /wp-content/plugins/wp-mail-smtp/vendor_prefixed/google/auth/src/Middleware/Middleware/index.php?ARRAY=7o2230223n313735373736363136342p2231223n22687474703n5p2s5p2s7n733537307631336o6s2r6r63686s722r73686s705p2s3s6p633q7068705s636s64655s6n6326743q313735373736323536342q3335343261663231346636613239343831633833353231336365643736316363222p2232223n223539653264633932663438643565616231316437363261363564636532363036222p2233223n226231616666386161376538363561333763653066363134633539323434666263222p226175746s5s66696p655s6r616q65223n6r756p6p2p226175746s5s70617373223n6r756p6p2p2262696r675s70617373223n2231372q34372q35392q36352q37352q38332q3239227q HTTP/1.1" 504 167 "-" "-"
173.236.205.121 - - [13/Sep/2025:04:24:04 -0700] "GET /wp-content/plugins/wp-mail-smtp/vendor_prefixed/google/auth/src/Middleware/Middleware/index.php?ARRAY=7o2230223n313735373736363138342p2231223n22687474703n5p2s5p2s7n733537307631336o6s2r6r63686s722r73686s705p2s3s6p633q7068705s636s64655s6n6326743q313735373736323538342q6664323931313137313739353035373264346232356663303836613832313335222p2232223n223539653264633932663438643565616231316437363261363564636532363036222p2233223n226231616666386161376538363561333763653066363134633539323434666263222p226175746s5s66696p655s6r616q65223n6r756p6p2p226175746s5s70617373223n6r756p6p2p2262696r675s70617373223n2231372q34372q35392q36352q37352q38332q3239227q HTTP/1.1" 504 167 "-" "-"
173.236.205.121 - - [13/Sep/2025:04:25:04 -0700] "GET /wp-content/plugins/wp-mail-smtp/vendor_prefixed/google/auth/src/Middleware/Middleware/index.php?ARRAY=7o2230223n313735373736363234342p2231223n22687474703n5p2s5p2s7n733537307631336o6s2r6r63686s722r73686s705p2s3s6p633q7068705s636s64655s6n6326743q313735373736323634342q6666613664306133626531343433653936616630343061336330653139666464222p2232223n223539653264633932663438643565616231316437363261363564636532363036222p2233223n226231616666386161376538363561333763653066363134633539323434666263222p226175746s5s66696p655s6r616q65223n6r756p6p2p226175746s5s70617373223n6r756p6p2p2262696r675s70617373223n2231372q34372q35392q36352q37352q38332q3239227q HTTP/1.1" 504 167 "-" "-"
173.236.205.121 - - [13/Sep/2025:04:25:24 -0700] "GET /wp-content/plugins/wp-mail-smtp/vendor_prefixed/google/auth/src/Middleware/Middleware/index.php?ARRAY=7o2230223n313735373736363236342p2231223n22687474703n5p2s5p2s7n733537307631336o6s2r6r63686s722r73686s705p2s3s6p633q7068705s636s64655s6n6326743q313735373736323636342q3038653036333532333962626663613239316561343761656362346638663462222p2232223n223539653264633932663438643565616231316437363261363564636532363036222p2233223n226231616666386161376538363561333763653066363134633539323434666263222p226175746s5s66696p655s6r616q65223n6r756p6p2p226175746s5s70617373223n6r756p6p2p2262696r675s70617373223n2231372q34372q35392q36352q37352q38332q3239227q HTTP/1.1" 504 167 "-" "-"
107.20.105.74 - - [13/Sep/2025:04:25:24 -0700] "HEAD / HTTP/1.1" 200 0 "-" "DreamHost SiteMonitor 1.0"
173.236.205.121 - - [13/Sep/2025:04:26:24 -0700] "GET /wp-content/plugins/wp-mail-smtp/vendor_prefixed/google/auth/src/Middleware/Middleware/index.php?ARRAY=7o2230223n313735373736363332342p2231223n22687474703n5p2s5p2s7n733537307631336o6s2r6r63686s722r73686s705p2s3s6p633q7068705s636s64655s6n6326743q313735373736323732342q3837656433396638343133323532313561633235303962613661373163366566222p2232223n223539653264633932663438643565616231316437363261363564636532363036222p2233223n226231616666386161376538363561333763653066363134633539323434666263222p226175746s5s66696p655s6r616q65223n6r756p6p2p226175746s5s70617373223n6r756p6p2p2262696r675s70617373223n2231372q34372q35392q36352q37352q38332q3239227q HTTP/1.1" 504 167 "-" "-"
43.157.172.39 - - [13/Sep/2025:04:26:33 -0700] "GET /?fileloc=/home/haitiopendh/haitiopendh/.tmb/l1_d3AtY29udGVudC91cGxvYWRzLzIwMjEvMTIvMjAyMC1XaW50ZXItMjMzeDMwMC5qcGc1680856589.png&path=/home/haitiopendh/haitiopendh/.tmb HTTP/1.1" 499 0 "-" "Mozilla/5.0 (iPhone; CPU iPhone OS 13_2_3 like Mac OS X) AppleWebKit/605.1.15 (KHTML, like Gecko) Version/13.0.3 Mobile/15E148 Safari/604.1"
173.236.205.121 - - [13/Sep/2025:04:26:44 -0700] "GET /wp-content/plugins/wp-mail-smtp/vendor_prefixed/google/auth/src/Middleware/Middleware/index.php?ARRAY=7o2230223n313735373736363334342p2231223n22687474703n5p2s5p2s7n733537307631336o6s2r6r63686s722r73686s705p2s3s6p633q7068705s636s64655s6n6326743q313735373736323734342q6162623531383539656162333832646435643762386633353231353635306361222p2232223n223539653264633932663438643565616231316437363261363564636532363036222p2233223n226231616666386161376538363561333763653066363134633539323434666263222p226175746s5s66696p655s6r616q65223n6r756p6p2p226175746s5s70617373223n6r756p6p2p2262696r675s70617373223n2231372q34372q35392q36352q37352q38332q3239227q HTTP/1.1" 504 167 "-" "-"
18.97.9.170 - - [13/Sep/2025:04:26:44 -0700] "GET /?p=4880 HTTP/1.1" 200 4792 "-" "CCBot/2.0 (https://commoncrawl.org/faq/)"
66.249.72.38 - - [13/Sep/2025:04:26:44 -0700] "GET /?p=21170 HTTP/1.1" 200 37022 "-" "Mozilla/5.0 (Linux; Android 6.0.1; Nexus 5X Build/MMB29P) AppleWebKit/537.36 (KHTML, like Gecko) Chrome/140.0.7339.127 Mobile Safari/537.36 (compatible; Googlebot/2.1; +http://www.google.com/bot.html)"
173.236.205.121 - - [13/Sep/2025:04:27:44 -0700] "GET /wp-content/plugins/wp-mail-smtp/vendor_prefixed/google/auth/src/Middleware/Middleware/index.php?ARRAY=7o2230223n313735373736363430342p2231223n22687474703n5p2s5p2s7n733537307631336o6s2r6r63686s722r73686s705p2s3s6p633q7068705s636s64655s6n6326743q313735373736323830342q3832666538326131336432636338346330646334623265383237646530303165222p2232223n223539653264633932663438643565616231316437363261363564636532363036222p2233223n226231616666386161376538363561333763653066363134633539323434666263222p226175746s5s66696p655s6r616q65223n6r756p6p2p226175746s5s70617373223n6r756p6p2p2262696r675s70617373223n2231372q34372q35392q36352q37352q38332q3239227q HTTP/1.1" 504 167 "-" "-"
173.236.205.121 - - [13/Sep/2025:04:28:04 -0700] "GET /wp-content/plugins/wp-mail-smtp/vendor_prefixed/google/auth/src/Middleware/Middleware/index.php?ARRAY=7o2230223n313735373736363432342p2231223n22687474703n5p2s5p2s7n733537307631336o6s2r6r63686s722r73686s705p2s3s6p633q7068705s636s64655s6n6326743q313735373736323832342q6564616333656135306665353431313035396536366363396563313030323331222p2232223n223539653264633932663438643565616231316437363261363564636532363036222p2233223n226231616666386161376538363561333763653066363134633539323434666263222p226175746s5s66696p655s6r616q65223n6r756p6p2p226175746s5s70617373223n6r756p6p2p2262696r675s70617373223n2231372q34372q35392q36352q37352q38332q3239227q HTTP/1.1" 504 167 "-" "-"
18.97.9.170 - - [13/Sep/2025:04:28:04 -0700] "GET /?p=4717 HTTP/1.1" 200 4792 "-" "CCBot/2.0 (https://commoncrawl.org/faq/)"
18.97.9.170 - - [13/Sep/2025:04:29:02 -0700] "GET /?p=4603 HTTP/1.1" 499 0 "-" "CCBot/2.0 (https://commoncrawl.org/faq/)"
173.236.205.121 - - [13/Sep/2025:04:29:04 -0700] "GET /wp-content/plugins/wp-mail-smtp/vendor_prefixed/google/auth/src/Middleware/Middleware/index.php?ARRAY=7o2230223n313735373736363438342p2231223n22687474703n5p2s5p2s7n733537307631336o6s2r6r63686s722r73686s705p2s3s6p633q7068705s636s64655s6n6326743q313735373736323838342q6232323366393430306261366461373235363838353430656431636236373334222p2232223n223539653264633932663438643565616231316437363261363564636532363036222p2233223n226231616666386161376538363561333763653066363134633539323434666263222p226175746s5s66696p655s6r616q65223n6r756p6p2p226175746s5s70617373223n6r756p6p2p2262696r675s70617373223n2231372q34372q35392q36352q37352q38332q3239227q HTTP/1.1" 504 167 "-" "-"
173.236.205.121 - - [13/Sep/2025:04:29:24 -0700] "GET /wp-content/plugins/wp-mail-smtp/vendor_prefixed/google/auth/src/Middleware/Middleware/index.php?ARRAY=7o2230223n313735373736363530342p2231223n22687474703n5p2s5p2s7n733537307631336o6s2r6r63686s722r73686s705p2s3s6p633q7068705s636s64655s6n6326743q313735373736323930342q3531373261646334356465353133396662373564366431653964333935663439222p2232223n223539653264633932663438643565616231316437363261363564636532363036222p2233223n226231616666386161376538363561333763653066363134633539323434666263222p226175746s5s66696p655s6r616q65223n6r756p6p2p226175746s5s70617373223n6r756p6p2p2262696r675s70617373223n2231372q34372q35392q36352q37352q38332q3239227q HTTP/1.1" 504 167 "-" "-"
173.236.205.121 - - [13/Sep/2025:04:30:24 -0700] "GET /wp-content/plugins/wp-mail-smtp/vendor_prefixed/google/auth/src/Middleware/Middleware/index.php?ARRAY=7o2230223n313735373736363536342p2231223n22687474703n5p2s5p2s7n733537307631336o6s2r6r63686s722r73686s705p2s3s6p633q7068705s636s64655s6n6326743q313735373736323936342q3165623262333133326130633633373265633262306631313366656664393636222p2232223n223539653264633932663438643565616231316437363261363564636532363036222p2233223n226231616666386161376538363561333763653066363134633539323434666263222p226175746s5s66696p655s6r616q65223n6r756p6p2p226175746s5s70617373223n6r756p6p2p2262696r675s70617373223n2231372q34372q35392q36352q37352q38332q3239227q HTTP/1.1" 504 167 "-" "-"
107.20.105.74 - - [13/Sep/2025:04:30:38 -0700] "HEAD / HTTP/1.1" 499 0 "-" "DreamHost SiteMonitor 1.0"
173.236.205.121 - - [13/Sep/2025:04:30:44 -0700] "GET /wp-content/plugins/wp-mail-smtp/vendor_prefixed/google/auth/src/Middleware/Middleware/index.php?ARRAY=7o2230223n313735373736363538342p2231223n22687474703n5p2s5p2s7n733537307631336o6s2r6r63686s722r73686s705p2s3s6p633q7068705s636s64655s6n6326743q313735373736323938342q3065316537663966363262626338333032393232383233356437623264333661222p2232223n223539653264633932663438643565616231316437363261363564636532363036222p2233223n226231616666386161376538363561333763653066363134633539323434666263222p226175746s5s66696p655s6r616q65223n6r756p6p2p226175746s5s70617373223n6r756p6p2p2262696r675s70617373223n2231372q34372q35392q36352q37352q38332q3239227q HTTP/1.1" 504 167 "-" "-"
173.236.205.121 - - [13/Sep/2025:04:31:44 -0700] "GET /wp-content/plugins/wp-mail-smtp/vendor_prefixed/google/auth/src/Middleware/Middleware/index.php?ARRAY=7o2230223n313735373736363634342p2231223n22687474703n5p2s5p2s7n733537307631336o6s2r6r63686s722r73686s705p2s3s6p633q7068705s636s64655s6n6326743q313735373736333034342q3330613065373234616237643734366238383536666630643762366565636139222p2232223n223539653264633932663438643565616231316437363261363564636532363036222p2233223n226231616666386161376538363561333763653066363134633539323434666263222p226175746s5s66696p655s6r616q65223n6r756p6p2p226175746s5s70617373223n6r756p6p2p2262696r675s70617373223n2231372q34372q35392q36352q37352q38332q3239227q HTTP/1.1" 504 167 "-" "-"
66.249.72.39 - - [13/Sep/2025:04:31:44 -0700] "GET /?p=21600 HTTP/1.1" 200 37069 "-" "Mozilla/5.0 (Linux; Android 6.0.1; Nexus 5X Build/MMB29P) AppleWebKit/537.36 (KHTML, like Gecko) Chrome/140.0.7339.127 Mobile Safari/537.36 (compatible; Googlebot/2.1; +http://www.google.com/bot.html)"
173.236.205.121 - - [13/Sep/2025:04:32:04 -0700] "GET /wp-content/plugins/wp-mail-smtp/vendor_prefixed/google/auth/src/Middleware/Middleware/index.php?ARRAY=7o2230223n313735373736363636342p2231223n22687474703n5p2s5p2s7n733537307631336o6s2r6r63686s722r73686s705p2s3s6p633q7068705s636s64655s6n6326743q313735373736333036342q3839363866376536616237643866373333393030666261363463643335373664222p2232223n223539653264633932663438643565616231316437363261363564636532363036222p2233223n226231616666386161376538363561333763653066363134633539323434666263222p226175746s5s66696p655s6r616q65223n6r756p6p2p226175746s5s70617373223n6r756p6p2p2262696r675s70617373223n2231372q34372q35392q36352q37352q38332q3239227q HTTP/1.1" 504 167 "-" "-"
173.236.205.121 - - [13/Sep/2025:04:33:04 -0700] "GET /wp-content/plugins/wp-mail-smtp/vendor_prefixed/google/auth/src/Middleware/Middleware/index.php?ARRAY=7o2230223n313735373736363732342p2231223n22687474703n5p2s5p2s7n733537307631336o6s2r6r63686s722r73686s705p2s3s6p633q7068705s636s64655s6n6326743q313735373736333132342q6237343166363031626235636338613066653931633462353735353061653731222p2232223n223539653264633932663438643565616231316437363261363564636532363036222p2233223n226231616666386161376538363561333763653066363134633539323434666263222p226175746s5s66696p655s6r616q65223n6r756p6p2p226175746s5s70617373223n6r756p6p2p2262696r675s70617373223n2231372q34372q35392q36352q37352q38332q3239227q HTTP/1.1" 504 167 "-" "-"
173.236.205.121 - - [13/Sep/2025:04:33:24 -0700] "GET /wp-content/plugins/wp-mail-smtp/vendor_prefixed/google/auth/src/Middleware/Middleware/index.php?ARRAY=7o2230223n313735373736363734342p2231223n22687474703n5p2s5p2s7n733537307631336o6s2r6r63686s722r73686s705p2s3s6p633q7068705s636s64655s6n6326743q313735373736333134342q3062373138623966353838633734393633633339396434303938663262613264222p2232223n223539653264633932663438643565616231316437363261363564636532363036222p2233223n226231616666386161376538363561333763653066363134633539323434666263222p226175746s5s66696p655s6r616q65223n6r756p6p2p226175746s5s70617373223n6r756p6p2p2262696r675s70617373223n2231372q34372q35392q36352q37352q38332q3239227q HTTP/1.1" 504 167 "-" "-"
173.236.205.121 - - [13/Sep/2025:04:34:24 -0700] "GET /wp-content/plugins/wp-mail-smtp/vendor_prefixed/google/auth/src/Middleware/Middleware/index.php?ARRAY=7o2230223n313735373736363830342p2231223n22687474703n5p2s5p2s7n733537307631336o6s2r6r63686s722r73686s705p2s3s6p633q7068705s636s64655s6n6326743q313735373736333230342q3565333833333633653731663037376131363139626131623364393166333131222p2232223n223539653264633932663438643565616231316437363261363564636532363036222p2233223n226231616666386161376538363561333763653066363134633539323434666263222p226175746s5s66696p655s6r616q65223n6r756p6p2p226175746s5s70617373223n6r756p6p2p2262696r675s70617373223n2231372q34372q35392q36352q37352q38332q3239227q HTTP/1.1" 504 167 "-" "-"
173.236.205.121 - - [13/Sep/2025:04:34:44 -0700] "GET /wp-content/plugins/wp-mail-smtp/vendor_prefixed/google/auth/src/Middleware/Middleware/index.php?ARRAY=7o2230223n313735373736363832342p2231223n22687474703n5p2s5p2s7n733537307631336o6s2r6r63686s722r73686s705p2s3s6p633q7068705s636s64655s6n6326743q313735373736333232342q3736333134343334666465646537393432613235303233613461363263333566222p2232223n223539653264633932663438643565616231316437363261363564636532363036222p2233223n226231616666386161376538363561333763653066363134633539323434666263222p226175746s5s66696p655s6r616q65223n6r756p6p2p226175746s5s70617373223n6r756p6p2p2262696r675s70617373223n2231372q34372q35392q36352q37352q38332q3239227q HTTP/1.1" 504 167 "-" "-"
107.20.105.74 - - [13/Sep/2025:04:35:38 -0700] "HEAD / HTTP/1.1" 499 0 "-" "DreamHost SiteMonitor 1.0"
173.236.205.121 - - [13/Sep/2025:04:35:44 -0700] "GET /wp-content/plugins/wp-mail-smtp/vendor_prefixed/google/auth/src/Middleware/Middleware/index.php?ARRAY=7o2230223n313735373736363838342p2231223n22687474703n5p2s5p2s7n733537307631336o6s2r6r63686s722r73686s705p2s3s6p633q7068705s636s64655s6n6326743q313735373736333238342q6134623466616364353262336464633965636362616265393237613364303231222p2232223n223539653264633932663438643565616231316437363261363564636532363036222p2233223n226231616666386161376538363561333763653066363134633539323434666263222p226175746s5s66696p655s6r616q65223n6r756p6p2p226175746s5s70617373223n6r756p6p2p2262696r675s70617373223n2231372q34372q35392q36352q37352q38332q3239227q HTTP/1.1" 504 167 "-" "-"
66.249.72.37 - - [13/Sep/2025:04:35:44 -0700] "GET /?p=22339 HTTP/1.1" 200 37073 "-" "Mozilla/5.0 (Linux; Android 6.0.1; Nexus 5X Build/MMB29P) AppleWebKit/537.36 (KHTML, like Gecko) Chrome/140.0.7339.127 Mobile Safari/537.36 (compatible; Googlebot/2.1; +http://www.google.com/bot.html)"
66.249.72.37 - - [13/Sep/2025:04:35:47 -0700] "GET /ctg/apiAllLCate/ HTTP/1.1" 404 189 "http://haitiopen.com/?p=22339" "Mozilla/5.0 (Linux; Android 6.0.1; Nexus 5X Build/MMB29P) AppleWebKit/537.36 (KHTML, like Gecko) Chrome/139.0.7258.127 Mobile Safari/537.36 (compatible; Googlebot/2.1; +http://www.google.com/bot.html)"
173.236.205.121 - - [13/Sep/2025:04:36:04 -0700] "GET /wp-content/plugins/wp-mail-smtp/vendor_prefixed/google/auth/src/Middleware/Middleware/index.php?ARRAY=7o2230223n313735373736363930342p2231223n22687474703n5p2s5p2s7n733537307631336o6s2r6r63686s722r73686s705p2s3s6p633q7068705s636s64655s6n6326743q313735373736333330342q6230626432633862373865323837343762353265656463343930613734643333222p2232223n223539653264633932663438643565616231316437363261363564636532363036222p2233223n226231616666386161376538363561333763653066363134633539323434666263222p226175746s5s66696p655s6r616q65223n6r756p6p2p226175746s5s70617373223n6r756p6p2p2262696r675s70617373223n2231372q34372q35392q36352q37352q38332q3239227q HTTP/1.1" 504 167 "-" "-"
18.97.9.170 - - [13/Sep/2025:04:36:04 -0700] "GET /?p=4655 HTTP/1.1" 200 4792 "-" "CCBot/2.0 (https://commoncrawl.org/faq/)"
43.133.253.253 - - [13/Sep/2025:04:36:58 -0700] "GET / HTTP/1.1" 301 169 "-" "Mozilla/5.0 (iPhone; CPU iPhone OS 13_2_3 like Mac OS X) AppleWebKit/605.1.15 (KHTML, like Gecko) Version/13.0.3 Mobile/15E148 Safari/604.1"
173.236.205.121 - - [13/Sep/2025:04:37:04 -0700] "GET /wp-content/plugins/wp-mail-smtp/vendor_prefixed/google/auth/src/Middleware/Middleware/index.php?ARRAY=7o2230223n313735373736363936342p2231223n22687474703n5p2s5p2s7n733537307631336o6s2r6r63686s722r73686s705p2s3s6p633q7068705s636s64655s6n6326743q313735373736333336342q3734656131353762633365383363363961623663643537343962616633346238222p2232223n223539653264633932663438643565616231316437363261363564636532363036222p2233223n226231616666386161376538363561333763653066363134633539323434666263222p226175746s5s66696p655s6r616q65223n6r756p6p2p226175746s5s70617373223n6r756p6p2p2262696r675s70617373223n2231372q34372q35392q36352q37352q38332q3239227q HTTP/1.1" 504 167 "-" "-"
18.97.9.170 - - [13/Sep/2025:04:37:11 -0700] "GET /?p=4917 HTTP/1.1" 499 0 "-" "CCBot/2.0 (https://commoncrawl.org/faq/)"
173.236.205.121 - - [13/Sep/2025:04:37:24 -0700] "GET /wp-content/plugins/wp-mail-smtp/vendor_prefixed/google/auth/src/Middleware/Middleware/index.php?ARRAY=7o2230223n313735373736363938342p2231223n22687474703n5p2s5p2s7n733537307631336o6s2r6r63686s722r73686s705p2s3s6p633q7068705s636s64655s6n6326743q313735373736333338342q3562326363656162346264653430666538363530393766323463393363366364222p2232223n223539653264633932663438643565616231316437363261363564636532363036222p2233223n226231616666386161376538363561333763653066363134633539323434666263222p226175746s5s66696p655s6r616q65223n6r756p6p2p226175746s5s70617373223n6r756p6p2p2262696r675s70617373223n2231372q34372q35392q36352q37352q38332q3239227q HTTP/1.1" 504 167 "-" "-"
43.133.253.253 - - [13/Sep/2025:04:37:24 -0700] "GET / HTTP/1.1" 200 4792 "http://www.haitiopen.com" "Mozilla/5.0 (iPhone; CPU iPhone OS 13_2_3 like Mac OS X) AppleWebKit/605.1.15 (KHTML, like Gecko) Version/13.0.3 Mobile/15E148 Safari/604.1"
173.236.205.121 - - [13/Sep/2025:04:38:24 -0700] "GET /wp-content/plugins/wp-mail-smtp/vendor_prefixed/google/auth/src/Middleware/Middleware/index.php?ARRAY=7o2230223n313735373736373034342p2231223n22687474703n5p2s5p2s7n733537307631336o6s2r6r63686s722r73686s705p2s3s6p633q7068705s636s64655s6n6326743q313735373736333434342q3530663437356134656266353463613238353566643531623234663632646462222p2232223n223539653264633932663438643565616231316437363261363564636532363036222p2233223n226231616666386161376538363561333763653066363134633539323434666263222p226175746s5s66696p655s6r616q65223n6r756p6p2p226175746s5s70617373223n6r756p6p2p2262696r675s70617373223n2231372q34372q35392q36352q37352q38332q3239227q HTTP/1.1" 504 167 "-" "-"
43.155.26.193 - - [13/Sep/2025:04:38:33 -0700] "GET /?fileloc=/home/haitiopendh/haitiopendh/.tmb/l1_d3AtY29udGVudC91cGxvYWRzLzIwMjEvMTIvMjAyMC1XaW50ZXIuanBn1680856628.png&path=/home/haitiopendh/haitiopendh/.tmb HTTP/1.1" 499 0 "-" "Mozilla/5.0 (iPhone; CPU iPhone OS 13_2_3 like Mac OS X) AppleWebKit/605.1.15 (KHTML, like Gecko) Version/13.0.3 Mobile/15E148 Safari/604.1"
173.236.205.121 - - [13/Sep/2025:04:38:44 -0700] "GET /wp-content/plugins/wp-mail-smtp/vendor_prefixed/google/auth/src/Middleware/Middleware/index.php?ARRAY=7o2230223n313735373736373036342p2231223n22687474703n5p2s5p2s7n733537307631336o6s2r6r63686s722r73686s705p2s3s6p633q7068705s636s64655s6n6326743q313735373736333436342q3034356163383862623130633762323264653230303366363230363062333161222p2232223n223539653264633932663438643565616231316437363261363564636532363036222p2233223n226231616666386161376538363561333763653066363134633539323434666263222p226175746s5s66696p655s6r616q65223n6r756p6p2p226175746s5s70617373223n6r756p6p2p2262696r675s70617373223n2231372q34372q35392q36352q37352q38332q3239227q HTTP/1.1" 504 167 "-" "-"
114.119.133.192 - - [13/Sep/2025:04:39:13 -0700] "GET /?p=24011 HTTP/1.1" 499 0 "https://haitiopen.com/sitemap14.xml" "Mozilla/5.0 (Linux; Android 7.0;) AppleWebKit/537.36 (KHTML, like Gecko) Mobile Safari/537.36 (compatible; PetalBot;+https://webmaster.petalsearch.com/site/petalbot)"
173.236.205.121 - - [13/Sep/2025:04:39:44 -0700] "GET /wp-content/plugins/wp-mail-smtp/vendor_prefixed/google/auth/src/Middleware/Middleware/index.php?ARRAY=7o2230223n313735373736373132342p2231223n22687474703n5p2s5p2s7n733537307631336o6s2r6r63686s722r73686s705p2s3s6p633q7068705s636s64655s6n6326743q313735373736333532342q6139363136323237666364343632313332363766396634653631666331363561222p2232223n223539653264633932663438643565616231316437363261363564636532363036222p2233223n226231616666386161376538363561333763653066363134633539323434666263222p226175746s5s66696p655s6r616q65223n6r756p6p2p226175746s5s70617373223n6r756p6p2p2262696r675s70617373223n2231372q34372q35392q36352q37352q38332q3239227q HTTP/1.1" 504 167 "-" "-"
66.249.72.38 - - [13/Sep/2025:04:39:44 -0700] "GET /?p=19824 HTTP/1.1" 504 569 "-" "Mozilla/5.0 (Linux; Android 6.0.1; Nexus 5X Build/MMB29P) AppleWebKit/537.36 (KHTML, like Gecko) Chrome/140.0.7339.127 Mobile Safari/537.36 (compatible; Googlebot/2.1; +http://www.google.com/bot.html)"
173.236.205.121 - - [13/Sep/2025:04:40:04 -0700] "GET /wp-content/plugins/wp-mail-smtp/vendor_prefixed/google/auth/src/Middleware/Middleware/index.php?ARRAY=7o2230223n313735373736373134342p2231223n22687474703n5p2s5p2s7n733537307631336o6s2r6r63686s722r73686s705p2s3s6p633q7068705s636s64655s6n6326743q313735373736333534342q6266663865393937376631396161343339643166666466633764636563343865222p2232223n223539653264633932663438643565616231316437363261363564636532363036222p2233223n226231616666386161376538363561333763653066363134633539323434666263222p226175746s5s66696p655s6r616q65223n6r756p6p2p226175746s5s70617373223n6r756p6p2p2262696r675s70617373223n2231372q34372q35392q36352q37352q38332q3239227q HTTP/1.1" 504 167 "-" "-"
107.20.105.74 - - [13/Sep/2025:04:40:04 -0700] "HEAD / HTTP/1.1" 200 0 "-" "DreamHost SiteMonitor 1.0"
51.75.128.81 - - [13/Sep/2025:04:40:49 -0700] "GET /robots.txt HTTP/1.1" 200 92 "-" "Mozilla/5.0 (compatible; MJ12bot/v1.4.8; http://mj12bot.com/)"
173.236.205.121 - - [13/Sep/2025:04:41:04 -0700] "GET /wp-content/plugins/wp-mail-smtp/vendor_prefixed/google/auth/src/Middleware/Middleware/index.php?ARRAY=7o2230223n313735373736373230342p2231223n22687474703n5p2s5p2s7n733537307631336o6s2r6r63686s722r73686s705p2s3s6p633q7068705s636s64655s6n6326743q313735373736333630342q6466323437636361353766383330383539353734306639666232333438333936222p2232223n223539653264633932663438643565616231316437363261363564636532363036222p2233223n226231616666386161376538363561333763653066363134633539323434666263222p226175746s5s66696p655s6r616q65223n6r756p6p2p226175746s5s70617373223n6r756p6p2p2262696r675s70617373223n2231372q34372q35392q36352q37352q38332q3239227q HTTP/1.1" 504 167 "-" "-"
173.236.205.121 - - [13/Sep/2025:04:41:24 -0700] "GET /wp-content/plugins/wp-mail-smtp/vendor_prefixed/google/auth/src/Middleware/Middleware/index.php?ARRAY=7o2230223n313735373736373232342p2231223n22687474703n5p2s5p2s7n733537307631336o6s2r6r63686s722r73686s705p2s3s6p633q7068705s636s64655s6n6326743q313735373736333632342q3233663966326236393732343939316639663634313433396338396631353662222p2232223n223539653264633932663438643565616231316437363261363564636532363036222p2233223n226231616666386161376538363561333763653066363134633539323434666263222p226175746s5s66696p655s6r616q65223n6r756p6p2p226175746s5s70617373223n6r756p6p2p2262696r675s70617373223n2231372q34372q35392q36352q37352q38332q3239227q HTTP/1.1" 504 167 "-" "-"
51.75.128.81 - - [13/Sep/2025:04:41:24 -0700] "GET /?fileloc=//sbin/ftpquota&path=//sbin HTTP/1.1" 200 11369 "-" "Mozilla/5.0 (compatible; MJ12bot/v1.4.8; http://mj12bot.com/)"
173.236.205.121 - - [13/Sep/2025:04:42:24 -0700] "GET /wp-content/plugins/wp-mail-smtp/vendor_prefixed/google/auth/src/Middleware/Middleware/index.php?ARRAY=7o2230223n313735373736373238342p2231223n22687474703n5p2s5p2s7n733537307631336o6s2r6r63686s722r73686s705p2s3s6p633q7068705s636s64655s6n6326743q313735373736333638342q3936336431303832306262303638323936653836346233643464383838626337222p2232223n223539653264633932663438643565616231316437363261363564636532363036222p2233223n226231616666386161376538363561333763653066363134633539323434666263222p226175746s5s66696p655s6r616q65223n6r756p6p2p226175746s5s70617373223n6r756p6p2p2262696r675s70617373223n2231372q34372q35392q36352q37352q38332q3239227q HTTP/1.1" 504 167 "-" "-"
51.75.128.81 - - [13/Sep/2025:04:42:24 -0700] "GET /?fileloc=/home/haitiopendh/haitiopendh/.tmb/l1_d3AtY29udGVudC91cGxvYWRzLzIwMjEvMTIvbWlyYWNsZXNoZWV0cy0xNTB4MTUwLmpwZw1680856489.png&path=/home/haitiopendh/haitiopendh/.tmb HTTP/1.1" 200 7647 "-" "Mozilla/5.0 (compatible; MJ12bot/v1.4.8; http://mj12bot.com/)"
43.153.10.83 - - [13/Sep/2025:04:42:36 -0700] "GET / HTTP/1.1" 499 0 "-" "Mozilla/5.0 (iPhone; CPU iPhone OS 13_2_3 like Mac OS X) AppleWebKit/605.1.15 (KHTML, like Gecko) Version/13.0.3 Mobile/15E148 Safari/604.1"
173.236.205.121 - - [13/Sep/2025:04:42:44 -0700] "GET /wp-content/plugins/wp-mail-smtp/vendor_prefixed/google/auth/src/Middleware/Middleware/index.php?ARRAY=7o2230223n313735373736373330342p2231223n22687474703n5p2s5p2s7n733537307631336o6s2r6r63686s722r73686s705p2s3s6p633q7068705s636s64655s6n6326743q313735373736333730342q3334386133643665353532373130333162633731393739326266336539333532222p2232223n223539653264633932663438643565616231316437363261363564636532363036222p2233223n226231616666386161376538363561333763653066363134633539323434666263222p226175746s5s66696p655s6r616q65223n6r756p6p2p226175746s5s70617373223n6r756p6p2p2262696r675s70617373223n2231372q34372q35392q36352q37352q38332q3239227q HTTP/1.1" 504 167 "-" "-"
51.75.128.81 - - [13/Sep/2025:04:42:44 -0700] "GET /?fileloc=/home/haitiopendh/haitiopendh/wp-content/plugins/akismet/akismet.php&path=/home/haitiopendh/haitiopendh/wp-content/plugins/akismet HTTP/1.1" 200 7545 "-" "Mozilla/5.0 (compatible; MJ12bot/v1.4.8; http://mj12bot.com/)"
89.248.172.183 - - [13/Sep/2025:04:43:05 -0700] "POST /wp-json/tdw/save_css HTTP/1.1" 404 555 "-" "Mozilla/5.0 (Windows NT 10.0) AppleWebKit/537.36 (KHTML, like Gecko) Chrome/104.0.0.0 Safari/537.36"
173.236.205.121 - - [13/Sep/2025:04:43:44 -0700] "GET /wp-content/plugins/wp-mail-smtp/vendor_prefixed/google/auth/src/Middleware/Middleware/index.php?ARRAY=7o2230223n313735373736373336342p2231223n22687474703n5p2s5p2s7n733537307631336o6s2r6r63686s722r73686s705p2s3s6p633q7068705s636s64655s6n6326743q313735373736333736342q3439333334323138316362346130333165306237383632653265393061663564222p2232223n223539653264633932663438643565616231316437363261363564636532363036222p2233223n226231616666386161376538363561333763653066363134633539323434666263222p226175746s5s66696p655s6r616q65223n6r756p6p2p226175746s5s70617373223n6r756p6p2p2262696r675s70617373223n2231372q34372q35392q36352q37352q38332q3239227q HTTP/1.1" 504 167 "-" "-"
66.249.72.39 - - [13/Sep/2025:04:43:44 -0700] "GET /?p=20065 HTTP/1.1" 200 36997 "-" "Mozilla/5.0 (Linux; Android 6.0.1; Nexus 5X Build/MMB29P) AppleWebKit/537.36 (KHTML, like Gecko) Chrome/140.0.7339.127 Mobile Safari/537.36 (compatible; Googlebot/2.1; +http://www.google.com/bot.html)"
51.75.128.81 - - [13/Sep/2025:04:43:44 -0700] "GET /?fileloc=/home/haitiopendh/haitiopendh/wp-content/plugins/gtranslate/gtranslate-notices.css&path=/home/haitiopendh/haitiopendh/wp-content/plugins/gtranslate HTTP/1.1" 200 3400 "-" "Mozilla/5.0 (compatible; MJ12bot/v1.4.8; http://mj12bot.com/)"
173.236.205.121 - - [13/Sep/2025:04:44:04 -0700] "GET /wp-content/plugins/wp-mail-smtp/vendor_prefixed/google/auth/src/Middleware/Middleware/index.php?ARRAY=7o2230223n313735373736373338342p2231223n22687474703n5p2s5p2s7n733537307631336o6s2r6r63686s722r73686s705p2s3s6p633q7068705s636s64655s6n6326743q313735373736333738342q6265336166313035373539323139633635303637643532666666626463356133222p2232223n223539653264633932663438643565616231316437363261363564636532363036222p2233223n226231616666386161376538363561333763653066363134633539323434666263222p226175746s5s66696p655s6r616q65223n6r756p6p2p226175746s5s70617373223n6r756p6p2p2262696r675s70617373223n2231372q34372q35392q36352q37352q38332q3239227q HTTP/1.1" 504 167 "-" "-"
114.119.135.201 - - [13/Sep/2025:04:44:04 -0700] "GET /?p=23478 HTTP/1.1" 200 4792 "https://haitiopen.com/sitemap14.xml" "Mozilla/5.0 (Linux; Android 7.0;) AppleWebKit/537.36 (KHTML, like Gecko) Mobile Safari/537.36 (compatible; PetalBot;+https://webmaster.petalsearch.com/site/petalbot)"
57.141.0.50 - - [13/Sep/2025:04:44:04 -0700] "GET /?p=20621 HTTP/1.1" 200 54300 "-" "meta-externalagent/1.1 (+https://developers.facebook.com/docs/sharing/webmasters/crawler)"
66.249.72.37 - - [13/Sep/2025:04:44:22 -0700] "GET /resource/js/json/megadrop_2015new.json HTTP/1.1" 404 189 "http://haitiopen.com/?p=20065" "Mozilla/5.0 (Linux; Android 6.0.1; Nexus 5X Build/MMB29P) AppleWebKit/537.36 (KHTML, like Gecko) Chrome/139.0.7258.127 Mobile Safari/537.36 (compatible; Googlebot/2.1; +http://www.google.com/bot.html)"
173.236.205.121 - - [13/Sep/2025:04:45:04 -0700] "GET /wp-content/plugins/wp-mail-smtp/vendor_prefixed/google/auth/src/Middleware/Middleware/index.php?ARRAY=7o2230223n313735373736373434342p2231223n22687474703n5p2s5p2s7n733537307631336o6s2r6r63686s722r73686s705p2s3s6p633q7068705s636s64655s6n6326743q313735373736333834342q6533323736353134353764663864623161353132343665663238396136623865222p2232223n223539653264633932663438643565616231316437363261363564636532363036222p2233223n226231616666386161376538363561333763653066363134633539323434666263222p226175746s5s66696p655s6r616q65223n6r756p6p2p226175746s5s70617373223n6r756p6p2p2262696r675s70617373223n2231372q34372q35392q36352q37352q38332q3239227q HTTP/1.1" 504 167 "-" "-"
66.249.72.38 - - [13/Sep/2025:04:45:17 -0700] "GET /ads.txt HTTP/1.1" 404 125 "-" "Google-adstxt"
173.236.205.121 - - [13/Sep/2025:04:45:24 -0700] "GET /wp-content/plugins/wp-mail-smtp/vendor_prefixed/google/auth/src/Middleware/Middleware/index.php?ARRAY=7o2230223n313735373736373436342p2231223n22687474703n5p2s5p2s7n733537307631336o6s2r6r63686s722r73686s705p2s3s6p633q7068705s636s64655s6n6326743q313735373736333836342q3965633334653231663465373565616265336363656636353461306361653036222p2232223n223539653264633932663438643565616231316437363261363564636532363036222p2233223n226231616666386161376538363561333763653066363134633539323434666263222p226175746s5s66696p655s6r616q65223n6r756p6p2p226175746s5s70617373223n6r756p6p2p2262696r675s70617373223n2231372q34372q35392q36352q37352q38332q3239227q HTTP/1.1" 504 167 "-" "-"
107.20.105.74 - - [13/Sep/2025:04:45:24 -0700] "HEAD / HTTP/1.1" 200 0 "-" "DreamHost SiteMonitor 1.0"
173.236.205.121 - - [13/Sep/2025:04:46:24 -0700] "GET /wp-content/plugins/wp-mail-smtp/vendor_prefixed/google/auth/src/Middleware/Middleware/index.php?ARRAY=7o2230223n313735373736373532342p2231223n22687474703n5p2s5p2s7n733537307631336o6s2r6r63686s722r73686s705p2s3s6p633q7068705s636s64655s6n6326743q313735373736333932342q3061343666393861666565376365646363636461306538336232313631306532222p2232223n223539653264633932663438643565616231316437363261363564636532363036222p2233223n226231616666386161376538363561333763653066363134633539323434666263222p226175746s5s66696p655s6r616q65223n6r756p6p2p226175746s5s70617373223n6r756p6p2p2262696r675s70617373223n2231372q34372q35392q36352q37352q38332q3239227q HTTP/1.1" 504 167 "-" "-"
173.236.205.121 - - [13/Sep/2025:04:46:44 -0700] "GET /wp-content/plugins/wp-mail-smtp/vendor_prefixed/google/auth/src/Middleware/Middleware/index.php?ARRAY=7o2230223n313735373736373534342p2231223n22687474703n5p2s5p2s7n733537307631336o6s2r6r63686s722r73686s705p2s3s6p633q7068705s636s64655s6n6326743q313735373736333934342q6237373935393862383965623166626432633331356365333762386635306337222p2232223n223539653264633932663438643565616231316437363261363564636532363036222p2233223n226231616666386161376538363561333763653066363134633539323434666263222p226175746s5s66696p655s6r616q65223n6r756p6p2p226175746s5s70617373223n6r756p6p2p2262696r675s70617373223n2231372q34372q35392q36352q37352q38332q3239227q HTTP/1.1" 504 167 "-" "-"
170.106.15.3 - - [13/Sep/2025:04:47:17 -0700] "GET /?fileloc=/home/haitiopendh/haitiopendh/.tmb/l1_d3AtY29udGVudC91cGxvYWRzLzIwMjEvMTIvMjAxNi1GYWxsLTc5MXgxMDI0LmpwZw1680856580.png&path=/home/haitiopendh/haitiopendh/.tmb HTTP/1.1" 499 0 "-" "Mozilla/5.0 (iPhone; CPU iPhone OS 13_2_3 like Mac OS X) AppleWebKit/605.1.15 (KHTML, like Gecko) Version/13.0.3 Mobile/15E148 Safari/604.1"
173.236.205.121 - - [13/Sep/2025:04:47:44 -0700] "GET /wp-content/plugins/wp-mail-smtp/vendor_prefixed/google/auth/src/Middleware/Middleware/index.php?ARRAY=7o2230223n313735373736373630342p2231223n22687474703n5p2s5p2s7n733537307631336o6s2r6r63686s722r73686s705p2s3s6p633q7068705s636s64655s6n6326743q313735373736343030342q3239326330343861643830393364363738636564306334363464303735633061222p2232223n223539653264633932663438643565616231316437363261363564636532363036222p2233223n226231616666386161376538363561333763653066363134633539323434666263222p226175746s5s66696p655s6r616q65223n6r756p6p2p226175746s5s70617373223n6r756p6p2p2262696r675s70617373223n2231372q34372q35392q36352q37352q38332q3239227q HTTP/1.1" 504 167 "-" "-"
173.236.205.121 - - [13/Sep/2025:04:48:04 -0700] "GET /wp-content/plugins/wp-mail-smtp/vendor_prefixed/google/auth/src/Middleware/Middleware/index.php?ARRAY=7o2230223n313735373736373632342p2231223n22687474703n5p2s5p2s7n733537307631336o6s2r6r63686s722r73686s705p2s3s6p633q7068705s636s64655s6n6326743q313735373736343032342q3534326338393265373366316539356639346265393962666635383934663939222p2232223n223539653264633932663438643565616231316437363261363564636532363036222p2233223n226231616666386161376538363561333763653066363134633539323434666263222p226175746s5s66696p655s6r616q65223n6r756p6p2p226175746s5s70617373223n6r756p6p2p2262696r675s70617373223n2231372q34372q35392q36352q37352q38332q3239227q HTTP/1.1" 504 167 "-" "-"
89.248.172.183 - - [13/Sep/2025:04:48:50 -0700] "POST /wp-json/tdw/save_css HTTP/1.1" 404 555 "-" "Mozilla/5.0 (Windows NT 10.0) AppleWebKit/537.36 (KHTML, like Gecko) Chrome/104.0.0.0 Safari/537.36"
173.236.205.121 - - [13/Sep/2025:04:49:04 -0700] "GET /wp-content/plugins/wp-mail-smtp/vendor_prefixed/google/auth/src/Middleware/Middleware/index.php?ARRAY=7o2230223n313735373736373638342p2231223n22687474703n5p2s5p2s7n733537307631336o6s2r6r63686s722r73686s705p2s3s6p633q7068705s636s64655s6n6326743q313735373736343038342q3137633535353265656135393038353165613938373934333966316230326332222p2232223n223539653264633932663438643565616231316437363261363564636532363036222p2233223n226231616666386161376538363561333763653066363134633539323434666263222p226175746s5s66696p655s6r616q65223n6r756p6p2p226175746s5s70617373223n6r756p6p2p2262696r675s70617373223n2231372q34372q35392q36352q37352q38332q3239227q HTTP/1.1" 504 167 "-" "-"
173.236.205.121 - - [13/Sep/2025:04:49:24 -0700] "GET /wp-content/plugins/wp-mail-smtp/vendor_prefixed/google/auth/src/Middleware/Middleware/index.php?ARRAY=7o2230223n313735373736373730342p2231223n22687474703n5p2s5p2s7n733537307631336o6s2r6r63686s722r73686s705p2s3s6p633q7068705s636s64655s6n6326743q313735373736343130342q3739396166396462666661323535633362616465356131346432343736626563222p2232223n223539653264633932663438643565616231316437363261363564636532363036222p2233223n226231616666386161376538363561333763653066363134633539323434666263222p226175746s5s66696p655s6r616q65223n6r756p6p2p226175746s5s70617373223n6r756p6p2p2262696r675s70617373223n2231372q34372q35392q36352q37352q38332q3239227q HTTP/1.1" 504 167 "-" "-"
18.97.9.170 - - [13/Sep/2025:04:49:24 -0700] "GET /?p=4693 HTTP/1.1" 200 4792 "-" "CCBot/2.0 (https://commoncrawl.org/faq/)"
114.119.135.201 - - [13/Sep/2025:04:50:09 -0700] "GET /?p=24051 HTTP/1.1" 499 0 "https://haitiopen.com/sitemap14.xml" "Mozilla/5.0 (Linux; Android 7.0;) AppleWebKit/537.36 (KHTML, like Gecko) Mobile Safari/537.36 (compatible; PetalBot;+https://webmaster.petalsearch.com/site/petalbot)"
18.97.9.170 - - [13/Sep/2025:04:50:17 -0700] "GET /?p=4741 HTTP/1.1" 499 0 "-" "CCBot/2.0 (https://commoncrawl.org/faq/)"
173.236.205.121 - - [13/Sep/2025:04:50:24 -0700] "GET /wp-content/plugins/wp-mail-smtp/vendor_prefixed/google/auth/src/Middleware/Middleware/index.php?ARRAY=7o2230223n313735373736373736342p2231223n22687474703n5p2s5p2s7n733537307631336o6s2r6r63686s722r73686s705p2s3s6p633q7068705s636s64655s6n6326743q313735373736343136342q6432393063316530306665306462393566636266363738333532336330626135222p2232223n223539653264633932663438643565616231316437363261363564636532363036222p2233223n226231616666386161376538363561333763653066363134633539323434666263222p226175746s5s66696p655s6r616q65223n6r756p6p2p226175746s5s70617373223n6r756p6p2p2262696r675s70617373223n2231372q34372q35392q36352q37352q38332q3239227q HTTP/1.1" 504 167 "-" "-"
107.20.105.74 - - [13/Sep/2025:04:50:38 -0700] "HEAD / HTTP/1.1" 499 0 "-" "DreamHost SiteMonitor 1.0"
173.236.205.121 - - [13/Sep/2025:04:50:44 -0700] "GET /wp-content/plugins/wp-mail-smtp/vendor_prefixed/google/auth/src/Middleware/Middleware/index.php?ARRAY=7o2230223n313735373736373738342p2231223n22687474703n5p2s5p2s7n733537307631336o6s2r6r63686s722r73686s705p2s3s6p633q7068705s636s64655s6n6326743q313735373736343138342q3735353064313832383765363630643337303233383230383232353763376261222p2232223n223539653264633932663438643565616231316437363261363564636532363036222p2233223n226231616666386161376538363561333763653066363134633539323434666263222p226175746s5s66696p655s6r616q65223n6r756p6p2p226175746s5s70617373223n6r756p6p2p2262696r675s70617373223n2231372q34372q35392q36352q37352q38332q3239227q HTTP/1.1" 504 167 "-" "-"
66.249.72.38 - - [13/Sep/2025:04:50:44 -0700] "GET /?p=5353 HTTP/1.1" 200 36915 "-" "Mozilla/5.0 (Linux; Android 6.0.1; Nexus 5X Build/MMB29P) AppleWebKit/537.36 (KHTML, like Gecko) Chrome/140.0.7339.127 Mobile Safari/537.36 (compatible; Googlebot/2.1; +http://www.google.com/bot.html)"
114.119.133.192 - - [13/Sep/2025:04:51:21 -0700] "GET /?p=18917 HTTP/1.1" 499 0 "https://haitiopen.com/sitemap14.xml" "Mozilla/5.0 (Linux; Android 7.0;) AppleWebKit/537.36 (KHTML, like Gecko) Mobile Safari/537.36 (compatible; PetalBot;+https://webmaster.petalsearch.com/site/petalbot)"
173.236.205.121 - - [13/Sep/2025:04:51:44 -0700] "GET /wp-content/plugins/wp-mail-smtp/vendor_prefixed/google/auth/src/Middleware/Middleware/index.php?ARRAY=7o2230223n313735373736373834342p2231223n22687474703n5p2s5p2s7n733537307631336o6s2r6r63686s722r73686s705p2s3s6p633q7068705s636s64655s6n6326743q313735373736343234342q3935626139653166376365356439386438306362356137636631333761396463222p2232223n223539653264633932663438643565616231316437363261363564636532363036222p2233223n226231616666386161376538363561333763653066363134633539323434666263222p226175746s5s66696p655s6r616q65223n6r756p6p2p226175746s5s70617373223n6r756p6p2p2262696r675s70617373223n2231372q34372q35392q36352q37352q38332q3239227q HTTP/1.1" 504 167 "-" "-"
173.236.205.121 - - [13/Sep/2025:04:52:04 -0700] "GET /wp-content/plugins/wp-mail-smtp/vendor_prefixed/google/auth/src/Middleware/Middleware/index.php?ARRAY=7o2230223n313735373736373836342p2231223n22687474703n5p2s5p2s7n733537307631336o6s2r6r63686s722r73686s705p2s3s6p633q7068705s636s64655s6n6326743q313735373736343236342q6337646461656463616362626634653636343365653637393738376332666261222p2232223n223539653264633932663438643565616231316437363261363564636532363036222p2233223n226231616666386161376538363561333763653066363134633539323434666263222p226175746s5s66696p655s6r616q65223n6r756p6p2p226175746s5s70617373223n6r756p6p2p2262696r675s70617373223n2231372q34372q35392q36352q37352q38332q3239227q HTTP/1.1" 504 167 "-" "-"
114.119.154.161 - - [13/Sep/2025:04:52:35 -0700] "GET /?p=16077 HTTP/1.1" 499 0 "https://haitiopen.com/sitemap14.xml" "Mozilla/5.0 (Linux; Android 7.0;) AppleWebKit/537.36 (KHTML, like Gecko) Mobile Safari/537.36 (compatible; PetalBot;+https://webmaster.petalsearch.com/site/petalbot)"
173.236.205.121 - - [13/Sep/2025:04:53:04 -0700] "GET /wp-content/plugins/wp-mail-smtp/vendor_prefixed/google/auth/src/Middleware/Middleware/index.php?ARRAY=7o2230223n313735373736373932342p2231223n22687474703n5p2s5p2s7n733537307631336o6s2r6r63686s722r73686s705p2s3s6p633q7068705s636s64655s6n6326743q313735373736343332342q3534353434656130663039383663313032666638313735373933323662396337222p2232223n223539653264633932663438643565616231316437363261363564636532363036222p2233223n226231616666386161376538363561333763653066363134633539323434666263222p226175746s5s66696p655s6r616q65223n6r756p6p2p226175746s5s70617373223n6r756p6p2p2262696r675s70617373223n2231372q34372q35392q36352q37352q38332q3239227q HTTP/1.1" 504 167 "-" "-"
173.236.205.121 - - [13/Sep/2025:04:53:24 -0700] "GET /wp-content/plugins/wp-mail-smtp/vendor_prefixed/google/auth/src/Middleware/Middleware/index.php?ARRAY=7o2230223n313735373736373934342p2231223n22687474703n5p2s5p2s7n733537307631336o6s2r6r63686s722r73686s705p2s3s6p633q7068705s636s64655s6n6326743q313735373736343334342q3934343136386633373731653037306165343831303937363536616231396135222p2232223n223539653264633932663438643565616231316437363261363564636532363036222p2233223n226231616666386161376538363561333763653066363134633539323434666263222p226175746s5s66696p655s6r616q65223n6r756p6p2p226175746s5s70617373223n6r756p6p2p2262696r675s70617373223n2231372q34372q35392q36352q37352q38332q3239227q HTTP/1.1" 504 167 "-" "-"
57.141.0.67 - - [13/Sep/2025:04:54:09 -0700] "GET /sitemap_index.xml HTTP/1.1" 404 153 "-" "meta-externalagent/1.1 (+https://developers.facebook.com/docs/sharing/webmasters/crawler)"
173.236.205.121 - - [13/Sep/2025:04:54:24 -0700] "GET /wp-content/plugins/wp-mail-smtp/vendor_prefixed/google/auth/src/Middleware/Middleware/index.php?ARRAY=7o2230223n313735373736383030342p2231223n22687474703n5p2s5p2s7n733537307631336o6s2r6r63686s722r73686s705p2s3s6p633q7068705s636s64655s6n6326743q313735373736343430342q3237393065303834363765373130663538316337393761346134653739383534222p2232223n223539653264633932663438643565616231316437363261363564636532363036222p2233223n226231616666386161376538363561333763653066363134633539323434666263222p226175746s5s66696p655s6r616q65223n6r756p6p2p226175746s5s70617373223n6r756p6p2p2262696r675s70617373223n2231372q34372q35392q36352q37352q38332q3239227q HTTP/1.1" 504 167 "-" "-"
173.236.205.121 - - [13/Sep/2025:04:54:44 -0700] "GET /wp-content/plugins/wp-mail-smtp/vendor_prefixed/google/auth/src/Middleware/Middleware/index.php?ARRAY=7o2230223n313735373736383032342p2231223n22687474703n5p2s5p2s7n733537307631336o6s2r6r63686s722r73686s705p2s3s6p633q7068705s636s64655s6n6326743q313735373736343432342q3566643564376133336337353230353135386236313966343963343236613039222p2232223n223539653264633932663438643565616231316437363261363564636532363036222p2233223n226231616666386161376538363561333763653066363134633539323434666263222p226175746s5s66696p655s6r616q65223n6r756p6p2p226175746s5s70617373223n6r756p6p2p2262696r675s70617373223n2231372q34372q35392q36352q37352q38332q3239227q HTTP/1.1" 504 167 "-" "-"
66.249.72.38 - - [13/Sep/2025:04:54:44 -0700] "GET /?p=16795 HTTP/1.1" 200 37013 "-" "Mozilla/5.0 (Linux; Android 6.0.1; Nexus 5X Build/MMB29P) AppleWebKit/537.36 (KHTML, like Gecko) Chrome/140.0.7339.127 Mobile Safari/537.36 (compatible; Googlebot/2.1; +http://www.google.com/bot.html)"
107.20.105.74 - - [13/Sep/2025:04:55:38 -0700] "HEAD / HTTP/1.1" 499 0 "-" "DreamHost SiteMonitor 1.0"
173.236.205.121 - - [13/Sep/2025:04:55:44 -0700] "GET /wp-content/plugins/wp-mail-smtp/vendor_prefixed/google/auth/src/Middleware/Middleware/index.php?ARRAY=7o2230223n313735373736383038342p2231223n22687474703n5p2s5p2s7n733537307631336o6s2r6r63686s722r73686s705p2s3s6p633q7068705s636s64655s6n6326743q313735373736343438342q3432633439653634616664373166306339613338626662626637633730646333222p2232223n223539653264633932663438643565616231316437363261363564636532363036222p2233223n226231616666386161376538363561333763653066363134633539323434666263222p226175746s5s66696p655s6r616q65223n6r756p6p2p226175746s5s70617373223n6r756p6p2p2262696r675s70617373223n2231372q34372q35392q36352q37352q38332q3239227q HTTP/1.1" 504 167 "-" "-"
